{"text_format":"1","workbook":"xlsx","n_sheets":5,"sheets":["Inputs","Report","Data","Constants","Version Control"],"not_rendered":{"charts":0,"images":0,"macros":1,"external_links":1,"defined_names":89,"comments":0,"pivot_tables":0},"unopened":[],"bounds":{"document_bytes":16777216,"sheet_cells":100000,"rows_first":2000,"rows_last":500,"rows_between":2000,"halvings":0,"cell_chars":16384,"cell_head_chars":4096},"cells_cut":0,"cells_raw":0,"read":"whole","date_system":"1900"}

{"sheet":"Inputs","index":0,"n_rows":50,"n_cols":8,"rows_kept":50,"cut":false,"hidden":false,"merged":[]}
[null,"BSUoS Report:"]
[]
[null,"Input Dates","Date"]
[null,"Report Date","2018-08-09"]
[null,"Input Data From","2018-07-09"]
[null,"Input Data To","2018-08-12"]
[]
[null,"Step","Macro","Complete?"]
[null,"Set-up spreadsheet",null,"Y"]
[null,"Import Demand Data",null,"Y"]
[null,"Import Cost Data",null,"Y"]
[null,"Export Report",null,"N"]
[null,"Save & close",null,"N"]
[]
[null,"Date","Initial\nForecast","-"]
[null,{"$f":"Input_Data_To","v":"2018-08-12"},{"$f":"(VLOOKUP(B16,Data!A$2:E$2863,4,))/2","v":2.5622244848269875}]
[null,{"$f":"IF(B16-1<Input_Data_From,\"\",B16-1)","v":"2018-08-11"},{"$f":"(VLOOKUP(B17,Data!A$2:E$2863,4,))/2","v":2.5126842215545913}]
[null,"2018-08-10",{"$f":"(VLOOKUP(B18,Data!A$2:E$2863,4,))/2","v":2.282615371287871},null,null,null,null," "]
[null,"2018-08-09",{"$f":"(VLOOKUP(B19,Data!A$2:E$2863,4,))/2","v":2.1563700282843903}]
[null,"2018-08-08",{"$f":"(VLOOKUP(B20,Data!A$2:E$2863,4,))/2","v":0.98844677420432825}]
[null,"2018-08-07",{"$f":"(VLOOKUP(B21,Data!A$2:E$2863,4,))/2","v":1.2258914376791086}]
[null,"2018-08-06",{"$f":"(VLOOKUP(B22,Data!A$2:E$2863,4,))/2","v":1.0214469464676814}]
[null,"2018-08-05",{"$f":"(VLOOKUP(B23,Data!A$2:E$2863,4,))/2","v":1.2523040664053247}]
[null,"2018-08-04",{"$f":"(VLOOKUP(B24,Data!A$2:E$2863,4,))/2","v":1.3336327778406745}]
[null,"2018-08-03",{"$f":"(VLOOKUP(B25,Data!A$2:E$2863,4,))/2","v":1.0242450093814259}]
[null,"2018-08-02",{"$f":"(VLOOKUP(B26,Data!A$2:E$2863,4,))/2","v":1.9566136804234908}]
[null,"2018-08-01",{"$f":"(VLOOKUP(B27,Data!A$2:E$2863,4,))/2","v":3.4388890725817589}]
[null,"2018-07-31",{"$f":"(VLOOKUP(B28,Data!A$2:E$2863,4,))/2","v":4.7429588111441516}]
[null,"2018-07-30",{"$f":"(VLOOKUP(B29,Data!A$2:E$2863,4,))/2","v":2.3202548493985566}]
[null,"2018-07-29",{"$f":"(VLOOKUP(B30,Data!A$2:E$2863,4,))/2","v":8.2243322034134909}]
[null,"2018-07-28",{"$f":"(VLOOKUP(B31,Data!A$2:E$2863,4,))/2","v":9.3028923341035465}]
[null,"2018-07-27",{"$f":"(VLOOKUP(B32,Data!A$2:E$2863,4,))/2","v":1.5518587913629664}]
[null,"2018-07-26",{"$f":"(VLOOKUP(B33,Data!A$2:E$2863,4,))/2","v":2.1558807844243035}]
[null,"2018-07-25",{"$f":"(VLOOKUP(B34,Data!A$2:E$2863,4,))/2","v":0.86828508210512678}]
[null,"2018-07-24",{"$f":"(VLOOKUP(B35,Data!A$2:E$2863,4,))/2","v":0.76010669295208266}]
[null,"2018-07-23",{"$f":"(VLOOKUP(B36,Data!A$2:E$2863,4,))/2","v":1.3008895928197086}]
[null,"2018-07-22",{"$f":"(VLOOKUP(B37,Data!A$2:E$2863,4,))/2","v":1.5789267843313592}]
[null,"2018-07-21",{"$f":"(VLOOKUP(B38,Data!A$2:E$2863,4,))/2","v":1.1209389651146537}]
[null,"2018-07-20",{"$f":"(VLOOKUP(B39,Data!A$2:E$2863,4,))/2","v":0.85039232197816539}]
[null,"2018-07-19",{"$f":"(VLOOKUP(B40,Data!A$2:E$2863,4,))/2","v":0.94216341985697616}]
[null,"2018-07-18",{"$f":"(VLOOKUP(B41,Data!A$2:E$2863,4,))/2","v":0.97985868381710772}]
[null,"2018-07-17",{"$f":"(VLOOKUP(B42,Data!A$2:E$2863,4,))/2","v":1.469640868816328}]
[null,"2018-07-16",{"$f":"(VLOOKUP(B43,Data!A$2:E$2863,4,))/2","v":1.5067432604772188}]
[null,"2018-07-15",{"$f":"(VLOOKUP(B44,Data!A$2:E$2863,4,))/2","v":2.313630152204226}]
[null,"2018-07-14",{"$f":"(VLOOKUP(B45,Data!A$2:E$2863,4,))/2","v":1.5966599033147786}]
[null,"2018-07-13",{"$f":"(VLOOKUP(B46,Data!A$2:E$2863,4,))/2","v":1.4115506761139507}]
[null,"2018-07-12",{"$f":"(VLOOKUP(B47,Data!A$2:E$2863,4,))/2","v":1.0851103358237566}]
[null,"2018-07-11",{"$f":"(VLOOKUP(B48,Data!A$2:E$2863,4,))/2","v":0.91177250422892897}]
[null,"2018-07-10",{"$f":"(VLOOKUP(B49,Data!A$2:E$2863,4,))/2","v":1.3123398550686047}]
[null,"2018-07-09",{"$f":"(VLOOKUP(B50,Data!A$2:E$2863,4,))/2","v":1.2413786322514673}]

{"sheet":"Report","index":1,"n_rows":52,"n_cols":6,"rows_kept":52,"cut":false,"hidden":false,"merged":[[51,1,51,5],[8,1,8,5],[47,2,47,4],[48,2,48,4]]}
[]
[null,"Daily BSUoS Forecast",null,null,null,"nationalgrid"]
[]
[]
[]
[null,null,null,null,null,{"$f":"Report_Date","v":"2018-08-09"}]
[]
[]
[null,"This report contains National Grid's day-ahead forecasts of per-MWh BSUoS costs (Balancing Services Use of System, as defined in the CUSC). A forecast at monthly resolution reaching to the end of the current financial year can be found in the MBSS (Monthly Balancing Services Statement). Model adjusted 23/08/17."]
[]
[null,"Date","Initial\nForecast"]
[null,{"$f":"Input_Data_To","v":"2018-08-12"},{"$f":"(VLOOKUP(B12,Data!A$2:E$2863,4,))/2","v":2.5622244848269875}]
[null,{"$f":"IF(B12-1<Input_Data_From,\"\",B12-1)","v":"2018-08-11"},{"$f":"(VLOOKUP(B13,Data!A$2:E$2863,4,))/2","v":2.5126842215545913}]
[null,"2018-08-10",{"$f":"(VLOOKUP(B14,Data!A$2:E$2863,4,))/2","v":2.282615371287871}]
[null,"2018-08-09",{"$f":"(VLOOKUP(B15,Data!A$2:E$2863,4,))/2","v":2.1563700282843903}]
[null,"2018-08-08",{"$f":"(VLOOKUP(B16,Data!A$2:E$2863,4,))/2","v":0.98844677420432825}]
[null,"2018-08-07",{"$f":"(VLOOKUP(B17,Data!A$2:E$2863,4,))/2","v":1.2258914376791086}]
[null,"2018-08-06",{"$f":"(VLOOKUP(B18,Data!A$2:E$2863,4,))/2","v":1.0214469464676814}]
[null,"2018-08-05",{"$f":"(VLOOKUP(B19,Data!A$2:E$2863,4,))/2","v":1.2523040664053247}]
[null,"2018-08-04",{"$f":"(VLOOKUP(B20,Data!A$2:E$2863,4,))/2","v":1.3336327778406745}]
[null,"2018-08-03",{"$f":"(VLOOKUP(B21,Data!A$2:E$2863,4,))/2","v":1.0242450093814259}]
[null,"2018-08-02",{"$f":"(VLOOKUP(B22,Data!A$2:E$2863,4,))/2","v":1.9566136804234908}]
[null,"2018-08-01",{"$f":"(VLOOKUP(B23,Data!A$2:E$2863,4,))/2","v":3.4388890725817589}]
[null,"2018-07-31",{"$f":"(VLOOKUP(B24,Data!A$2:E$2863,4,))/2","v":4.7429588111441516}]
[null,"2018-07-30",{"$f":"(VLOOKUP(B25,Data!A$2:E$2863,4,))/2","v":2.3202548493985566}]
[null,"2018-07-29",{"$f":"(VLOOKUP(B26,Data!A$2:E$2863,4,))/2","v":8.2243322034134909}]
[null,"2018-07-28",{"$f":"(VLOOKUP(B27,Data!A$2:E$2863,4,))/2","v":9.3028923341035465}]
[null,"2018-07-27",{"$f":"(VLOOKUP(B28,Data!A$2:E$2863,4,))/2","v":1.5518587913629664}]
[null,"2018-07-26",{"$f":"(VLOOKUP(B29,Data!A$2:E$2863,4,))/2","v":2.1558807844243035}]
[null,"2018-07-25",{"$f":"(VLOOKUP(B30,Data!A$2:E$2863,4,))/2","v":0.86828508210512678}]
[null,"2018-07-24",{"$f":"(VLOOKUP(B31,Data!A$2:E$2863,4,))/2","v":0.76010669295208266}]
[null,"2018-07-23",{"$f":"(VLOOKUP(B32,Data!A$2:E$2863,4,))/2","v":1.3008895928197086}]
[null,"2018-07-22",{"$f":"(VLOOKUP(B33,Data!A$2:E$2863,4,))/2","v":1.5789267843313592}]
[null,"2018-07-21",{"$f":"(VLOOKUP(B34,Data!A$2:E$2863,4,))/2","v":1.1209389651146537}]
[null,"2018-07-20",{"$f":"(VLOOKUP(B35,Data!A$2:E$2863,4,))/2","v":0.85039232197816539}]
[null,"2018-07-19",{"$f":"(VLOOKUP(B36,Data!A$2:E$2863,4,))/2","v":0.94216341985697616}]
[null,"2018-07-18",{"$f":"(VLOOKUP(B37,Data!A$2:E$2863,4,))/2","v":0.97985868381710772}]
[null,"2018-07-17",{"$f":"(VLOOKUP(B38,Data!A$2:E$2863,4,))/2","v":1.469640868816328}]
[null,"2018-07-16",{"$f":"(VLOOKUP(B39,Data!A$2:E$2863,4,))/2","v":1.5067432604772188}]
[null,"2018-07-15",{"$f":"(VLOOKUP(B40,Data!A$2:E$2863,4,))/2","v":2.313630152204226}]
[null,"2018-07-14",{"$f":"(VLOOKUP(B41,Data!A$2:E$2863,4,))/2","v":1.5966599033147786}]
[null,"2018-07-13",{"$f":"(VLOOKUP(B42,Data!A$2:E$2863,4,))/2","v":1.4115506761139507}]
[null,"2018-07-12",{"$f":"(VLOOKUP(B43,Data!A$2:E$2863,4,))/2","v":1.0851103358237566}]
[null,"2018-07-11",{"$f":"(VLOOKUP(B44,Data!A$2:E$2863,4,))/2","v":0.91177250422892897}]
[null,"2018-07-10",{"$f":"(VLOOKUP(B45,Data!A$2:E$2863,4,))/2","v":1.3123398550686047}]
[null,"2018-07-09",{"$f":"(VLOOKUP(B46,Data!A$2:E$2863,4,))/2","v":1.2413786322514673}]
[]
[null,"CUSC","Indicative Outturn can now be found on the website under:"]
[null,"MBSS","Daily Balancing Costs (BSUoS)"]
[]
[null,"Disclaimer"]
[null,"This forecast is published without prejudice and whilst every effort has been made to ensure the accuracy of the information, it is subject to several estimations and forecasts and may not bear relation to either the indicative or actual tariffs National Grid will publish at later dates."]

{"sheet":"Data","index":2,"n_rows":1283,"n_cols":4,"rows_kept":1283,"cut":false,"hidden":false,"merged":[]}
["BSUoS data:","Forecast Demand","IBC","Forecast BSUoS"]
["2015-04-01",858337.75,{"$error":"#N/A"},{"$f":"C2*1000000/B2","v":{"$error":"#N/A"}}]
["2015-04-02",881968.41666666663,{"$error":"#N/A"},{"$f":"C3*1000000/B3","v":{"$error":"#N/A"}}]
["2015-04-03",781351.41666666663,{"$error":"#N/A"},{"$error":"#N/A"}]
["2015-04-04",735119.58333333337,{"$error":"#N/A"},{"$error":"#N/A"}]
["2015-04-05",710810.25,{"$error":"#N/A"},{"$error":"#N/A"}]
["2015-04-06",728617.66666666663,{"$error":"#N/A"},{"$error":"#N/A"}]
["2015-04-07",834689.58333333337,{"$error":"#N/A"},{"$error":"#N/A"}]
["2015-04-08",847339.16666666663,{"$error":"#N/A"},{"$error":"#N/A"}]
["2015-04-09",852126.83333333337,{"$error":"#N/A"},{"$error":"#N/A"}]
["2015-04-10",838750.25,{"$error":"#N/A"},{"$error":"#N/A"}]
["2015-04-11",735119.58333333337,{"$error":"#N/A"},{"$error":"#N/A"}]
["2015-04-12",710810.25,{"$error":"#N/A"},{"$error":"#N/A"}]
["2015-04-13",728617.66666666663,{"$error":"#N/A"},{"$error":"#N/A"}]
["2015-04-14",834689.58333333337,{"$error":"#N/A"},{"$error":"#N/A"}]
["2015-04-15",847339.16666666663,{"$error":"#N/A"},{"$error":"#N/A"}]
["2015-04-16",852126.83333333337,{"$error":"#N/A"},{"$error":"#N/A"}]
["2015-04-17",838750.25,{"$error":"#N/A"},{"$error":"#N/A"}]
["2015-04-18",735119.58333333337,{"$error":"#N/A"},{"$error":"#N/A"}]
["2015-04-19",710810.25,{"$error":"#N/A"},{"$error":"#N/A"}]
["2015-04-20",808452.25,{"$error":"#N/A"},{"$error":"#N/A"}]
["2015-04-21",815808.25,{"$error":"#N/A"},{"$error":"#N/A"}]
["2015-04-22",817100.58333333337,{"$error":"#N/A"},{"$error":"#N/A"}]
["2015-04-23",815186.91666666663,{"$error":"#N/A"},{"$error":"#N/A"}]
["2015-04-24",798538.58333333337,{"$error":"#N/A"},{"$error":"#N/A"}]
["2015-04-25",708715,{"$error":"#N/A"},{"$error":"#N/A"}]
["2015-04-26",684561.58333333337,{"$error":"#N/A"},{"$error":"#N/A"}]
["2015-04-27",807037.33333333337,{"$error":"#N/A"},{"$error":"#N/A"}]
["2015-04-28",814777.75,{"$error":"#N/A"},{"$error":"#N/A"}]
["2015-04-29",790886.83333333337,{"$error":"#N/A"},{"$error":"#N/A"}]
["2015-04-30",769569.91666666663,{"$error":"#N/A"},{"$error":"#N/A"}]
["2015-05-01",767444.58333333337,{"$error":"#N/A"},{"$error":"#N/A"}]
["2015-05-02",688544.66666666663,{"$error":"#N/A"},{"$error":"#N/A"}]
["2015-05-03",650859.5,{"$error":"#N/A"},{"$error":"#N/A"}]
["2015-05-04",681252.58333333337,{"$error":"#N/A"},{"$error":"#N/A"}]
["2015-05-05",730812.66666666663,{"$error":"#N/A"},{"$error":"#N/A"}]
["2015-05-06",743468.41666666663,{"$error":"#N/A"},{"$error":"#N/A"}]
["2015-05-07",752812.08333333337,{"$error":"#N/A"},{"$error":"#N/A"}]
["2015-05-08",756564,{"$error":"#N/A"},{"$error":"#N/A"}]
["2015-05-09",655351.66666666663,{"$error":"#N/A"},{"$error":"#N/A"}]
["2015-05-10",652669.41666666663,{"$error":"#N/A"},{"$error":"#N/A"}]
["2015-05-11",697038.91666666663,{"$error":"#N/A"},{"$error":"#N/A"}]
["2015-05-12",756742.83333333337,{"$error":"#N/A"},{"$error":"#N/A"}]
["2015-05-13",736731.33333333337,{"$error":"#N/A"},{"$error":"#N/A"}]
["2015-05-14",788620,{"$error":"#N/A"},{"$error":"#N/A"}]
["2015-05-15",773853.16666666663,{"$error":"#N/A"},{"$error":"#N/A"}]
["2015-05-16",657653.25,{"$error":"#N/A"},{"$error":"#N/A"}]
["2015-05-17",652669.41666666663,{"$error":"#N/A"},{"$error":"#N/A"}]
["2015-05-18",697038.91666666663,{"$error":"#N/A"},{"$error":"#N/A"}]
["2015-05-19",755558.08333333337,{"$error":"#N/A"},{"$error":"#N/A"}]
["2015-05-20",744412.91666666663,{"$error":"#N/A"},{"$error":"#N/A"}]
["2015-05-21",739555.25,{"$error":"#N/A"},{"$error":"#N/A"}]
["2015-05-22",733356.91666666663,{"$error":"#N/A"},{"$error":"#N/A"}]
["2015-05-23",643995.66666666663,{"$error":"#N/A"},{"$error":"#N/A"}]
["2015-05-24",616505.75,{"$error":"#N/A"},{"$error":"#N/A"}]
["2015-05-25",697038.91666666663,{"$error":"#N/A"},{"$error":"#N/A"}]
["2015-05-26",755558.08333333337,{"$error":"#N/A"},{"$error":"#N/A"}]
["2015-05-27",744412.91666666663,{"$error":"#N/A"},{"$error":"#N/A"}]
["2015-05-28",730423.25,{"$error":"#N/A"},{"$error":"#N/A"}]
["2015-05-29",728557,{"$error":"#N/A"},{"$error":"#N/A"}]
["2015-05-30",630243.66666666663,{"$error":"#N/A"},{"$error":"#N/A"}]
["2015-05-31",614851.91666666663,{"$error":"#N/A"},{"$error":"#N/A"}]
["2015-06-01",722729.66666666663,{"$error":"#N/A"},{"$error":"#N/A"}]
["2015-06-02",700237.91666666663,{"$error":"#N/A"},{"$error":"#N/A"}]
["2015-06-03",705702,{"$error":"#N/A"},{"$error":"#N/A"}]
["2015-06-04",722844.58333333337,{"$error":"#N/A"},{"$error":"#N/A"}]
["2015-06-05",713511.41666666663,{"$error":"#N/A"},{"$f":"C67*1000000/B67","v":{"$error":"#N/A"}}]
["2015-06-06",580039.33333333337,{"$error":"#N/A"},{"$error":"#N/A"}]
["2015-06-07",593085.75,{"$error":"#N/A"},{"$error":"#N/A"}]
["2015-06-08",710402.25,{"$error":"#N/A"},{"$error":"#N/A"}]
["2015-06-09",727229.08333333337,{"$error":"#N/A"},{"$error":"#N/A"}]
["2015-06-10",713614.41666666663,{"$error":"#N/A"},{"$error":"#N/A"}]
["2015-06-11",707135.58333333337,{"$error":"#N/A"},{"$error":"#N/A"}]
["2015-06-12",716208,{"$error":"#N/A"},{"$error":"#N/A"}]
["2015-06-13",645161,{"$error":"#N/A"},{"$error":"#N/A"}]
["2015-06-14",633437.25,{"$error":"#N/A"},{"$error":"#N/A"}]
["2015-06-15",741983.16666666663,{"$error":"#N/A"},{"$error":"#N/A"}]
["2015-06-16",726455.33333333337,{"$error":"#N/A"},{"$error":"#N/A"}]
["2015-06-17",715291.33333333337,{"$error":"#N/A"},{"$error":"#N/A"}]
["2015-06-18",689181.33333333337,{"$error":"#N/A"},{"$error":"#N/A"}]
["2015-06-19",701545.91666666663,{"$error":"#N/A"},{"$error":"#N/A"}]
["2015-06-20",648475.66666666663,{"$error":"#N/A"},{"$error":"#N/A"}]
["2015-06-21",603866,{"$error":"#N/A"},{"$error":"#N/A"}]
["2015-06-22",739485.66666666663,{"$error":"#N/A"},{"$error":"#N/A"}]
["2015-06-23",714839.08333333337,{"$error":"#N/A"},{"$error":"#N/A"}]
["2015-06-24",721495.58333333337,{"$error":"#N/A"},{"$error":"#N/A"}]
["2015-06-25",728107,{"$error":"#N/A"},{"$error":"#N/A"}]
["2015-06-26",708707.83333333337,{"$error":"#N/A"},{"$error":"#N/A"}]
["2015-06-27",601643.91666666663,{"$error":"#N/A"},{"$error":"#N/A"}]
["2015-06-28",605025.58333333337,{"$error":"#N/A"},{"$error":"#N/A"}]
["2015-06-29",715083.41666666663,{"$error":"#N/A"},{"$error":"#N/A"}]
["2015-06-30",709666.16666666663,{"$error":"#N/A"},{"$error":"#N/A"}]
["2015-07-01",738738.75,{"$error":"#N/A"},{"$error":"#N/A"}]
["2015-07-02",757026.58333333337,{"$error":"#N/A"},{"$error":"#N/A"}]
["2015-07-03",704159.33333333337,{"$error":"#N/A"},{"$error":"#N/A"}]
["2015-07-04",613587.16666666663,{"$error":"#N/A"},{"$error":"#N/A"}]
["2015-07-05",611355.83333333337,{"$error":"#N/A"},{"$error":"#N/A"}]
["2015-07-06",719396.33333333337,{"$error":"#N/A"},{"$error":"#N/A"}]
["2015-07-07",711307.41666666698,{"$error":"#N/A"},{"$error":"#N/A"}]
["2015-07-08",709731.58333333337,{"$error":"#N/A"},{"$error":"#N/A"}]
["2015-07-09",698124.08333333337,{"$error":"#N/A"},{"$error":"#N/A"}]
["2015-07-10",683574.58333333302,{"$error":"#N/A"},{"$error":"#N/A"}]
["2015-07-11",603178.33333333302,{"$error":"#N/A"},{"$error":"#N/A"}]
["2015-07-12",600729.25,{"$error":"#N/A"},{"$error":"#N/A"}]
["2015-07-13",729459.5,{"$error":"#N/A"},{"$error":"#N/A"}]
["2015-07-14",746311.91666666663,{"$error":"#N/A"},{"$error":"#N/A"}]
["2015-07-15",711305.66666666663,{"$error":"#N/A"},{"$error":"#N/A"}]
["2015-07-16",714776.58333333337,{"$error":"#N/A"},{"$error":"#N/A"}]
["2015-07-17",671484.66666666663,{"$error":"#N/A"},{"$error":"#N/A"}]
["2015-07-18",576869.91666666663,{"$error":"#N/A"},{"$error":"#N/A"}]
["2015-07-19",615952.58333333337,{"$error":"#N/A"},{"$error":"#N/A"}]
["2015-07-20",713991.91666666663,{"$error":"#N/A"},{"$error":"#N/A"}]
["2015-07-21",689583.25,{"$error":"#N/A"},{"$error":"#N/A"}]
["2015-07-22",708531.75,{"$error":"#N/A"},{"$error":"#N/A"}]
["2015-07-23",699633.5,{"$error":"#N/A"},{"$error":"#N/A"}]
["2015-07-24",740602.25,{"$error":"#N/A"},{"$error":"#N/A"}]
["2015-07-25",590932.91666666663,{"$error":"#N/A"},{"$error":"#N/A"}]
["2015-07-26",623904.41666666663,{"$error":"#N/A"},{"$error":"#N/A"}]
["2015-07-27",690432.41666666663,{"$error":"#N/A"},{"$error":"#N/A"}]
["2015-07-28",697373.66666666663,{"$error":"#N/A"},{"$error":"#N/A"}]
["2015-07-29",716456.91666666663,{"$error":"#N/A"},{"$error":"#N/A"}]
["2015-07-30",696664.08333333337,{"$error":"#N/A"},{"$error":"#N/A"}]
["2015-07-31",672210.5,{"$error":"#N/A"},{"$error":"#N/A"}]
["2015-08-01",602805.83333333337,{"$error":"#N/A"},{"$error":"#N/A"}]
["2015-08-02",592648.08333333337,{"$error":"#N/A"},{"$error":"#N/A"}]
["2015-08-03",671375.16666666663,{"$error":"#N/A"},{"$error":"#N/A"}]
["2015-08-04",667747.83333333337,{"$error":"#N/A"},{"$error":"#N/A"}]
["2015-08-05",698828.91666666663,{"$error":"#N/A"},{"$error":"#N/A"}]
["2015-08-06",689826.66666666663,{"$error":"#N/A"},{"$error":"#N/A"}]
["2015-08-07",678920.41666666663,{"$error":"#N/A"},{"$error":"#N/A"}]
["2015-08-08",578867.58333333337,{"$error":"#N/A"},{"$f":"C131*1000000/B131","v":{"$error":"#N/A"}}]
["2015-08-09",591873.91666666663,{"$error":"#N/A"},{"$error":"#N/A"}]
["2015-08-10",706068,{"$error":"#N/A"},{"$error":"#N/A"}]
["2015-08-11",703866.25,{"$error":"#N/A"},{"$error":"#N/A"}]
["2015-08-12",700114.58333333291,{"$error":"#N/A"},{"$error":"#N/A"}]
["2015-08-13",729985.5,{"$error":"#N/A"},{"$error":"#N/A"}]
["2015-08-14",721262.41666666698,{"$error":"#N/A"},{"$error":"#N/A"}]
["2015-08-15",611413.16666666698,{"$error":"#N/A"},{"$error":"#N/A"}]
["2015-08-16",611912.41666666698,{"$error":"#N/A"},{"$error":"#N/A"}]
["2015-08-17",719685.16666666663,{"$error":"#N/A"},{"$error":"#N/A"}]
["2015-08-18",728608.91666666663,{"$error":"#N/A"},{"$error":"#N/A"}]
["2015-08-19",726550.16666666663,{"$error":"#N/A"},{"$error":"#N/A"}]
["2015-08-20",711995.33333333337,{"$error":"#N/A"},{"$error":"#N/A"}]
["2015-08-21",706353.41666666663,{"$error":"#N/A"},{"$error":"#N/A"}]
["2015-08-22",629162.58333333337,{"$error":"#N/A"},{"$error":"#N/A"}]
["2015-08-23",607513.33333333337,{"$error":"#N/A"},{"$error":"#N/A"}]
["2015-08-24",721010.66666666663,{"$error":"#N/A"},{"$error":"#N/A"}]
["2015-08-25",733229.83333333337,{"$error":"#N/A"},{"$error":"#N/A"}]
["2015-08-26",739110.58333333337,{"$error":"#N/A"},{"$error":"#N/A"}]
["2015-08-27",732981.41666666663,{"$error":"#N/A"},{"$error":"#N/A"}]
["2015-08-28",721352.75,{"$error":"#N/A"},{"$error":"#N/A"}]
["2015-08-29",633843.25,{"$error":"#N/A"},{"$error":"#N/A"}]
["2015-08-30",603682.58333333337,{"$error":"#N/A"},{"$error":"#N/A"}]
["2015-08-31",646080.58333333337,{"$error":"#N/A"},{"$error":"#N/A"}]
["2015-09-01",710342.08333333337,{"$error":"#N/A"},{"$error":"#N/A"}]
["2015-09-02",728624.41666666663,{"$error":"#N/A"},{"$error":"#N/A"}]
["2015-09-03",736380.33333333337,{"$error":"#N/A"},{"$error":"#N/A"}]
["2015-09-04",726801.08333333337,{"$error":"#N/A"},{"$error":"#N/A"}]
["2015-09-05",628317.91666666663,{"$error":"#N/A"},{"$error":"#N/A"}]
["2015-09-06",609093.83333333337,{"$error":"#N/A"},{"$error":"#N/A"}]
["2015-09-07",749788.58333333337,{"$error":"#N/A"},{"$error":"#N/A"}]
["2015-09-08",774964.25,{"$error":"#N/A"},{"$error":"#N/A"}]
["2015-09-09",757616.91666666663,{"$error":"#N/A"},{"$error":"#N/A"}]
["2015-09-10",722774.41666666663,{"$error":"#N/A"},{"$error":"#N/A"}]
["2015-09-11",706414.91666666663,{"$error":"#N/A"},{"$error":"#N/A"}]
["2015-09-12",633111.75,{"$error":"#N/A"},{"$error":"#N/A"}]
["2015-09-13",646094.83333333337,{"$error":"#N/A"},{"$error":"#N/A"}]
["2015-09-14",761774.58333333337,{"$error":"#N/A"},{"$error":"#N/A"}]
["2015-09-15",764784,{"$error":"#N/A"},{"$error":"#N/A"}]
["2015-09-16",778857.41666666663,{"$error":"#N/A"},{"$error":"#N/A"}]
["2015-09-17",753801.25,{"$error":"#N/A"},{"$error":"#N/A"}]
["2015-09-18",748242.91666666663,{"$error":"#N/A"},{"$error":"#N/A"}]
["2015-09-19",665247.41666666663,{"$error":"#N/A"},{"$error":"#N/A"}]
["2015-09-20",654864.83333333337,{"$error":"#N/A"},{"$error":"#N/A"}]
["2015-09-21",784235.75,{"$error":"#N/A"},{"$error":"#N/A"}]
["2015-09-22",769863,{"$error":"#N/A"},{"$error":"#N/A"}]
["2015-09-23",761708.66666666663,{"$error":"#N/A"},{"$error":"#N/A"}]
["2015-09-24",749849.75,{"$error":"#N/A"},{"$error":"#N/A"}]
["2015-09-25",731881.08333333337,{"$error":"#N/A"},{"$error":"#N/A"}]
["2015-09-26",656950.5,{"$error":"#N/A"},{"$error":"#N/A"}]
["2015-09-27",646965.75,{"$error":"#N/A"},{"$error":"#N/A"}]
["2015-09-28",746391.83333333337,{"$error":"#N/A"},{"$error":"#N/A"}]
["2015-09-29",758737.58333333337,{"$error":"#N/A"},{"$error":"#N/A"}]
["2015-09-30",752154.25,{"$error":"#N/A"},{"$error":"#N/A"}]
["2015-10-01",762549.5,{"$error":"#N/A"},{"$error":"#N/A"}]
["2015-10-02",754649.33333333337,{"$error":"#N/A"},{"$error":"#N/A"}]
["2015-10-03",692928.91666666663,{"$error":"#N/A"},{"$error":"#N/A"}]
["2015-10-04",671717.75,{"$error":"#N/A"},{"$error":"#N/A"}]
["2015-10-05",771975,{"$error":"#N/A"},{"$error":"#N/A"}]
["2015-10-06",784485.5,{"$error":"#N/A"},{"$error":"#N/A"}]
["2015-10-07",791322.33333333337,{"$error":"#N/A"},{"$error":"#N/A"}]
["2015-10-08",799331,{"$error":"#N/A"},{"$error":"#N/A"}]
["2015-10-09",782601.58333333337,{"$error":"#N/A"},{"$error":"#N/A"}]
["2015-10-10",705750.41666666663,{"$error":"#N/A"},{"$error":"#N/A"}]
["2015-10-11",682022.08333333337,{"$error":"#N/A"},{"$f":"C195*1000000/B195","v":{"$error":"#N/A"}}]
["2015-10-12",801447.16666666663,{"$error":"#N/A"},{"$error":"#N/A"}]
["2015-10-13",822785.5,{"$error":"#N/A"},{"$error":"#N/A"}]
["2015-10-14",823429.58333333337,{"$error":"#N/A"},{"$error":"#N/A"}]
["2015-10-15",831258,{"$error":"#N/A"},{"$error":"#N/A"}]
["2015-10-16",814272.58333333337,{"$error":"#N/A"},{"$error":"#N/A"}]
["2015-10-17",729922.08333333337,{"$error":"#N/A"},{"$error":"#N/A"}]
["2015-10-18",716362.91666666663,{"$error":"#N/A"},{"$error":"#N/A"}]
["2015-10-19",827392.91666666663,{"$error":"#N/A"},{"$error":"#N/A"}]
["2015-10-20",834705.66666666663,{"$error":"#N/A"},{"$error":"#N/A"}]
["2015-10-21",833065.91666666663,{"$error":"#N/A"},{"$error":"#N/A"}]
["2015-10-22",826465,{"$error":"#N/A"},{"$error":"#N/A"}]
["2015-10-23",803403.66666666663,{"$error":"#N/A"},{"$error":"#N/A"}]
["2015-10-24",723429.75,{"$error":"#N/A"},{"$error":"#N/A"}]
["2015-10-25",743975.75,{"$error":"#N/A"},{"$error":"#N/A"}]
["2015-10-26",830884.58333333337,{"$error":"#N/A"},{"$error":"#N/A"}]
["2015-10-27",813511.5,{"$error":"#N/A"},{"$error":"#N/A"}]
["2015-10-28",836315.5,{"$error":"#N/A"},{"$error":"#N/A"}]
["2015-10-29",830615.58333333337,{"$error":"#N/A"},{"$error":"#N/A"}]
["2015-10-30",797868.41666666663,{"$error":"#N/A"},{"$error":"#N/A"}]
["2015-10-31",705998.33333333337,{"$error":"#N/A"},{"$error":"#N/A"}]
["2015-11-01",744833.58333333337,{"$error":"#N/A"},{"$error":"#N/A"}]
["2015-11-02",848151.33333333337,{"$error":"#N/A"},{"$error":"#N/A"}]
["2015-11-03",881551.66666666663,{"$error":"#N/A"},{"$error":"#N/A"}]
["2015-11-04",859562.25,{"$error":"#N/A"},{"$error":"#N/A"}]
["2015-11-05",847340.91666666663,{"$error":"#N/A"},{"$error":"#N/A"}]
["2015-11-06",821941.83333333337,{"$error":"#N/A"},{"$error":"#N/A"}]
["2015-11-07",738577.41666666663,{"$error":"#N/A"},{"$error":"#N/A"}]
["2015-11-08",726485.83333333337,{"$error":"#N/A"},{"$error":"#N/A"}]
["2015-11-09",817223.91666666663,{"$error":"#N/A"},{"$error":"#N/A"}]
["2015-11-10",797666.25,{"$error":"#N/A"},{"$error":"#N/A"}]
["2015-11-11",821453.41666666663,{"$error":"#N/A"},{"$error":"#N/A"}]
["2015-11-12",827377.75,{"$error":"#N/A"},{"$error":"#N/A"}]
["2015-11-13",823124.33333333337,{"$error":"#N/A"},{"$error":"#N/A"}]
["2015-11-14",761398.66666666663,{"$error":"#N/A"},{"$error":"#N/A"}]
["2015-11-15",710170.16666666663,{"$error":"#N/A"},{"$error":"#N/A"}]
["2015-11-16",827054.58333333337,{"$error":"#N/A"},{"$error":"#N/A"}]
["2015-11-17",849944.91666666663,{"$error":"#N/A"},{"$error":"#N/A"}]
["2015-11-18",835749,{"$error":"#N/A"},{"$error":"#N/A"}]
["2015-11-19",849133.91666666663,{"$error":"#N/A"},{"$error":"#N/A"}]
["2015-11-20",871813.83333333337,{"$error":"#N/A"},{"$error":"#N/A"}]
["2015-11-21",814483.33333333337,{"$error":"#N/A"},{"$error":"#N/A"}]
["2015-11-22",823636.66666666663,{"$error":"#N/A"},{"$error":"#N/A"}]
["2015-11-23",953675.66666666663,{"$error":"#N/A"},{"$error":"#N/A"}]
["2015-11-24",896832.5,{"$error":"#N/A"},{"$error":"#N/A"}]
["2015-11-25",891115.75,{"$error":"#N/A"},{"$error":"#N/A"}]
["2015-11-26",900576.66666666663,{"$error":"#N/A"},{"$error":"#N/A"}]
["2015-11-27",855736.41666666663,{"$error":"#N/A"},{"$error":"#N/A"}]
["2015-11-28",799769.16666666663,{"$error":"#N/A"},{"$error":"#N/A"}]
["2015-11-29",760677.66666666663,{"$error":"#N/A"},{"$error":"#N/A"}]
["2015-11-30",896031.75,{"$error":"#N/A"},{"$error":"#N/A"}]
["2015-12-01",890256.83333333337,{"$error":"#N/A"},{"$error":"#N/A"}]
["2015-12-02",884137.41666666663,{"$error":"#N/A"},{"$error":"#N/A"}]
["2015-12-03",889447.33333333337,{"$error":"#N/A"},{"$error":"#N/A"}]
["2015-12-04",862667,{"$error":"#N/A"},{"$error":"#N/A"}]
["2015-12-05",758962.25,{"$error":"#N/A"},{"$error":"#N/A"}]
["2015-12-06",748103.25,{"$error":"#N/A"},{"$error":"#N/A"}]
["2015-12-07",856496.25,{"$error":"#N/A"},{"$error":"#N/A"}]
["2015-12-08",860702,{"$error":"#N/A"},{"$error":"#N/A"}]
["2015-12-09",867783.08333333337,{"$error":"#N/A"},{"$error":"#N/A"}]
["2015-12-10",884960.58333333337,{"$error":"#N/A"},{"$error":"#N/A"}]
["2015-12-11",914466.83333333337,{"$error":"#N/A"},{"$error":"#N/A"}]
["2015-12-12",851878.75,{"$error":"#N/A"},{"$error":"#N/A"}]
["2015-12-13",824855.25,{"$error":"#N/A"},{"$error":"#N/A"}]
["2015-12-14",856496.25,{"$error":"#N/A"},{"$f":"C259*1000000/B259","v":{"$error":"#N/A"}}]
["2015-12-15",860702,{"$error":"#N/A"},{"$error":"#N/A"}]
["2015-12-16",867783.08333333337,{"$error":"#N/A"},{"$error":"#N/A"}]
["2015-12-17",884960.58333333337,{"$error":"#N/A"},{"$error":"#N/A"}]
["2015-12-18",914466.83333333337,{"$error":"#N/A"},{"$error":"#N/A"}]
["2015-12-19",851878.75,{"$error":"#N/A"},{"$error":"#N/A"}]
["2015-12-20",760677.66666666663,{"$error":"#N/A"},{"$error":"#N/A"}]
["2015-12-21",896031.75,{"$error":"#N/A"},{"$error":"#N/A"}]
["2015-12-22",803442.75,{"$error":"#N/A"},{"$error":"#N/A"}]
["2015-12-23",807369.58333333337,{"$error":"#N/A"},{"$error":"#N/A"}]
["2015-12-24",777015.66666666663,{"$error":"#N/A"},{"$error":"#N/A"}]
["2015-12-25",690102.25,{"$error":"#N/A"},{"$error":"#N/A"}]
["2015-12-26",652816.83333333337,{"$error":"#N/A"},{"$error":"#N/A"}]
["2015-12-27",726295.41666666663,{"$error":"#N/A"},{"$error":"#N/A"}]
["2015-12-28",728262.5,{"$error":"#N/A"},{"$error":"#N/A"}]
["2015-12-29",730321.41666666663,{"$error":"#N/A"},{"$error":"#N/A"}]
["2015-12-30",726826.83333333337,{"$error":"#N/A"},{"$error":"#N/A"}]
["2015-12-31",724685.25,{"$error":"#N/A"},{"$error":"#N/A"}]
["2016-01-01",724270,{"$error":"#N/A"},{"$error":"#N/A"}]
["2016-01-02",792847.25,{"$error":"#N/A"},{"$error":"#N/A"}]
["2016-01-03",811394,{"$error":"#N/A"},{"$error":"#N/A"}]
["2016-01-04",881604.83333333337,{"$error":"#N/A"},{"$error":"#N/A"}]
["2016-01-05",889033.08333333337,{"$error":"#N/A"},{"$error":"#N/A"}]
["2016-01-06",899837.25,{"$error":"#N/A"},{"$error":"#N/A"}]
["2016-01-07",886882,{"$error":"#N/A"},{"$error":"#N/A"}]
["2016-01-08",924089.41666666663,{"$error":"#N/A"},{"$error":"#N/A"}]
["2016-01-09",851796.83333333337,{"$error":"#N/A"},{"$error":"#N/A"}]
["2016-01-10",828937.75,{"$error":"#N/A"},{"$error":"#N/A"}]
["2016-01-11",912064.33333333337,{"$error":"#N/A"},{"$error":"#N/A"}]
["2016-01-12",927022.33333333337,{"$error":"#N/A"},{"$error":"#N/A"}]
["2016-01-13",934626.25,{"$error":"#N/A"},{"$error":"#N/A"}]
["2016-01-14",953017.91666666663,{"$error":"#N/A"},{"$error":"#N/A"}]
["2016-01-15",942001.83333333337,{"$error":"#N/A"},{"$error":"#N/A"}]
["2016-01-16",878032.91666666663,{"$error":"#N/A"},{"$error":"#N/A"}]
["2016-01-17",891952.25,{"$error":"#N/A"},{"$error":"#N/A"}]
["2016-01-18",990666.41666666663,{"$error":"#N/A"},{"$error":"#N/A"}]
["2016-01-19",1008356.1666666666,{"$error":"#N/A"},{"$error":"#N/A"}]
["2016-01-20",1006765.75,{"$error":"#N/A"},{"$error":"#N/A"}]
["2016-01-21",975611.16666666663,{"$error":"#N/A"},{"$error":"#N/A"}]
["2016-01-22",884145.91666666663,{"$error":"#N/A"},{"$error":"#N/A"}]
["2016-01-23",786122.08333333337,{"$error":"#N/A"},{"$error":"#N/A"}]
["2016-01-24",744276.33333333337,{"$error":"#N/A"},{"$error":"#N/A"}]
["2016-01-25",847232.83333333337,{"$error":"#N/A"},{"$error":"#N/A"}]
["2016-01-26",886768.41666666663,{"$error":"#N/A"},{"$error":"#N/A"}]
["2016-01-27",862449.83333333337,{"$error":"#N/A"},{"$error":"#N/A"}]
["2016-01-28",885957.83333333337,{"$error":"#N/A"},{"$error":"#N/A"}]
["2016-01-29",840260.16666666663,{"$error":"#N/A"},{"$error":"#N/A"}]
["2016-01-30",781035.33333333337,{"$error":"#N/A"},{"$error":"#N/A"}]
["2016-01-31",790827.33333333337,{"$error":"#N/A"},{"$error":"#N/A"}]
["2016-02-01",852532.25,{"$error":"#N/A"},{"$error":"#N/A"}]
["2016-02-02",854472.66666666663,{"$error":"#N/A"},{"$error":"#N/A"}]
["2016-02-03",875271.16666666663,{"$error":"#N/A"},{"$error":"#N/A"}]
["2016-02-04",880107.58333333337,{"$error":"#N/A"},{"$error":"#N/A"}]
["2016-02-05",839890.58333333337,{"$error":"#N/A"},{"$error":"#N/A"}]
["2016-02-06",770045.5,{"$error":"#N/A"},{"$error":"#N/A"}]
["2016-02-07",765797.58333333337,{"$error":"#N/A"},{"$error":"#N/A"}]
["2016-02-08",886296,{"$error":"#N/A"},{"$error":"#N/A"}]
["2016-02-09",879633.08333333337,{"$error":"#N/A"},{"$error":"#N/A"}]
["2016-02-10",890452.33333333337,{"$error":"#N/A"},{"$error":"#N/A"}]
["2016-02-11",916652.08333333337,{"$error":"#N/A"},{"$error":"#N/A"}]
["2016-02-12",916813,{"$error":"#N/A"},{"$error":"#N/A"}]
["2016-02-13",819116.5,{"$error":"#N/A"},{"$error":"#N/A"}]
["2016-02-14",818895.58333333337,{"$error":"#N/A"},{"$error":"#N/A"}]
["2016-02-15",907175.58333333337,{"$error":"#N/A"},{"$error":"#N/A"}]
["2016-02-16",913810.66666666663,{"$error":"#N/A"},{"$f":"C323*1000000/B323","v":{"$error":"#N/A"}}]
["2016-02-17",920954,{"$error":"#N/A"},{"$error":"#N/A"}]
["2016-02-18",898927.41666666663,{"$error":"#N/A"},{"$error":"#N/A"}]
["2016-02-19",898344.41666666663,{"$error":"#N/A"},{"$error":"#N/A"}]
["2016-02-20",773309.91666666663,{"$error":"#N/A"},{"$error":"#N/A"}]
["2016-02-21",741388.58333333337,{"$error":"#N/A"},{"$error":"#N/A"}]
["2016-02-22",841480.16666666663,{"$error":"#N/A"},{"$error":"#N/A"}]
["2016-02-23",688213.16666666663,{"$error":"#N/A"},{"$error":"#N/A"}]
["2016-02-24",913423.58333333337,{"$error":"#N/A"},{"$error":"#N/A"}]
["2016-02-25",936850,{"$error":"#N/A"},{"$error":"#N/A"}]
["2016-02-26",921097.91666666663,{"$error":"#N/A"},{"$error":"#N/A"}]
["2016-02-27",823150.16666666663,{"$error":"#N/A"},{"$error":"#N/A"}]
["2016-02-28",798551.16666666663,{"$error":"#N/A"},{"$error":"#N/A"}]
["2016-02-29",911781.66666666663,{"$error":"#N/A"},{"$error":"#N/A"}]
["2016-03-01",872670,{"$error":"#N/A"},{"$error":"#N/A"}]
["2016-03-02",877344.91666666663,{"$error":"#N/A"},{"$error":"#N/A"}]
["2016-03-03",885809.16666666663,{"$error":"#N/A"},{"$error":"#N/A"}]
["2016-03-04",868909.5,{"$error":"#N/A"},{"$error":"#N/A"}]
["2016-03-05",787174,{"$error":"#N/A"},{"$error":"#N/A"}]
["2016-03-06",794861.25,{"$error":"#N/A"},{"$error":"#N/A"}]
["2016-03-07",902823.83333333337,{"$error":"#N/A"},{"$error":"#N/A"}]
["2016-03-08",927692.58333333337,{"$error":"#N/A"},{"$error":"#N/A"}]
["2016-03-09",918086.25,{"$error":"#N/A"},{"$error":"#N/A"}]
["2016-03-10",901199.25,{"$error":"#N/A"},{"$error":"#N/A"}]
["2016-03-11",879692.16666666663,{"$error":"#N/A"},{"$error":"#N/A"}]
["2016-03-12",789205.33333333337,{"$error":"#N/A"},{"$error":"#N/A"}]
["2016-03-13",764532.75,{"$error":"#N/A"},{"$error":"#N/A"}]
["2016-03-14",789205.33333333337,{"$error":"#N/A"},{"$error":"#N/A"}]
["2016-03-15",861762.58333333337,{"$error":"#N/A"},{"$error":"#N/A"}]
["2016-03-16",864924.25,{"$error":"#N/A"},{"$error":"#N/A"}]
["2016-03-17",864119,{"$error":"#N/A"},{"$error":"#N/A"}]
["2016-03-18",865994.66666666663,{"$error":"#N/A"},{"$error":"#N/A"}]
["2016-03-19",783381.5,{"$error":"#N/A"},{"$error":"#N/A"}]
["2016-03-20",764657.58333333337,{"$error":"#N/A"},{"$error":"#N/A"}]
["2016-03-21",854062.16666666663,{"$error":"#N/A"},{"$error":"#N/A"}]
["2016-03-22",867830.66666666663,{"$error":"#N/A"},{"$error":"#N/A"}]
["2016-03-23",855091.08333333337,{"$error":"#N/A"},{"$error":"#N/A"}]
["2016-03-24",849819.5,{"$error":"#N/A"},{"$error":"#N/A"}]
["2016-03-25",698098.5,{"$error":"#N/A"},{"$error":"#N/A"}]
["2016-03-26",707118.08333333337,{"$error":"#N/A"},{"$error":"#N/A"}]
["2016-03-27",664821.33333333337,{"$error":"#N/A"},{"$error":"#N/A"}]
["2016-03-28",709254.5,{"$error":"#N/A"},{"$error":"#N/A"}]
["2016-03-29",802046.5,{"$error":"#N/A"},{"$error":"#N/A"}]
["2016-03-30",804321,{"$error":"#N/A"},{"$error":"#N/A"}]
["2016-03-31",782036.83333333337,{"$error":"#N/A"},{"$error":"#N/A"}]
["2016-04-01",765696.33333333337,{"$error":"#N/A"},{"$error":"#N/A"}]
["2016-04-02",699754.58333333337,{"$error":"#N/A"},{"$error":"#N/A"}]
["2016-04-03",684604.75,{"$error":"#N/A"},{"$error":"#N/A"}]
["2016-04-04",785249.16666666663,{"$error":"#N/A"},{"$error":"#N/A"}]
["2016-04-05",774042,{"$error":"#N/A"},{"$error":"#N/A"}]
["2016-04-06",42861.5,{"$error":"#N/A"},{"$error":"#N/A"}]
["2016-04-07",785002.16666666663,{"$error":"#N/A"},{"$error":"#N/A"}]
["2016-04-08",776251,{"$error":"#N/A"},{"$error":"#N/A"}]
["2016-04-09",694665.91666666663,{"$error":"#N/A"},{"$error":"#N/A"}]
["2016-04-10",671733.91666666663,{"$error":"#N/A"},{"$error":"#N/A"}]
["2016-04-11",756156.83333333337,{"$error":"#N/A"},{"$error":"#N/A"}]
["2016-04-12",764002.75,{"$error":"#N/A"},{"$error":"#N/A"}]
["2016-04-13",771086.41666666663,{"$error":"#N/A"},{"$error":"#N/A"}]
["2016-04-14",782207.91666666663,{"$error":"#N/A"},{"$error":"#N/A"}]
["2016-04-15",768999.33333333337,{"$error":"#N/A"},{"$error":"#N/A"}]
["2016-04-16",689701,{"$error":"#N/A"},{"$error":"#N/A"}]
["2016-04-17",664874.91666666663,{"$error":"#N/A"},{"$error":"#N/A"}]
["2016-04-18",773832.66666666663,{"$error":"#N/A"},{"$error":"#N/A"}]
["2016-04-19",780192.08333333337,{"$error":"#N/A"},{"$error":"#N/A"}]
["2016-04-20",744263.08333333337,{"$error":"#N/A"},{"$f":"C387*1000000/B387","v":{"$error":"#N/A"}}]
["2016-04-21",763738.41666666663,{"$error":"#N/A"},{"$error":"#N/A"}]
["2016-04-22",777976.83333333337,{"$error":"#N/A"},{"$error":"#N/A"}]
["2016-04-23",664458.83333333337,{"$error":"#N/A"},{"$error":"#N/A"}]
["2016-04-24",666057.5,{"$error":"#N/A"},{"$error":"#N/A"}]
["2016-04-25",759283.08333333337,{"$error":"#N/A"},{"$error":"#N/A"}]
["2016-04-26",754831.5,{"$error":"#N/A"},{"$error":"#N/A"}]
["2016-04-27",792867.91666666663,{"$error":"#N/A"},{"$error":"#N/A"}]
["2016-04-28",800093,{"$error":"#N/A"},{"$error":"#N/A"}]
["2016-04-29",765718.25,{"$error":"#N/A"},{"$error":"#N/A"}]
["2016-04-30",686574.58333333337,{"$error":"#N/A"},{"$error":"#N/A"}]
["2016-05-01",669717.08333333337,{"$error":"#N/A"},{"$error":"#N/A"}]
["2016-05-02",673943.75,{"$error":"#N/A"},{"$error":"#N/A"}]
["2016-05-03",771309.5,{"$error":"#N/A"},{"$error":"#N/A"}]
["2016-05-04",716486.66666666663,{"$error":"#N/A"},{"$error":"#N/A"}]
["2016-05-05",708589.5,{"$error":"#N/A"},{"$error":"#N/A"}]
["2016-05-06",719071.5,{"$error":"#N/A"},{"$error":"#N/A"}]
["2016-05-07",634134.5,{"$error":"#N/A"},{"$error":"#N/A"}]
["2016-05-08",616320.58333333337,{"$error":"#N/A"},{"$error":"#N/A"}]
["2016-05-09",737657.5,{"$error":"#N/A"},{"$error":"#N/A"}]
["2016-05-10",730249.66666666663,{"$error":"#N/A"},{"$error":"#N/A"}]
["2016-05-11",715566.91666666663,{"$error":"#N/A"},{"$error":"#N/A"}]
["2016-05-12",697009.41666666663,{"$error":"#N/A"},{"$error":"#N/A"}]
["2016-05-13",669098.41666666663,{"$error":"#N/A"},{"$error":"#N/A"}]
["2016-05-14",594642.91666666663,{"$error":"#N/A"},{"$error":"#N/A"}]
["2016-05-15",618396.83333333337,{"$error":"#N/A"},{"$error":"#N/A"}]
["2016-05-16",707599.08333333337,{"$error":"#N/A"},{"$error":"#N/A"}]
["2016-05-17",709604.16666666663,{"$error":"#N/A"},{"$error":"#N/A"}]
["2016-05-18",739736.83333333337,{"$error":"#N/A"},{"$error":"#N/A"}]
["2016-05-19",710506.5,{"$error":"#N/A"},{"$error":"#N/A"}]
["2016-05-20",675353.75,{"$error":"#N/A"},{"$error":"#N/A"}]
["2016-05-21",619673.08333333337,{"$error":"#N/A"},{"$error":"#N/A"}]
["2016-05-22",592191.08333333337,{"$error":"#N/A"},{"$error":"#N/A"}]
["2016-05-23",682309.83333333337,{"$error":"#N/A"},{"$error":"#N/A"}]
["2016-05-24",683078.41666666663,{"$error":"#N/A"},{"$error":"#N/A"}]
["2016-05-25",718485.91666666663,{"$error":"#N/A"},{"$error":"#N/A"}]
["2016-05-26",706923.5,{"$error":"#N/A"},{"$error":"#N/A"}]
["2016-05-27",694779,{"$error":"#N/A"},{"$error":"#N/A"}]
["2016-05-28",608292,{"$error":"#N/A"},{"$error":"#N/A"}]
["2016-05-29",570897.5,{"$error":"#N/A"},{"$error":"#N/A"}]
["2016-05-30",619270.5,{"$error":"#N/A"},{"$error":"#N/A"}]
["2016-05-31",667537,{"$error":"#N/A"},{"$error":"#N/A"}]
["2016-06-01",701226.16666666663,{"$error":"#N/A"},{"$error":"#N/A"}]
["2016-06-02",678503,{"$error":"#N/A"},{"$error":"#N/A"}]
["2016-06-03",682185.75,{"$error":"#N/A"},{"$error":"#N/A"}]
["2016-06-04",603255.25,{"$error":"#N/A"},{"$error":"#N/A"}]
["2016-06-05",560623.25,{"$error":"#N/A"},{"$error":"#N/A"}]
["2016-06-06",664530.91666666663,{"$error":"#N/A"},{"$error":"#N/A"}]
["2016-06-07",716886.83333333337,{"$error":"#N/A"},{"$error":"#N/A"}]
["2016-06-08",696029.83333333337,{"$error":"#N/A"},{"$error":"#N/A"}]
["2016-06-09",707453.08333333337,{"$error":"#N/A"},{"$error":"#N/A"}]
["2016-06-10",730407.83333333302,{"$error":"#N/A"},{"$error":"#N/A"}]
["2016-06-11",630908,{"$error":"#N/A"},{"$error":"#N/A"}]
["2016-06-12",601669.41666666663,{"$error":"#N/A"},{"$error":"#N/A"}]
["2016-06-13",714650.83333333337,{"$error":"#N/A"},{"$error":"#N/A"}]
["2016-06-14",717060.75,{"$error":"#N/A"},{"$error":"#N/A"}]
["2016-06-15",717739.5,{"$error":"#N/A"},{"$error":"#N/A"}]
["2016-06-16",705898.5,{"$error":"#N/A"},{"$error":"#N/A"}]
["2016-06-17",706159.91666666663,{"$error":"#N/A"},{"$error":"#N/A"}]
["2016-06-18",603290.91666666663,{"$error":"#N/A"},{"$error":"#N/A"}]
["2016-06-19",594915.41666666663,{"$error":"#N/A"},{"$error":"#N/A"}]
["2016-06-20",703458,{"$error":"#N/A"},{"$error":"#N/A"}]
["2016-06-21",694252.16666666663,{"$error":"#N/A"},{"$error":"#N/A"}]
["2016-06-22",710337.91666666663,{"$error":"#N/A"},{"$error":"#N/A"}]
["2016-06-23",718350.16666666663,{"$error":"#N/A"},{"$f":"C451*1000000/B451","v":{"$error":"#N/A"}}]
["2016-06-24",689106.75,{"$error":"#N/A"},{"$error":"#N/A"}]
["2016-06-25",592168.66666666663,{"$error":"#N/A"},{"$error":"#N/A"}]
["2016-06-26",593218.91666666663,{"$error":"#N/A"},{"$error":"#N/A"}]
["2016-06-27",661069.91666666663,{"$error":"#N/A"},{"$error":"#N/A"}]
["2016-06-28",718614.41666666663,{"$error":"#N/A"},{"$error":"#N/A"}]
["2016-06-29",721764.33333333337,{"$error":"#N/A"},{"$error":"#N/A"}]
["2016-06-30",693257.91666666663,{"$error":"#N/A"},{"$error":"#N/A"}]
["2016-07-01",505446.91666666669,{"$error":"#N/A"},{"$error":"#N/A"}]
["2016-07-02",546491.83333333337,{"$error":"#N/A"},{"$error":"#N/A"}]
["2016-07-03",563090.75,{"$error":"#N/A"},{"$error":"#N/A"}]
["2016-07-04",685032.41666666663,{"$error":"#N/A"},{"$error":"#N/A"}]
["2016-07-05",671554.5,{"$error":"#N/A"},{"$error":"#N/A"}]
["2016-07-06",685562.91666666663,{"$error":"#N/A"},{"$error":"#N/A"}]
["2016-07-07",696056.16666666663,{"$error":"#N/A"},{"$error":"#N/A"}]
["2016-07-08",671931.83333333337,{"$error":"#N/A"},{"$error":"#N/A"}]
["2016-07-09",615843.16666666663,{"$error":"#N/A"},{"$error":"#N/A"}]
["2016-07-10",574790.25,{"$error":"#N/A"},{"$error":"#N/A"}]
["2016-07-11",637009.66666666663,{"$error":"#N/A"},{"$error":"#N/A"}]
["2016-07-12",679182.66666666663,{"$error":"#N/A"},{"$error":"#N/A"}]
["2016-07-13",678070.91666666663,{"$error":"#N/A"},{"$error":"#N/A"}]
["2016-07-14",670252.91666666663,{"$error":"#N/A"},{"$error":"#N/A"}]
["2016-07-15",671659.16666666663,{"$error":"#N/A"},{"$error":"#N/A"}]
["2016-07-16",591625.25,{"$error":"#N/A"},{"$error":"#N/A"}]
["2016-07-17",564276.41666666663,{"$error":"#N/A"},{"$error":"#N/A"}]
["2016-07-18",683490.66666666663,{"$error":"#N/A"},{"$error":"#N/A"}]
["2016-07-19",706024.41666666663,{"$error":"#N/A"},{"$error":"#N/A"}]
["2016-07-20",710305.08333333337,{"$error":"#N/A"},{"$error":"#N/A"}]
["2016-07-21",714585.25,{"$error":"#N/A"},{"$error":"#N/A"}]
["2016-07-22",681131.75,{"$error":"#N/A"},{"$error":"#N/A"}]
["2016-07-23",595870.83333333337,{"$error":"#N/A"},{"$error":"#N/A"}]
["2016-07-24",591238.16666666663,{"$error":"#N/A"},{"$error":"#N/A"}]
["2016-07-25",682333.83333333337,{"$error":"#N/A"},{"$error":"#N/A"}]
["2016-07-26",674242.83333333337,{"$error":"#N/A"},{"$error":"#N/A"}]
["2016-07-27",687827.33333333337,{"$error":"#N/A"},{"$error":"#N/A"}]
["2016-07-28",692919.58333333337,{"$error":"#N/A"},{"$error":"#N/A"}]
["2016-07-29",659475.08333333337,{"$error":"#N/A"},{"$error":"#N/A"}]
["2016-07-30",569014.16666666663,{"$error":"#N/A"},{"$error":"#N/A"}]
["2016-07-31",568570.91666666663,{"$error":"#N/A"},{"$error":"#N/A"}]
["2016-08-01",693967.41666666663,{"$error":"#N/A"},{"$error":"#N/A"}]
["2016-08-02",707568.41666666663,{"$error":"#N/A"},{"$error":"#N/A"}]
["2016-08-03",646857.66666666663,{"$error":"#N/A"},{"$error":"#N/A"}]
["2016-08-04",652692.58333333337,{"$error":"#N/A"},{"$error":"#N/A"}]
["2016-08-05",641506.66666666663,{"$error":"#N/A"},{"$error":"#N/A"}]
["2016-08-06",545268.41666666663,{"$error":"#N/A"},{"$error":"#N/A"}]
["2016-08-07",534346.83333333337,{"$error":"#N/A"},{"$error":"#N/A"}]
["2016-08-08",613698.75,{"$error":"#N/A"},{"$error":"#N/A"}]
["2016-08-09",473151.25,{"$error":"#N/A"},{"$error":"#N/A"}]
["2016-08-10",503105.16666666669,{"$error":"#N/A"},{"$error":"#N/A"}]
["2016-08-11",678286.41666666663,{"$error":"#N/A"},{"$error":"#N/A"}]
["2016-08-12",627240.33333333337,{"$error":"#N/A"},{"$error":"#N/A"}]
["2016-08-13",566141.25,{"$error":"#N/A"},{"$error":"#N/A"}]
["2016-08-14",579757.16666666663,{"$error":"#N/A"},{"$error":"#N/A"}]
["2016-08-15",665968,{"$error":"#N/A"},{"$error":"#N/A"}]
["2016-08-16",660137.41666666698,{"$error":"#N/A"},{"$error":"#N/A"}]
["2016-08-17",674432.75,{"$error":"#N/A"},{"$error":"#N/A"}]
["2016-08-18",687534.58333333337,{"$error":"#N/A"},{"$error":"#N/A"}]
["2016-08-19",693762.5,{"$error":"#N/A"},{"$error":"#N/A"}]
["2016-08-20",553261.91666666663,{"$error":"#N/A"},{"$error":"#N/A"}]
["2016-08-21",543723.41666666663,{"$error":"#N/A"},{"$error":"#N/A"}]
["2016-08-22",686317,{"$error":"#N/A"},{"$error":"#N/A"}]
["2016-08-23",660137.41666666698,{"$error":"#N/A"},{"$error":"#N/A"}]
["2016-08-24",674432.75,{"$error":"#N/A"},{"$error":"#N/A"}]
["2016-08-25",738809.08333333337,{"$error":"#N/A"},{"$error":"#N/A"}]
["2016-08-26",657566.08333333337,{"$error":"#N/A"},{"$f":"C515*1000000/B515","v":{"$error":"#N/A"}}]
["2016-08-27",613145.16666666663,{"$error":"#N/A"},{"$error":"#N/A"}]
["2016-08-28",590368.33333333337,{"$error":"#N/A"},{"$error":"#N/A"}]
["2016-08-29",617534.58333333337,{"$error":"#N/A"},{"$error":"#N/A"}]
["2016-08-30",678595.75,{"$error":"#N/A"},{"$error":"#N/A"}]
["2016-08-31",692169,{"$error":"#N/A"},{"$error":"#N/A"}]
["2016-09-01",679555.08333333337,{"$error":"#N/A"},{"$error":"#N/A"}]
["2016-09-02",708107.66666666663,{"$error":"#N/A"},{"$error":"#N/A"}]
["2016-09-03",625339,{"$error":"#N/A"},{"$error":"#N/A"}]
["2016-09-04",585980.91666666663,{"$error":"#N/A"},{"$error":"#N/A"}]
["2016-09-05",721260.91666666663,{"$error":"#N/A"},{"$error":"#N/A"}]
["2016-09-06",729540.41666666663,{"$error":"#N/A"},{"$error":"#N/A"}]
["2016-09-07",734169.91666666663,{"$error":"#N/A"},{"$error":"#N/A"}]
["2016-09-08",694441.91666666663,{"$error":"#N/A"},{"$error":"#N/A"}]
["2016-09-09",680686.25,{"$error":"#N/A"},{"$error":"#N/A"}]
["2016-09-10",622165.33333333337,{"$error":"#N/A"},{"$error":"#N/A"}]
["2016-09-11",587244.5,{"$error":"#N/A"},{"$error":"#N/A"}]
["2016-09-12",716742.16666666663,{"$error":"#N/A"},{"$error":"#N/A"}]
["2016-09-13",742411,{"$error":"#N/A"},{"$error":"#N/A"}]
["2016-09-14",738644.08333333337,{"$error":"#N/A"},{"$error":"#N/A"}]
["2016-09-15",735142.25,{"$error":"#N/A"},{"$error":"#N/A"}]
["2016-09-16",538915.5,{"$error":"#N/A"},{"$error":"#N/A"}]
["2016-09-17",629852.75,{"$error":"#N/A"},{"$error":"#N/A"}]
["2016-09-18",623429.83333333337,{"$error":"#N/A"},{"$error":"#N/A"}]
["2016-09-19",742543.83333333337,{"$error":"#N/A"},{"$error":"#N/A"}]
["2016-09-20",743602.41666666663,{"$error":"#N/A"},{"$error":"#N/A"}]
["2016-09-21",723308.41666666663,{"$error":"#N/A"},{"$error":"#N/A"}]
["2016-09-22",721608.75,{"$error":"#N/A"},{"$error":"#N/A"}]
["2016-09-23",695125.58333333337,{"$error":"#N/A"},{"$error":"#N/A"}]
["2016-09-24",596176.25,{"$error":"#N/A"},{"$error":"#N/A"}]
["2016-09-25",582395.08333333337,{"$error":"#N/A"},{"$error":"#N/A"}]
["2016-09-26",523769.5,{"$error":"#N/A"},{"$error":"#N/A"}]
["2016-09-27",722016.75,{"$error":"#N/A"},{"$error":"#N/A"}]
["2016-09-28",701468.5,{"$error":"#N/A"},{"$error":"#N/A"}]
["2016-09-29",679369.75,{"$error":"#N/A"},{"$error":"#N/A"}]
["2016-09-30",681480.5,{"$error":"#N/A"},{"$error":"#N/A"}]
["2016-10-01",632862.83333333337,{"$error":"#N/A"},{"$error":"#N/A"}]
["2016-10-02",604601.66666666663,{"$error":"#N/A"},{"$error":"#N/A"}]
["2016-10-03",722609.41666666663,{"$error":"#N/A"},{"$error":"#N/A"}]
["2016-10-04",739116.25,{"$error":"#N/A"},{"$error":"#N/A"}]
["2016-10-05",713387.5,{"$error":"#N/A"},{"$error":"#N/A"}]
["2016-10-06",725264.91666666663,{"$error":"#N/A"},{"$error":"#N/A"}]
["2016-10-07",746299.5,{"$error":"#N/A"},{"$error":"#N/A"}]
["2016-10-08",674446.91666666663,{"$error":"#N/A"},{"$error":"#N/A"}]
["2016-10-09",661148.75,{"$error":"#N/A"},{"$error":"#N/A"}]
["2016-10-10",768088.58333333337,{"$error":"#N/A"},{"$error":"#N/A"}]
["2016-10-11",764222.75,{"$error":"#N/A"},{"$error":"#N/A"}]
["2016-10-12",767725.58333333337,{"$error":"#N/A"},{"$error":"#N/A"}]
["2016-10-13",769706.66666666663,{"$error":"#N/A"},{"$error":"#N/A"}]
["2016-10-14",781623.16666666663,{"$error":"#N/A"},{"$error":"#N/A"}]
["2016-10-15",684984.08333333337,{"$error":"#N/A"},{"$error":"#N/A"}]
["2016-10-16",661195.66666666663,{"$error":"#N/A"},{"$error":"#N/A"}]
["2016-10-17",742228.08333333337,{"$error":"#N/A"},{"$error":"#N/A"}]
["2016-10-18",760862.5,{"$error":"#N/A"},{"$error":"#N/A"}]
["2016-10-19",777428.75,{"$error":"#N/A"},{"$error":"#N/A"}]
["2016-10-20",806209.58333333337,{"$error":"#N/A"},{"$error":"#N/A"}]
["2016-10-21",797733.08333333337,{"$error":"#N/A"},{"$error":"#N/A"}]
["2016-10-22",716092.58333333337,{"$error":"#N/A"},{"$error":"#N/A"}]
["2016-10-23",703765.66666666663,{"$error":"#N/A"},{"$error":"#N/A"}]
["2016-10-24",820314.25,{"$error":"#N/A"},{"$error":"#N/A"}]
["2016-10-25",816067.83333333337,{"$error":"#N/A"},{"$error":"#N/A"}]
["2016-10-26",798270.41666666663,{"$error":"#N/A"},{"$error":"#N/A"}]
["2016-10-27",778112.91666666663,{"$error":"#N/A"},{"$error":"#N/A"}]
["2016-10-28",775941.83333333337,{"$error":"#N/A"},{"$error":"#N/A"}]
["2016-10-29",701380.25,{"$error":"#N/A"},{"$f":"C579*1000000/B579","v":{"$error":"#N/A"}}]
["2016-10-30",726186.58333333337,{"$error":"#N/A"},{"$error":"#N/A"}]
["2016-10-31",797781.91666666663,{"$error":"#N/A"},{"$error":"#N/A"}]
["2016-11-01",828133.91666666663,{"$error":"#N/A"},{"$error":"#N/A"}]
["2016-11-02",833097.75,{"$error":"#N/A"},{"$error":"#N/A"}]
["2016-11-03",862426.83333333337,{"$error":"#N/A"},{"$error":"#N/A"}]
["2016-11-04",842538.25,{"$error":"#N/A"},{"$error":"#N/A"}]
["2016-11-05",737931.41666666663,{"$error":"#N/A"},{"$error":"#N/A"}]
["2016-11-06",731536.75,{"$error":"#N/A"},{"$error":"#N/A"}]
["2016-11-07",887428.5,{"$error":"#N/A"},{"$error":"#N/A"}]
["2016-11-08",902819.66666666663,{"$error":"#N/A"},{"$error":"#N/A"}]
["2016-11-09",913681.75,{"$error":"#N/A"},{"$error":"#N/A"}]
["2016-11-10",904585.5,{"$error":"#N/A"},{"$error":"#N/A"}]
["2016-11-11",880017.66666666663,{"$error":"#N/A"},{"$error":"#N/A"}]
["2016-11-12",773082.91666666663,{"$error":"#N/A"},{"$error":"#N/A"}]
["2016-11-13",753821.58333333337,{"$error":"#N/A"},{"$error":"#N/A"}]
["2016-11-14",null,{"$error":"#N/A"},{"$error":"#N/A"}]
["2016-11-15",769606.41666666663,{"$error":"#N/A"},{"$error":"#N/A"}]
["2016-11-16",826211.25,{"$error":"#N/A"},{"$error":"#N/A"}]
["2016-11-17",851862.91666666663,{"$error":"#N/A"},{"$error":"#N/A"}]
["2016-11-18",865877.75,{"$error":"#N/A"},{"$error":"#N/A"}]
["2016-11-19",811823.25,{"$error":"#N/A"},{"$error":"#N/A"}]
["2016-11-20",805985.33333333337,{"$error":"#N/A"},{"$error":"#N/A"}]
["2016-11-21",914737,{"$error":"#N/A"},{"$error":"#N/A"}]
["2016-11-22",886537.58333333337,{"$error":"#N/A"},{"$error":"#N/A"}]
["2016-11-23",906731.16666666663,{"$error":"#N/A"},{"$error":"#N/A"}]
["2016-11-24",906601,{"$error":"#N/A"},{"$error":"#N/A"}]
["2016-11-25",891133.66666666663,{"$error":"#N/A"},{"$error":"#N/A"}]
["2016-11-26",829818.41666666663,{"$error":"#N/A"},{"$error":"#N/A"}]
["2016-11-27",818124.91666666663,{"$error":"#N/A"},{"$error":"#N/A"}]
["2016-11-28",912346.5,{"$error":"#N/A"},{"$error":"#N/A"}]
["2016-11-29",951767.08333333337,{"$error":"#N/A"},{"$error":"#N/A"}]
["2016-11-30",953382.08333333337,{"$error":"#N/A"},{"$error":"#N/A"}]
["2016-12-01",947718.5,{"$error":"#N/A"},{"$error":"#N/A"}]
["2016-12-02",931714.83333333337,{"$error":"#N/A"},{"$error":"#N/A"}]
["2016-12-03",837496.33333333337,{"$error":"#N/A"},{"$error":"#N/A"}]
["2016-12-04",827275.5,{"$error":"#N/A"},{"$error":"#N/A"}]
["2016-12-05",945702.16666666663,{"$error":"#N/A"},{"$error":"#N/A"}]
["2016-12-06",947401,{"$error":"#N/A"},{"$error":"#N/A"}]
["2016-12-07",877843.83333333337,{"$error":"#N/A"},{"$error":"#N/A"}]
["2016-12-08",864075.91666666663,{"$error":"#N/A"},{"$error":"#N/A"}]
["2016-12-09",829342.75,{"$error":"#N/A"},{"$error":"#N/A"}]
["2016-12-10",753945.33333333337,{"$error":"#N/A"},{"$error":"#N/A"}]
["2016-12-11",747983.16666666663,{"$error":"#N/A"},{"$error":"#N/A"}]
["2016-12-12",907244.66666666663,{"$error":"#N/A"},{"$error":"#N/A"}]
["2016-12-13",900564.08333333337,{"$error":"#N/A"},{"$error":"#N/A"}]
["2016-12-14",874044,{"$error":"#N/A"},{"$error":"#N/A"}]
["2016-12-15",890118.16666666663,{"$error":"#N/A"},{"$error":"#N/A"}]
["2016-12-16",871619.66666666663,{"$error":"#N/A"},{"$error":"#N/A"}]
["2016-12-17",799729.25,{"$error":"#N/A"},{"$error":"#N/A"}]
["2016-12-18",807478.5,{"$error":"#N/A"},{"$error":"#N/A"}]
["2016-12-19",919403.25,{"$error":"#N/A"},{"$error":"#N/A"}]
["2016-12-20",898456.58333333337,{"$error":"#N/A"},{"$error":"#N/A"}]
["2016-12-21",878734.75,{"$error":"#N/A"},{"$error":"#N/A"}]
["2016-12-22",831844.33333333337,{"$error":"#N/A"},{"$error":"#N/A"}]
["2016-12-23",811373.75,{"$error":"#N/A"},{"$error":"#N/A"}]
["2016-12-24",784382.33333333337,{"$error":"#N/A"},{"$error":"#N/A"}]
["2016-12-25",702873.5,{"$error":"#N/A"},{"$error":"#N/A"}]
["2016-12-26",null,{"$error":"#N/A"},{"$error":"#N/A"}]
["2016-12-27",null,{"$error":"#N/A"},{"$error":"#N/A"}]
["2016-12-28",null,{"$error":"#N/A"},{"$error":"#N/A"}]
["2016-12-29",null,{"$error":"#N/A"},{"$error":"#N/A"}]
["2016-12-30",null,{"$error":"#N/A"},{"$error":"#N/A"}]
["2016-12-31",null,{"$error":"#N/A"},{"$error":"#N/A"}]
["2017-01-01",null,{"$error":"#N/A"},{"$f":"C643*1000000/B643","v":{"$error":"#N/A"}}]
["2017-01-02",null,{"$error":"#N/A"},{"$error":"#N/A"}]
["2017-01-03",885328.75,{"$error":"#N/A"},{"$error":"#N/A"}]
["2017-01-04",904586.5,{"$error":"#N/A"},{"$error":"#N/A"}]
["2017-01-05",939574.83333333337,{"$error":"#N/A"},{"$error":"#N/A"}]
["2017-01-06",925359.16666666663,{"$error":"#N/A"},{"$error":"#N/A"}]
["2017-01-07",840810.58333333337,{"$error":"#N/A"},{"$error":"#N/A"}]
["2017-01-08",843582.75,{"$error":"#N/A"},{"$error":"#N/A"}]
["2017-01-09",881384.75,{"$error":"#N/A"},{"$error":"#N/A"}]
["2017-01-10",880746.75,{"$error":"#N/A"},{"$error":"#N/A"}]
["2017-01-11",865576.08333333337,{"$error":"#N/A"},{"$error":"#N/A"}]
["2017-01-12",913606.25,{"$error":"#N/A"},{"$error":"#N/A"}]
["2017-01-13",900136.91666666663,{"$error":"#N/A"},{"$error":"#N/A"}]
["2017-01-14",842070.91666666663,{"$error":"#N/A"},{"$error":"#N/A"}]
["2017-01-15",836229.16666666663,{"$error":"#N/A"},{"$error":"#N/A"}]
["2017-01-16",928380.25,{"$error":"#N/A"},{"$error":"#N/A"}]
["2017-01-17",938132.66666666663,{"$error":"#N/A"},{"$error":"#N/A"}]
["2017-01-18",932425.75,{"$error":"#N/A"},{"$error":"#N/A"}]
["2017-01-19",939150.25,{"$error":"#N/A"},{"$error":"#N/A"}]
["2017-01-20",924855.25,{"$error":"#N/A"},{"$error":"#N/A"}]
["2017-01-21",856691,{"$error":"#N/A"},{"$error":"#N/A"}]
["2017-01-22",865867.41666666663,{"$error":"#N/A"},{"$error":"#N/A"}]
["2017-01-23",978620.16666666663,{"$error":"#N/A"},{"$error":"#N/A"}]
["2017-01-24",952801.33333333337,{"$error":"#N/A"},{"$error":"#N/A"}]
["2017-01-25",924157.66666666663,{"$error":"#N/A"},{"$error":"#N/A"}]
["2017-01-26",935141.41666666663,{"$error":"#N/A"},{"$error":"#N/A"}]
["2017-01-27",929371.83333333337,{"$error":"#N/A"},{"$error":"#N/A"}]
["2017-01-28",827670.41666666663,{"$error":"#N/A"},{"$error":"#N/A"}]
["2017-01-29",829965.41666666663,{"$error":"#N/A"},{"$error":"#N/A"}]
["2017-01-30",918284.25,{"$error":"#N/A"},{"$error":"#N/A"}]
["2017-01-31",921182.08333333337,{"$error":"#N/A"},{"$error":"#N/A"}]
["2017-02-01",896169.5,{"$error":"#N/A"},{"$error":"#N/A"}]
["2017-02-02",872150.83333333337,{"$error":"#N/A"},{"$error":"#N/A"}]
["2017-02-03",827182,{"$error":"#N/A"},{"$error":"#N/A"}]
["2017-02-04",781348.75,{"$error":"#N/A"},{"$error":"#N/A"}]
["2017-02-05",797914.25,{"$error":"#N/A"},{"$error":"#N/A"}]
["2017-02-06",917086.5,{"$error":"#N/A"},{"$error":"#N/A"}]
["2017-02-07",912801.83333333337,{"$error":"#N/A"},{"$error":"#N/A"}]
["2017-02-08",920442.25,{"$error":"#N/A"},{"$error":"#N/A"}]
["2017-02-09",937888.16666666663,{"$error":"#N/A"},{"$error":"#N/A"}]
["2017-02-10",956387.58333333337,{"$error":"#N/A"},{"$error":"#N/A"}]
["2017-02-11",854893.91666666663,{"$error":"#N/A"},{"$error":"#N/A"}]
["2017-02-12",487137.41666666669,{"$error":"#N/A"},{"$error":"#N/A"}]
["2017-02-13",879064.16666666663,{"$error":"#N/A"},{"$error":"#N/A"}]
["2017-02-14",897116.33333333337,{"$error":"#N/A"},{"$error":"#N/A"}]
["2017-02-15",897244.41666666663,{"$error":"#N/A"},{"$error":"#N/A"}]
["2017-02-16",855188,{"$error":"#N/A"},{"$error":"#N/A"}]
["2017-02-17",847501.41666666663,{"$error":"#N/A"},{"$error":"#N/A"}]
["2017-02-18",749046.91666666663,{"$error":"#N/A"},{"$error":"#N/A"}]
["2017-02-19",727297.08333333337,{"$error":"#N/A"},{"$error":"#N/A"}]
["2017-02-20",815540.66666666663,{"$error":"#N/A"},{"$error":"#N/A"}]
["2017-02-21",818683.25,{"$error":"#N/A"},{"$error":"#N/A"}]
["2017-02-22",813713,{"$error":"#N/A"},{"$error":"#N/A"}]
["2017-02-23",822107.5,{"$error":"#N/A"},{"$error":"#N/A"}]
["2017-02-24",810901.5,{"$error":"#N/A"},{"$error":"#N/A"}]
["2017-02-25",738329.25,{"$error":"#N/A"},{"$error":"#N/A"}]
["2017-02-26",736931.33333333337,{"$error":"#N/A"},{"$error":"#N/A"}]
["2017-02-27",844473.83333333337,{"$error":"#N/A"},{"$error":"#N/A"}]
["2017-02-28",844322.75,{"$error":"#N/A"},{"$error":"#N/A"}]
["2017-03-01",881005.58333333337,{"$error":"#N/A"},{"$error":"#N/A"}]
["2017-03-02",836113.08333333337,{"$error":"#N/A"},{"$error":"#N/A"}]
["2017-03-03",872361.16666666663,{"$error":"#N/A"},{"$error":"#N/A"}]
["2017-03-04",763908.66666666663,{"$error":"#N/A"},{"$error":"#N/A"}]
["2017-03-05",751079.16666666663,{"$error":"#N/A"},{"$error":"#N/A"}]
["2017-03-06",849973.25,{"$error":"#N/A"},{"$f":"C707*1000000/B707","v":{"$error":"#N/A"}}]
["2017-03-07",852564.5,{"$error":"#N/A"},{"$error":"#N/A"}]
["2017-03-08",817635.08333333337,{"$error":"#N/A"},{"$error":"#N/A"}]
["2017-03-09",792609.08333333337,{"$error":"#N/A"},{"$error":"#N/A"}]
["2017-03-10",811238.83333333337,{"$error":"#N/A"},{"$error":"#N/A"}]
["2017-03-11",713293.16666666663,{"$error":"#N/A"},{"$error":"#N/A"}]
["2017-03-12",714147.33333333337,{"$error":"#N/A"},{"$error":"#N/A"}]
["2017-03-13",813477.08333333337,{"$error":"#N/A"},{"$error":"#N/A"}]
["2017-03-14",779046.66666666663,{"$error":"#N/A"},{"$error":"#N/A"}]
["2017-03-15",781310.41666666663,{"$error":"#N/A"},{"$error":"#N/A"}]
["2017-03-16",780427,{"$error":"#N/A"},{"$error":"#N/A"}]
["2017-03-17",764909.5,{"$error":"#N/A"},{"$error":"#N/A"}]
["2017-03-18",692950.08333333337,{"$error":"#N/A"},{"$error":"#N/A"}]
["2017-03-19",662110.83333333337,{"$error":"#N/A"},{"$error":"#N/A"}]
["2017-03-20",753976.41666666663,{"$error":"#N/A"},{"$error":"#N/A"}]
["2017-03-21",766832.41666666663,{"$error":"#N/A"},{"$error":"#N/A"}]
["2017-03-22",826634.41666666663,{"$error":"#N/A"},{"$error":"#N/A"}]
["2017-03-23",824022.25,{"$error":"#N/A"},{"$error":"#N/A"}]
["2017-03-24",810490.16666666663,{"$error":"#N/A"},{"$error":"#N/A"}]
["2017-03-25",781310.41666666663,{"$error":"#N/A"},{"$error":"#N/A"}]
["2017-03-26",714147.33333333337,{"$error":"#N/A"},{"$error":"#N/A"}]
["2017-03-27",764909.5,{"$error":"#N/A"},{"$error":"#N/A"}]
["2017-03-28",766832.41666666663,{"$error":"#N/A"},{"$error":"#N/A"}]
["2017-03-29",786412.5,{"$error":"#N/A"},{"$error":"#N/A"}]
["2017-03-30",740549.58333333337,{"$error":"#N/A"},{"$error":"#N/A"}]
["2017-03-31",736302.08333333337,{"$error":"#N/A"},{"$error":"#N/A"}]
["2017-04-01",656444.5,{"$error":"#N/A"},{"$error":"#N/A"}]
["2017-04-02",635592.33333333337,{"$error":"#N/A"},{"$error":"#N/A"}]
["2017-04-03",764909.5,{"$error":"#N/A"},{"$error":"#N/A"}]
["2017-04-04",766832.41666666663,{"$error":"#N/A"},{"$error":"#N/A"}]
["2017-04-05",786412.5,{"$error":"#N/A"},{"$error":"#N/A"}]
["2017-04-06",824022.25,{"$error":"#N/A"},{"$error":"#N/A"}]
["2017-04-07",810490.16666666663,{"$error":"#N/A"},{"$error":"#N/A"}]
["2017-04-08",692950.08333333337,{"$error":"#N/A"},{"$error":"#N/A"}]
["2017-04-09",662110.83333333337,{"$error":"#N/A"},{"$error":"#N/A"}]
["2017-04-10",753976.41666666663,{"$error":"#N/A"},{"$error":"#N/A"}]
["2017-04-11",766832.41666666663,{"$error":"#N/A"},{"$error":"#N/A"}]
["2017-04-12",798270.41666666663,{"$error":"#N/A"},{"$error":"#N/A"}]
["2017-04-13",705373.33333333337,{"$error":"#N/A"},{"$error":"#N/A"}]
["2017-04-14",628018.33333333337,{"$error":"#N/A"},{"$error":"#N/A"}]
["2017-04-15",552504.08333333337,{"$error":"#N/A"},{"$error":"#N/A"}]
["2017-04-16",608782.91666666663,{"$error":"#N/A"},{"$error":"#N/A"}]
["2017-04-17",635571.5,{"$error":"#N/A"},{"$error":"#N/A"}]
["2017-04-18",766832.41666666663,{"$error":"#N/A"},{"$error":"#N/A"}]
["2017-04-19",725803,{"$error":"#N/A"},{"$error":"#N/A"}]
["2017-04-20",725659.5,{"$error":"#N/A"},{"$error":"#N/A"}]
["2017-04-21",684791.16666666663,{"$error":"#N/A"},{"$error":"#N/A"}]
["2017-04-22",608997.91666666663,{"$error":"#N/A"},{"$error":"#N/A"}]
["2017-04-23",604327.58333333337,{"$error":"#N/A"},{"$error":"#N/A"}]
["2017-04-24",705808.66666666663,{"$error":"#N/A"},{"$error":"#N/A"}]
["2017-04-25",693968.41666666663,{"$error":"#N/A"},{"$error":"#N/A"}]
["2017-04-26",744095.91666666663,{"$error":"#N/A"},{"$error":"#N/A"}]
["2017-04-27",772927.25,{"$error":"#N/A"},{"$error":"#N/A"}]
["2017-04-28",768320.5,{"$error":"#N/A"},{"$error":"#N/A"}]
["2017-04-29",649013.25,{"$error":"#N/A"},{"$error":"#N/A"}]
["2017-04-30",570386.91666666663,{"$error":"#N/A"},{"$error":"#N/A"}]
["2017-05-01",605399.16666666663,{"$error":"#N/A"},{"$error":"#N/A"}]
["2017-05-02",709951.41666666663,{"$error":"#N/A"},{"$error":"#N/A"}]
["2017-05-03",705916.66666666663,{"$error":"#N/A"},{"$error":"#N/A"}]
["2017-05-04",691848.33333333337,{"$error":"#N/A"},{"$error":"#N/A"}]
["2017-05-05",694764.08333333337,{"$error":"#N/A"},{"$error":"#N/A"}]
["2017-05-06",587854.66666666663,{"$error":"#N/A"},{"$error":"#N/A"}]
["2017-05-07",null,{"$error":"#N/A"},{"$error":"#N/A"}]
["2017-05-08",689295.75,{"$error":"#N/A"},{"$error":"#N/A"}]
["2017-05-09",734368.66666666663,{"$error":"#N/A"},{"$f":"C771*1000000/B771","v":{"$error":"#N/A"}}]
["2017-05-10",715881,{"$error":"#N/A"},{"$error":"#N/A"}]
["2017-05-11",701087.83333333337,{"$error":"#N/A"},{"$error":"#N/A"}]
["2017-05-12",728265.58333333337,{"$error":"#N/A"},{"$error":"#N/A"}]
["2017-05-13",633809.25,{"$error":"#N/A"},{"$error":"#N/A"}]
["2017-05-14",614360.41666666663,{"$error":"#N/A"},{"$error":"#N/A"}]
["2017-05-15",720587.25,{"$error":"#N/A"},{"$error":"#N/A"}]
["2017-05-16",702320,{"$error":"#N/A"},{"$error":"#N/A"}]
["2017-05-17",752931.75,{"$error":"#N/A"},{"$error":"#N/A"}]
["2017-05-18",726100.08333333337,{"$error":"#N/A"},{"$error":"#N/A"}]
["2017-05-19",706985,{"$error":"#N/A"},{"$error":"#N/A"}]
["2017-05-20",598109.33333333337,{"$error":"#N/A"},{"$error":"#N/A"}]
["2017-05-21",566324.08333333337,{"$error":"#N/A"},{"$error":"#N/A"}]
["2017-05-22",665416.83333333337,{"$error":"#N/A"},{"$error":"#N/A"}]
["2017-05-23",685860.66666666663,{"$error":"#N/A"},{"$error":"#N/A"}]
["2017-05-24",697696.66666666663,{"$error":"#N/A"},{"$error":"#N/A"}]
["2017-05-25",693550.83333333337,{"$error":"#N/A"},{"$error":"#N/A"}]
["2017-05-26",650022.66666666663,{"$error":"#N/A"},{"$error":"#N/A"}]
["2017-05-27",582936.75,{"$error":"#N/A"},{"$error":"#N/A"}]
["2017-05-28",null,{"$error":"#N/A"},{"$error":"#N/A"}]
["2017-05-29",null,{"$error":"#N/A"},{"$error":"#N/A"}]
["2017-05-30",null,{"$error":"#N/A"},{"$error":"#N/A"}]
["2017-05-31",null,{"$error":"#N/A"},{"$error":"#N/A"}]
["2017-06-01",649460.08333333337,{"$error":"#N/A"},{"$error":"#N/A"}]
["2017-06-02",684226.41666666663,{"$error":"#N/A"},{"$error":"#N/A"}]
["2017-06-03",555983.58333333337,{"$error":"#N/A"},{"$error":"#N/A"}]
["2017-06-04",567658.58333333337,{"$error":"#N/A"},{"$error":"#N/A"}]
["2017-06-05",686209.75,{"$error":"#N/A"},{"$error":"#N/A"}]
["2017-06-06",652641.83333333337,{"$error":"#N/A"},{"$error":"#N/A"}]
["2017-06-07",628254.58333333337,{"$error":"#N/A"},{"$error":"#N/A"}]
["2017-06-08",693133.41666666663,{"$error":"#N/A"},{"$error":"#N/A"}]
["2017-06-09",631901.33333333337,{"$error":"#N/A"},{"$error":"#N/A"}]
["2017-06-10",597268.58333333337,{"$error":"#N/A"},{"$error":"#N/A"}]
["2017-06-11",537897.83333333337,{"$error":"#N/A"},{"$error":"#N/A"}]
["2017-06-12",638653.91666666663,{"$error":"#N/A"},{"$error":"#N/A"}]
["2017-06-13",672900.91666666663,{"$error":"#N/A"},{"$error":"#N/A"}]
["2017-06-14",651122.5,{"$error":"#N/A"},{"$error":"#N/A"}]
["2017-06-15",643360.75,{"$error":"#N/A"},{"$error":"#N/A"}]
["2017-06-16",639936.16666666663,{"$error":"#N/A"},{"$error":"#N/A"}]
["2017-06-17",545979.16666666663,{"$error":"#N/A"},{"$error":"#N/A"}]
["2017-06-18",559143.83333333337,{"$error":"#N/A"},{"$error":"#N/A"}]
["2017-06-19",681243.83333333337,{"$error":"#N/A"},{"$error":"#N/A"}]
["2017-06-20",689071.08333333337,{"$error":"#N/A"},{"$error":"#N/A"}]
["2017-06-21",684886.08333333337,{"$error":"#N/A"},{"$error":"#N/A"}]
["2017-06-22",687830.16666666663,{"$error":"#N/A"},{"$error":"#N/A"}]
["2017-06-23",640461.08333333337,{"$error":"#N/A"},{"$error":"#N/A"}]
["2017-06-24",559856.66666666663,{"$error":"#N/A"},{"$error":"#N/A"}]
["2017-06-25",525385.41666666663,{"$error":"#N/A"},{"$error":"#N/A"}]
["2017-06-26",655913.83333333337,{"$error":"#N/A"},{"$error":"#N/A"}]
["2017-06-27",686968.16666666663,{"$error":"#N/A"},{"$error":"#N/A"}]
["2017-06-28",692905.91666666663,{"$error":"#N/A"},{"$error":"#N/A"}]
["2017-06-29",688593.75,{"$error":"#N/A"},{"$error":"#N/A"}]
["2017-06-30",670139.33333333337,{"$error":"#N/A"},{"$error":"#N/A"}]
["2017-07-01",547260.91666666663,{"$error":"#N/A"},{"$error":"#N/A"}]
["2017-07-02",539219,{"$error":"#N/A"},{"$error":"#N/A"}]
["2017-07-03",663703.33333333337,{"$error":"#N/A"},{"$error":"#N/A"}]
["2017-07-04",701051.25,{"$error":"#N/A"},{"$error":"#N/A"}]
["2017-07-05",674585.66666666663,{"$error":"#N/A"},{"$error":"#N/A"}]
["2017-07-06",680500.83333333337,{"$error":"#N/A"},{"$error":"#N/A"}]
["2017-07-07",670852.16666666663,{"$error":"#N/A"},{"$error":"#N/A"}]
["2017-07-08",588845.66666666663,{"$error":"#N/A"},{"$error":"#N/A"}]
["2017-07-09",570766.75,{"$error":"#N/A"},{"$error":"#N/A"}]
["2017-07-10",686949.41666666663,{"$error":"#N/A"},{"$error":"#N/A"}]
["2017-07-11",718868.66666666663,{"$error":"#N/A"},{"$error":"#N/A"}]
["2017-07-12",666514.66666666663,{"$error":"#N/A"},{"$f":"C835*1000000/B835","v":{"$error":"#N/A"}}]
["2017-07-13",666714.66666666663,{"$error":"#N/A"},{"$error":"#N/A"}]
["2017-07-14",640892.91666666663,{"$error":"#N/A"},{"$error":"#N/A"}]
["2017-07-15",581941.41666666663,{"$error":"#N/A"},{"$error":"#N/A"}]
["2017-07-16",562063.41666666663,{"$error":"#N/A"},{"$error":"#N/A"}]
["2017-07-17",670541,{"$error":"#N/A"},{"$error":"#N/A"}]
["2017-07-18",661363.41666666663,{"$error":"#N/A"},{"$error":"#N/A"}]
["2017-07-19",671410.5,{"$error":"#N/A"},{"$error":"#N/A"}]
["2017-07-20",666772.66666666663,{"$error":"#N/A"},{"$error":"#N/A"}]
["2017-07-21",642530.08333333337,{"$error":"#N/A"},{"$error":"#N/A"}]
["2017-07-22",577871.75,{"$error":"#N/A"},{"$error":"#N/A"}]
["2017-07-23",561577.33333333337,{"$error":"#N/A"},{"$error":"#N/A"}]
["2017-07-24",663393.33333333337,{"$error":"#N/A"},{"$error":"#N/A"}]
["2017-07-25",663386.91666666663,{"$error":"#N/A"},{"$error":"#N/A"}]
["2017-07-26",676396.25,{"$error":"#N/A"},{"$error":"#N/A"}]
["2017-07-27",638297,{"$error":"#N/A"},{"$error":"#N/A"}]
["2017-07-28",620165.5,{"$error":"#N/A"},{"$error":"#N/A"}]
["2017-07-29",530267.83333333337,{"$error":"#N/A"},{"$error":"#N/A"}]
["2017-07-30",540244.75,{"$error":"#N/A"},{"$error":"#N/A"}]
["2017-07-31",622140.33333333337,{"$error":"#N/A"},{"$error":"#N/A"}]
["2017-08-01",641551.83333333337,{"$error":"#N/A"},{"$error":"#N/A"}]
["2017-08-02",672122.41666666663,{"$error":"#N/A"},{"$error":"#N/A"}]
["2017-08-03",621683,{"$error":"#N/A"},{"$error":"#N/A"}]
["2017-08-04",595244.33333333337,{"$error":"#N/A"},{"$error":"#N/A"}]
["2017-08-05",536817.41666666663,{"$error":"#N/A"},{"$error":"#N/A"}]
["2017-08-06",533445.66666666663,{"$error":"#N/A"},{"$error":"#N/A"}]
["2017-08-07",668425.91666666663,{"$error":"#N/A"},{"$error":"#N/A"}]
["2017-08-08",684049.75,{"$error":"#N/A"},{"$error":"#N/A"}]
["2017-08-09",650396.91666666663,{"$error":"#N/A"},{"$error":"#N/A"}]
["2017-08-10",636218.66666666663,{"$error":"#N/A"},{"$error":"#N/A"}]
["2017-08-11",635519.5,{"$error":"#N/A"},{"$error":"#N/A"}]
["2017-08-12",553707,{"$error":"#N/A"},{"$error":"#N/A"}]
["2017-08-13",564237.58333333337,{"$error":"#N/A"},{"$error":"#N/A"}]
["2017-08-14",669774.33333333337,{"$error":"#N/A"},{"$error":"#N/A"}]
["2017-08-15",661825.08333333337,{"$error":"#N/A"},{"$error":"#N/A"}]
["2017-08-16",666305.19444444438,{"$error":"#N/A"},{"$error":"#N/A"}]
["2017-08-17",644343.16666666663,{"$error":"#N/A"},{"$error":"#N/A"}]
["2017-08-18",608816.91666666663,{"$error":"#N/A"},{"$error":"#N/A"}]
["2017-08-19",529639.33333333337,{"$error":"#N/A"},{"$error":"#N/A"}]
["2017-08-20",568364.66666666663,{"$error":"#N/A"},{"$error":"#N/A"}]
["2017-08-21",686301.33333333337,{"$error":"#N/A"},{"$error":"#N/A"}]
["2017-08-22",681449.33333333337,{"$error":"#N/A"},{"$error":"#N/A"}]
["2017-08-23",682200.41666666663,{"$error":"#N/A"},{"$error":"#N/A"}]
["2017-08-24",668060.75,{"$error":"#N/A"},{"$error":"#N/A"}]
["2017-08-25",668425.91666666663,{"$error":"#N/A"},{"$error":"#N/A"}]
["2017-08-26",589823,{"$error":"#N/A"},{"$error":"#N/A"}]
["2017-08-27",547933,{"$error":"#N/A"},{"$error":"#N/A"}]
["2017-08-28",551573.16666666663,{"$error":"#N/A"},{"$error":"#N/A"}]
["2017-08-29",661660.47916666674,{"$error":"#N/A"},{"$error":"#N/A"}]
["2017-08-30",705255.91666666663,{"$error":"#N/A"},{"$error":"#N/A"}]
["2017-08-31",367232.58333333331,{"$error":"#N/A"},{"$error":"#N/A"}]
["2017-09-01",673060.41666666663,{"$error":"#N/A"},{"$error":"#N/A"}]
["2017-09-02",584403.5,{"$error":"#N/A"},{"$error":"#N/A"}]
["2017-09-03",570095.66666666663,{"$error":"#N/A"},{"$error":"#N/A"}]
["2017-09-04",691992.25,{"$error":"#N/A"},{"$error":"#N/A"}]
["2017-09-05",703236.41666666663,{"$error":"#N/A"},{"$error":"#N/A"}]
["2017-09-06",676932.5,{"$error":"#N/A"},{"$error":"#N/A"}]
["2017-09-07",690445.75,{"$error":"#N/A"},{"$error":"#N/A"}]
["2017-09-08",668625.25,{"$error":"#N/A"},{"$error":"#N/A"}]
["2017-09-09",590879.66666666663,{"$error":"#N/A"},{"$error":"#N/A"}]
["2017-09-10",596060,{"$error":"#N/A"},{"$error":"#N/A"}]
["2017-09-11",643288.91666666663,{"$error":"#N/A"},{"$error":"#N/A"}]
["2017-09-12",665071.91666666663,{"$error":"#N/A"},{"$error":"#N/A"}]
["2017-09-13",658389.58333333337,{"$error":"#N/A"},{"$error":"#N/A"}]
["2017-09-14",682740.33333333337,{"$error":"#N/A"},{"$f":"C899*1000000/B899","v":{"$error":"#N/A"}}]
["2017-09-15",679706.83333333337,{"$error":"#N/A"},{"$error":"#N/A"}]
["2017-09-16",619932.83333333337,{"$error":"#N/A"},{"$error":"#N/A"}]
["2017-09-17",607850,{"$error":"#N/A"},{"$error":"#N/A"}]
["2017-09-18",718586.08333333337,{"$error":"#N/A"},{"$error":"#N/A"}]
["2017-09-19",720093.75,{"$error":"#N/A"},{"$error":"#N/A"}]
["2017-09-20",709826.25,{"$error":"#N/A"},{"$error":"#N/A"}]
["2017-09-21",730044.08333333337,{"$error":"#N/A"},{"$error":"#N/A"}]
["2017-09-22",682522.91666666663,{"$error":"#N/A"},{"$error":"#N/A"}]
["2017-09-23",610350.91666666663,{"$error":"#N/A"},{"$error":"#N/A"}]
["2017-09-24",603454.33333333337,{"$error":"#N/A"},{"$error":"#N/A"}]
["2017-09-25",727545.75,{"$error":"#N/A"},{"$error":"#N/A"}]
["2017-09-26",728652,{"$error":"#N/A"},{"$error":"#N/A"}]
["2017-09-27",705923.58333333337,{"$error":"#N/A"},{"$error":"#N/A"}]
["2017-09-28",717234.83333333337,{"$error":"#N/A"},{"$error":"#N/A"}]
["2017-09-29",702821.58333333337,{"$error":"#N/A"},{"$error":"#N/A"}]
["2017-09-30",629552.5,{"$error":"#N/A"},{"$error":"#N/A"}]
["2017-10-01",619407.5,{"$error":"#N/A"},{"$error":"#N/A"}]
["2017-10-02",673161.91666666663,{"$error":"#N/A"},{"$error":"#N/A"}]
["2017-10-03",683908.33333333337,{"$error":"#N/A"},{"$error":"#N/A"}]
["2017-10-04",701997.91666666663,{"$error":"#N/A"},{"$error":"#N/A"}]
["2017-10-05",694724.58333333337,{"$error":"#N/A"},{"$error":"#N/A"}]
["2017-10-06",709351.91666666663,{"$error":"#N/A"},{"$error":"#N/A"}]
["2017-10-07",649596.66666666663,{"$error":"#N/A"},{"$error":"#N/A"}]
["2017-10-08",637582.16666666663,{"$error":"#N/A"},{"$error":"#N/A"}]
["2017-10-09",744303.75,{"$error":"#N/A"},{"$error":"#N/A"}]
["2017-10-10",724777.75,{"$error":"#N/A"},{"$error":"#N/A"}]
["2017-10-11",728349.83333333337,{"$error":"#N/A"},{"$error":"#N/A"}]
["2017-10-12",715044.08333333337,{"$error":"#N/A"},{"$error":"#N/A"}]
["2017-10-13",717981.25,{"$error":"#N/A"},{"$error":"#N/A"}]
["2017-10-14",641440.16666666663,{"$error":"#N/A"},{"$error":"#N/A"}]
["2017-10-15",619760.33333333337,{"$error":"#N/A"},{"$error":"#N/A"}]
["2017-10-16",695843.66666666663,{"$error":"#N/A"},{"$error":"#N/A"}]
["2017-10-17",719237.08333333337,{"$error":"#N/A"},{"$error":"#N/A"}]
["2017-10-18",761466.66666666663,{"$error":"#N/A"},{"$error":"#N/A"}]
["2017-10-19",754846.08333333337,{"$error":"#N/A"},{"$error":"#N/A"}]
["2017-10-20",731663.66666666663,{"$error":"#N/A"},{"$error":"#N/A"}]
["2017-10-21",614043.25,{"$error":"#N/A"},{"$error":"#N/A"}]
["2017-10-22",618846.91666666663,{"$error":"#N/A"},{"$error":"#N/A"}]
["2017-10-23",749909,{"$error":"#N/A"},{"$error":"#N/A"}]
["2017-10-24",753990.58333333337,{"$error":"#N/A"},{"$error":"#N/A"}]
["2017-10-25",743383.83333333337,{"$error":"#N/A"},{"$error":"#N/A"}]
["2017-10-26",780745.41666666663,{"$error":"#N/A"},{"$error":"#N/A"}]
["2017-10-27",734332.75,{"$error":"#N/A"},{"$error":"#N/A"}]
["2017-10-28",644732.91666666663,{"$error":"#N/A"},{"$error":"#N/A"}]
["2017-10-29",659990,{"$error":"#N/A"},{"$error":"#N/A"}]
["2017-10-30",804163,{"$error":"#N/A"},{"$error":"#N/A"}]
["2017-10-31",797566.08333333337,{"$error":"#N/A"},{"$error":"#N/A"}]
["2017-11-01",791078.08333333337,{"$error":"#N/A"},{"$error":"#N/A"}]
["2017-11-02",811455.83333333337,{"$error":"#N/A"},{"$error":"#N/A"}]
["2017-11-03",802338.08333333337,{"$error":"#N/A"},{"$error":"#N/A"}]
["2017-11-04",705749.91666666663,{"$error":"#N/A"},{"$error":"#N/A"}]
["2017-11-05",701863,{"$error":"#N/A"},{"$error":"#N/A"}]
["2017-11-06",815498.33333333337,{"$error":"#N/A"},{"$error":"#N/A"}]
["2017-11-07",846471.25,{"$error":"#N/A"},{"$error":"#N/A"}]
["2017-11-08",839956.16666666663,{"$error":"#N/A"},{"$error":"#N/A"}]
["2017-11-09",824648.33333333337,{"$error":"#N/A"},{"$error":"#N/A"}]
["2017-11-10",783274.33333333337,{"$error":"#N/A"},{"$error":"#N/A"}]
["2017-11-11",733230.41666666663,{"$error":"#N/A"},{"$error":"#N/A"}]
["2017-11-12",715339.75,{"$error":"#N/A"},{"$error":"#N/A"}]
["2017-11-13",862409.16666666663,{"$error":"#N/A"},{"$error":"#N/A"}]
["2017-11-14",870987.41666666663,{"$error":"#N/A"},{"$error":"#N/A"}]
["2017-11-15",857724.25,{"$error":"#N/A"},{"$error":"#N/A"}]
["2017-11-16",832000.16666666663,{"$error":"#N/A"},{"$error":"#N/A"}]
["2017-11-17",829532.5,{"$error":"#N/A"},{"$f":"C963*1000000/B963","v":{"$error":"#N/A"}}]
["2017-11-18",768075.83333333337,{"$error":"#N/A"},{"$error":"#N/A"}]
["2017-11-19",766337.25,{"$error":"#N/A"},{"$error":"#N/A"}]
["2017-11-20",856646,{"$error":"#N/A"},{"$error":"#N/A"}]
["2017-11-21",827914,{"$error":"#N/A"},{"$error":"#N/A"}]
["2017-11-22",800582,{"$error":"#N/A"},{"$error":"#N/A"}]
["2017-11-23",788458.58333333337,{"$error":"#N/A"},{"$error":"#N/A"}]
["2017-11-24",838601.83333333337,{"$error":"#N/A"},{"$error":"#N/A"}]
["2017-11-25",769133.16666666663,{"$error":"#N/A"},{"$error":"#N/A"}]
["2017-11-26",764195.5,{"$error":"#N/A"},{"$error":"#N/A"}]
["2017-11-27",857735.25,{"$error":"#N/A"},{"$error":"#N/A"}]
["2017-11-28",869116.16666666663,{"$error":"#N/A"},{"$error":"#N/A"}]
["2017-11-29",892406.58333333337,{"$error":"#N/A"},{"$error":"#N/A"}]
["2017-11-30",901036.58333333337,{"$error":"#N/A"},{"$error":"#N/A"}]
["2017-12-01",908582.75,{"$error":"#N/A"},{"$error":"#N/A"}]
["2017-12-02",822573.83333333337,{"$error":"#N/A"},{"$error":"#N/A"}]
["2017-12-03",788076.58333333337,{"$error":"#N/A"},{"$error":"#N/A"}]
["2017-12-04",888019.83333333337,{"$error":"#N/A"},{"$error":"#N/A"}]
["2017-12-05",882400,{"$error":"#N/A"},{"$error":"#N/A"}]
["2017-12-06",846243.5,{"$error":"#N/A"},{"$error":"#N/A"}]
["2017-12-07",823907.41666666663,{"$error":"#N/A"},{"$error":"#N/A"}]
["2017-12-08",867350.25,{"$error":"#N/A"},{"$error":"#N/A"}]
["2017-12-09",830630.25,{"$error":"#N/A"},{"$error":"#N/A"}]
["2017-12-10",864713.25,{"$error":"#N/A"},{"$error":"#N/A"}]
["2017-12-11",983481.75,{"$error":"#N/A"},{"$error":"#N/A"}]
["2017-12-12",988270.5,{"$error":"#N/A"},{"$error":"#N/A"}]
["2017-12-13",948619.33333333337,{"$error":"#N/A"},{"$error":"#N/A"}]
["2017-12-14",930789.91666666663,{"$error":"#N/A"},{"$error":"#N/A"}]
["2017-12-15",908784.75,{"$error":"#N/A"},{"$error":"#N/A"}]
["2017-12-16",842101.75,{"$error":"#N/A"},{"$error":"#N/A"}]
["2017-12-17",799847,{"$error":"#N/A"},{"$error":"#N/A"}]
["2017-12-18",927993.83333333337,{"$error":"#N/A"},{"$error":"#N/A"}]
["2017-12-19",925720.5,{"$error":"#N/A"},{"$error":"#N/A"}]
["2017-12-20",894326.16666666663,{"$error":"#N/A"},{"$error":"#N/A"}]
["2017-12-21",881081.41666666663,{"$error":"#N/A"},{"$error":"#N/A"}]
["2017-12-22",809399.83333333337,{"$error":"#N/A"},{"$error":"#N/A"}]
["2017-12-23",735210.91666666663,{"$error":"#N/A"},{"$error":"#N/A"}]
["2017-12-24",688183.75,{"$error":"#N/A"},{"$error":"#N/A"}]
["2017-12-25",661138.25,{"$error":"#N/A"},{"$error":"#N/A"}]
["2017-12-26",661138.25,{"$error":"#N/A"},{"$error":"#N/A"}]
["2017-12-27",759969.83333333337,{"$error":"#N/A"},{"$error":"#N/A"}]
["2017-12-28",806502.58333333337,{"$error":"#N/A"},{"$error":"#N/A"}]
["2017-12-29",821354.41666666663,{"$error":"#N/A"},{"$error":"#N/A"}]
["2017-12-30",744521.58333333337,{"$error":"#N/A"},{"$error":"#N/A"}]
["2017-12-31",700036.66666666663,{"$error":"#N/A"},{"$error":"#N/A"}]
["2018-01-01",700037.66666666698,{"$error":"#N/A"},{"$error":"#N/A"}]
["2018-01-02",855889,{"$error":"#N/A"},{"$error":"#N/A"}]
["2018-01-03",848291.83333333337,{"$error":"#N/A"},{"$error":"#N/A"}]
["2018-01-04",869502.25,{"$error":"#N/A"},{"$error":"#N/A"}]
["2018-01-05",882554.58333333337,{"$error":"#N/A"},{"$error":"#N/A"}]
["2018-01-06",806405,{"$error":"#N/A"},{"$error":"#N/A"}]
["2018-01-07",833319.41666666663,{"$error":"#N/A"},{"$error":"#N/A"}]
["2018-01-08",924162.41666666663,{"$error":"#N/A"},{"$error":"#N/A"}]
["2018-01-09",939264.5,{"$error":"#N/A"},{"$error":"#N/A"}]
["2018-01-10",931830.41666666663,{"$error":"#N/A"},{"$error":"#N/A"}]
["2018-01-11",943472.16666666663,{"$error":"#N/A"},{"$error":"#N/A"}]
["2018-01-12",904405.25,{"$error":"#N/A"},{"$error":"#N/A"}]
["2018-01-13",806543.16666666663,{"$error":"#N/A"},{"$error":"#N/A"}]
["2018-01-14",798668,{"$error":"#N/A"},{"$error":"#N/A"}]
["2018-01-15",868120.5,{"$error":"#N/A"},{"$error":"#N/A"}]
["2018-01-16",875246.83333333337,{"$error":"#N/A"},{"$error":"#N/A"}]
["2018-01-17",880038.91666666663,{"$error":"#N/A"},{"$error":"#N/A"}]
["2018-01-18",896149.83333333337,{"$error":"#N/A"},{"$error":"#N/A"}]
["2018-01-19",892407.08333333337,{"$error":"#N/A"},{"$error":"#N/A"}]
["2018-01-20",864297.33333333337,{"$error":"#N/A"},{"$f":"C1027*1000000/B1027","v":{"$error":"#N/A"}}]
["2018-01-21",832171.75,{"$error":"#N/A"},{"$error":"#N/A"}]
["2018-01-22",885980.66666666663,{"$error":"#N/A"},{"$error":"#N/A"}]
["2018-01-23",856872.75,{"$error":"#N/A"},{"$error":"#N/A"}]
["2018-01-24",831946.75,{"$error":"#N/A"},{"$error":"#N/A"}]
["2018-01-25",842956.25,{"$error":"#N/A"},{"$error":"#N/A"}]
["2018-01-26",873239.66666666663,{"$error":"#N/A"},{"$error":"#N/A"}]
["2018-01-27",788397.83333333337,{"$error":"#N/A"},{"$error":"#N/A"}]
["2018-01-28",739798.25,{"$error":"#N/A"},{"$error":"#N/A"}]
["2018-01-29",825434.91666666663,{"$error":"#N/A"},{"$error":"#N/A"}]
["2018-01-30",858825.08333333337,{"$error":"#N/A"},{"$error":"#N/A"}]
["2018-01-31",845807.83333333337,{"$error":"#N/A"},{"$error":"#N/A"}]
["2018-02-01",842281.91666666663,{"$error":"#N/A"},{"$error":"#N/A"}]
["2018-02-02",869063.58333333337,{"$error":"#N/A"},{"$error":"#N/A"}]
["2018-02-03",830605,{"$error":"#N/A"},{"$error":"#N/A"}]
["2018-02-04",808703.91666666663,{"$error":"#N/A"},{"$error":"#N/A"}]
["2018-02-05",921132.5,{"$error":"#N/A"},{"$error":"#N/A"}]
["2018-02-06",937287.75,{"$error":"#N/A"},{"$error":"#N/A"}]
["2018-02-07",940674.33333333337,{"$error":"#N/A"},{"$error":"#N/A"}]
["2018-02-08",938419,{"$error":"#N/A"},{"$error":"#N/A"}]
["2018-02-09",873991.58333333337,{"$error":"#N/A"},{"$error":"#N/A"}]
["2018-02-10",802780.58333333337,{"$error":"#N/A"},{"$error":"#N/A"}]
["2018-02-11",784809.08333333337,{"$error":"#N/A"},{"$error":"#N/A"}]
["2018-02-12",861913.66666666663,{"$error":"#N/A"},{"$error":"#N/A"}]
["2018-02-13",898724.41666666663,{"$error":"#N/A"},{"$error":"#N/A"}]
["2018-02-14",899325.58333333337,{"$error":"#N/A"},{"$error":"#N/A"}]
["2018-02-15",849363.25,{"$error":"#N/A"},{"$error":"#N/A"}]
["2018-02-16",848814.58333333337,{"$error":"#N/A"},{"$error":"#N/A"}]
["2018-02-17",787175,{"$error":"#N/A"},{"$error":"#N/A"}]
["2018-02-18",784796.41666666663,{"$error":"#N/A"},{"$error":"#N/A"}]
["2018-02-19",898518.5,{"$error":"#N/A"},{"$error":"#N/A"}]
["2018-02-20",841328,{"$error":"#N/A"},{"$error":"#N/A"}]
["2018-02-21",869703.25,{"$error":"#N/A"},{"$error":"#N/A"}]
["2018-02-22",873842,{"$error":"#N/A"},{"$error":"#N/A"}]
["2018-02-23",866953.5,{"$error":"#N/A"},{"$error":"#N/A"}]
["2018-02-24",780864.08333333337,{"$error":"#N/A"},{"$error":"#N/A"}]
["2018-02-25",773235.41666666663,{"$error":"#N/A"},{"$error":"#N/A"}]
["2018-02-26",913589.08333333337,{"$error":"#N/A"},{"$error":"#N/A"}]
["2018-02-27",934197,{"$error":"#N/A"},{"$error":"#N/A"}]
["2018-02-28",947292.66666666663,{"$error":"#N/A"},{"$error":"#N/A"}]
["2018-03-01",971292.58333333337,{"$error":"#N/A"},{"$error":"#N/A"}]
["2018-03-02",943597.83333333337,{"$error":"#N/A"},{"$error":"#N/A"}]
["2018-03-03",851738.33333333337,{"$error":"#N/A"},{"$error":"#N/A"}]
["2018-03-04",832684.25,{"$error":"#N/A"},{"$error":"#N/A"}]
["2018-03-05",916218.83333333337,{"$error":"#N/A"},{"$error":"#N/A"}]
["2018-03-06",897451.83333333337,{"$error":"#N/A"},{"$error":"#N/A"}]
["2018-03-07",885405.16666666663,{"$error":"#N/A"},{"$error":"#N/A"}]
["2018-03-08",888165.33333333337,{"$error":"#N/A"},{"$error":"#N/A"}]
["2018-03-09",879482.41666666663,{"$error":"#N/A"},{"$error":"#N/A"}]
["2018-03-10",747944.25,{"$error":"#N/A"},{"$error":"#N/A"}]
["2018-03-11",734981.91666666663,{"$error":"#N/A"},{"$error":"#N/A"}]
["2018-03-12",866046.16666666663,{"$error":"#N/A"},{"$error":"#N/A"}]
["2018-03-13",846826.33333333337,{"$error":"#N/A"},{"$error":"#N/A"}]
["2018-03-14",803223,{"$error":"#N/A"},{"$error":"#N/A"}]
["2018-03-15",813932.33333333337,{"$error":"#N/A"},{"$error":"#N/A"}]
["2018-03-16",774039.58333333337,{"$error":"#N/A"},{"$error":"#N/A"}]
["2018-03-17",745319.25,{"$error":"#N/A"},{"$error":"#N/A"}]
["2018-03-18",764646.25,{"$error":"#N/A"},{"$error":"#N/A"}]
["2018-03-19",868254.41666666663,{"$error":"#N/A"},{"$error":"#N/A"}]
["2018-03-20",881827.83333333337,{"$error":"#N/A"},{"$error":"#N/A"}]
["2018-03-21",869782.08333333337,{"$error":"#N/A"},{"$error":"#N/A"}]
["2018-03-22",818939.58333333337,{"$error":"#N/A"},{"$error":"#N/A"}]
["2018-03-23",783672.5,{"$error":"#N/A"},{"$error":"#N/A"}]
["2018-03-24",766294.91666666663,{"$error":"#N/A"},{"$error":"#N/A"}]
["2018-03-25",658258.08333333337,{"$error":"#N/A"},{"$f":"C1091*1000000/B1091","v":{"$error":"#N/A"}}]
["2018-03-26",794680.58333333337,{"$error":"#N/A"},{"$error":"#N/A"}]
["2018-03-27",797540.75,{"$error":"#N/A"},{"$error":"#N/A"}]
["2018-03-28",839287.66666666663,{"$error":"#N/A"},{"$error":"#N/A"}]
["2018-03-29",784158.83333333337,{"$error":"#N/A"},{"$error":"#N/A"}]
["2018-03-30",715653.75,{"$error":"#N/A"},{"$error":"#N/A"}]
["2018-03-31",697170.08333333337,{"$error":"#N/A"},{"$error":"#N/A"}]
["2018-04-01",700127.66666666698,2.2092423444525817,3.1554849917171022]
["2018-04-02",700128.66666666698,1.8974106144525673,2.7100884520072501]
["2018-04-03",700129.66666666698,1.4576043633850682,2.0819062993356008]
["2018-04-04",700130.66666666698,1.0940871133850674,1.562689888437587]
["2018-04-05",700131.66666666698,1.1157440033850521,1.593620252454969]
["2018-04-06",700132.66666666698,1.4294660833850672,2.041707452661448]
["2018-04-07",700133.66666666698,1.5759960133850675,2.2509930437831636]
["2018-04-08",700134.66666666698,1.2661168933850673,1.8083905192311576]
["2018-04-09",700135.66666666698,1.6799999433850676,2.3995348664117007]
["2018-04-10",700136.66666666698,2.8398052433850678,4.0560727334926039]
["2018-04-11",700137.66666666698,2.5172398733850674,3.5953498765029539]
["2018-04-12",700138.66666666698,1.8373230933850675,2.6242274293069565]
["2018-04-13",700139.66666666698,1.6493315734927707,2.3557179403149133]
["2018-04-14",700140.66666666698,2.641944525676454E-4,3.7734481818555311E-4]
["2018-04-15",700141.66666666698,1.8127092844525676,2.58906071550172]
["2018-04-16",700142.66666666698,2.3221935544525678,3.3167433796148691]
["2018-04-17",700143.66666666698,7.8693083744525669,11.239562319998939]
["2018-04-18",657101,3.2357690744525667,4.9243100747869297]
["2018-04-19",663262,2.5628165944525678,3.8639581258274527]
["2018-04-20",675034.5,0.34984918445257762,0.51826859879395437]
["2018-04-21",596432.33333333337,1.1391715644525895,1.9099762048210935]
["2018-04-22",576466,2.2155463544525587,3.8433252862312068]
["2018-04-23",700149.66666666698,3.2882715044525552,4.6965265585394658]
["2018-04-24",700150.66666666698,2.4969304444525662,3.5662758936446513]
["2018-04-25",700151.66666666698,1.200279124452567,1.7143130290140467]
["2018-04-26",700152.66666666698,2.3891880844525675,3.412381610752369]
["2018-04-27",700153.66666666698,0.98007872445256705,1.3998051729395118]
["2018-04-28",700154.66666666698,1.9153114944525671,2.7355548504319516]
["2018-04-29",649538,1.7143027544525671,2.6392647611880555]
["2018-04-30",742666.16666666663,1.6831457644525676,2.2663557867555579]
["2018-05-01",744455.41666666663,3.6279979251004182,4.8733582211611086]
["2018-05-02",735574.41666666663,2.2378726311351591,3.0423470153792405]
["2018-05-03",717547.08333333337,2.0867639511351577,2.908190973951406]
["2018-05-04",700160.66666666698,1.5529682078018241,2.2180169234516032]
["2018-05-05",700161.66666666698,1.9308096228018392,2.7576625724085222]
["2018-05-06",700162.66666666698,2.1140958478018383,3.019435266188387]
["2018-05-07",700163.66666666698,2.0278386178018537,2.8962351437856952]
["2018-05-08",700164.66666666698,1.1133368678018245,1.5901071859312488]
["2018-05-09",700165.66666666698,1.7948248978018246,2.5634288901176587]
["2018-05-10",700166.66666666698,0.89357415780183902,1.276230646705792]
["2018-05-11",700167.66666666698,2.9797736078018238,4.2558000742705282]
["2018-05-12",700168.66666666698,1.4360316078018243,2.0509795370284452]
["2018-05-13",700169.66666666698,0.94758037780182458,1.3533582257469368]
["2018-05-14",700170.66666666698,0.81160923780182492,1.1591591542469044]
["2018-05-15",700171.66666666698,1.5738968478018249,2.2478728042434701]
["2018-05-16",682232.25,1.4419445778018249,2.1135684773064085]
["2018-05-17",649931,1.3266899278018249,2.0412781169106027]
["2018-05-18",667959.33333333337,0.75201257780182518,1.1258358709489675]
["2018-05-19",564274.08333333337,2.8733325378018462,5.0920866697053038]
["2018-05-20",535436.83333333337,4.1563252478018384,7.762494077829607]
["2018-05-21",642757.16666666663,1.9182366078018389,2.9843877396961567]
["2018-05-22",647886.5,0.97683679780183919,1.5077282792616287]
["2018-05-23",653552.33333333337,1.6964661478018388,2.5957617489471723]
["2018-05-24",668097.25,2.0370646878018386,3.0490541426444109]
["2018-05-25",700181.66666666698,2.4037021478018383,3.4329692738815458]
["2018-05-26",700182.66666666698,4.3752353378018389,6.2487055822602064]
["2018-05-27",700183.66666666698,3.1654988778018391,4.5209550415131616]
["2018-05-28",700184.66666666698,1.5337061978018389,{"$f":"C1155*1000000/B1155","v":2.1904309974442526}]
["2018-05-29",700185.66666666698,2.267698517801839,3.2387102817993103]
["2018-05-30",700186.66666666698,2.5786680278018386,3.6828293804535517]
["2018-05-31",700187.66666666698,1.8624008878018385,2.6598596011666937]
["2018-06-01",700188.66666666698,1.5976218614013979,2.2817019718514877]
["2018-06-02",700189.66666666698,2.1178164353116973,3.0246325190627346]
["2018-06-03",700190.66666666698,2.9067184519646028,4.1513241897415583]
["2018-06-04",674282.58333333337,2.1079188305217369,3.1261653238931153]
["2018-06-05",673315.66666666663,1.6506304057259866,2.4514956170523088]
["2018-06-06",690941.33333333337,1.3254118798771093,1.9182697805657054]
["2018-06-07",673242,1.8035079560725829,2.6788405299618603]
["2018-06-08",655835.75,1.7030865286448569,2.5968186830999329]
["2018-06-09",700196.66666666698,1.4531537749355283,2.0753508894199171]
["2018-06-10",700197.66666666698,2.0013885362273438,2.8583193453858167]
["2018-06-11",700198.66666666698,1.5069112053078373,2.1521195012860685]
["2018-06-12",700199.66666666698,1.9113022239483892,2.7296531474332633]
["2018-06-13",700200.66666666698,3.9127538615500885,5.5880464669891108]
["2018-06-14",608546.16666666663,9.0164764595299474,14.816421421102723]
["2018-06-15",617016.08333333337,3.3397159771854277,5.4126886922349442]
["2018-06-16",584925.16666666663,2.714169616824825,4.6401997580171797]
["2018-06-17",547453.41666666663,3.6085878873913879,6.591588941691791]
["2018-06-18",611896.16666666663,7.5775584069398612,12.383732436532442]
["2018-06-19",667049.25,4.4350738834297205,6.6487952477717647]
["2018-06-20",646779.91666666663,4.7374159119207224,7.324618142653712]
["2018-06-21",637909.58333333337,8.0207020241921132,12.573415157491018]
["2018-06-22",643408,3.62711055267033,5.6373413956157368]
["2018-06-23",700210.66666666698,3.011366550595342,4.3006579218949454]
["2018-06-24",700211.66666666698,2.2569368938940122,3.2232209220935735]
["2018-06-25",700212.66666666698,1.9635526846834703,2.8042233140838202]
["2018-06-26",658486.08333333337,2.2273120323907998,3.3824739637865791]
["2018-06-27",659956.5,1.3634110577111818,2.0659104921478639]
["2018-06-28",666270.66666666663,1.1512063246928985,1.7278358215173291]
["2018-06-29",647325.41666666663,1.1528757759575039,1.7809833296738369]
["2018-06-30",557243.75,2.4917038972517473,4.471479307308063]
["2018-07-01",700218.66666666698,4.2097226909034653,6.012011520549005]
["2018-07-02",700219.66666666698,2.4801932239228366,3.5420216569031462]
["2018-07-03",700220.66666666698,1.5784657620638152,2.2542404661918214]
["2018-07-04",700221.66666666698,1.3611596086939257,1.9438981589552713]
["2018-07-05",700222.66666666698,1.7104150241304032,2.4426730318123604]
["2018-07-06",700223.66666666698,1.9074229236843423,2.72401950188917]
["2018-07-07",700224.66666666698,2.4814291298911106,3.5437613783353954]
["2018-07-08",700225.66666666698,2.1287820719490647,3.0401371633274374]
["2018-07-09",700226.66666666698,1.7384928434653424,2.4827572645029345]
["2018-07-10",700227.66666666698,1.8378733491767218,2.6246797101372095]
["2018-07-11",700228.66666666698,1.2768984898791018,1.8235450084578579]
["2018-07-12",700229.66666666698,1.5196528975008481,2.1702206716475132]
["2018-07-13",700230.66666666698,1.9768221419381125,2.8231013522279014]
["2018-07-14",700231.66666666698,2.2360636503958937,3.1933198066295572]
["2018-07-15",551313.5,2.5510710738344891,4.6272603044084519]
["2018-07-16",684659.16666666663,2.0632111701978979,3.0134865209544377]
["2018-07-17",677833.91666666663,1.992344852406349,2.9392817376326561]
["2018-07-18",684209.25,1.3408567503209807,1.9597173676342154]
["2018-07-19",672748.66666666663,1.2676783689817752,1.8843268397139523]
["2018-07-20",670491.83333333337,1.1403622140314609,1.7007846439563308]
["2018-07-21",589127.91666666663,1.3207528744569705,2.2418779302293075]
["2018-07-22",564789.91666666663,1.7835238538905527,3.1578535686627185]
["2018-07-23",677250.58333333337,1.7620564711788205,2.6017791856394172]
["2018-07-24",681335.75,1.0357757274450539,1.5202133859041653]
["2018-07-25",676678.5,1.1750996938625482,1.7365701642102536]
["2018-07-26",670882.66666666663,2.8926860993400036,4.3117615688486071]
["2018-07-27",667154.66666666663,2.070659669330992,3.1037175827259329]
["2018-07-28",551820.58333333337,10.267054948984429,18.605784668207093]
["2018-07-29",556638.5,9.1559598824195607,16.448664406826982]
["2018-07-30",653357.08333333337,3.0319098819861274,4.6405096987971133]
["2018-07-31",700248.66666666698,6.6425011671172243,{"$f":"C1219*1000000/B1219","v":9.4859176222883033}]
["2018-08-01",700249.66666666698,4.8161618535580404,6.8777781451635178]
["2018-08-02",700250.66666666698,2.7402400682513406,3.9132273608469816]
["2018-08-03",700251.66666666698,1.4344585497887188,2.0484900187628519]
["2018-08-04",700252.66666666698,1.8677598180740138,2.6672655556813489]
["2018-08-05",700253.66666666698,1.7538610285638114,2.5046081328106493]
["2018-08-06",700254.66666666698,1.4305459820328221,2.0428938929353628]
["2018-08-07",700255.66666666698,1.7168748519058861,2.4517828753582172]
["2018-08-08",700256.66666666698,1.384332886563485,1.9768935484086565]
["2018-08-09",662072.16666666663,2.8553451535226149,4.3127400565687806]
["2018-08-10",625839.25,2.8571005840105457,4.5652307425757419]
["2018-08-11",568306.58333333337,2.8559499698945325,5.0253684431091825]
["2018-08-12",557312.41666666663,2.8559190393628664,5.124448969653975]
["2018-08-13",657928.41666666663,2.858315494152242,4.3444171459163181]
["2018-08-14",700262.66666666698,2.8558437972333515,4.0782465397270222]
["2018-08-15",700263.66666666698,2.8527494268592157,4.0738218511873114]
["2018-08-16",700264.66666666698,2.8580720669371376,4.0814169313180679]
["2018-08-17",700265.66666666698,2.8597356562757765,4.0837867575150417]
["2018-08-18",700266.66666666698,2.8549315211687771,4.0769204891024025]
["2018-08-19",700267.66666666698,2.8575550578912408,4.0806611441785448]
["2018-08-20",700268.66666666698,2.8724771164220089,4.1019643647562045]
["2018-08-21",700269.66666666698,2.8763103154343934,4.1074323969019444]
["2018-08-22",700270.66666666698,2.8637994932084054,4.089560836298161]
["2018-08-23",700271.66666666698,2.8560597611608092,4.0785025256780933]
["2018-08-24",700272.66666666698,2.8612767683015647,4.085946666919595]
["2018-08-25",700273.66666666698,2.8660252904819545,4.0927217842195311]
["2018-08-26",700274.66666666698,2.8605186979652046,4.0848524645070743]
["2018-08-27",700275.66666666698,2.8548708738961324,4.076781487332557]
["2018-08-28",700276.66666666698,2.854693856377132,4.0765228833991296]
["2018-08-29",700277.66666666698,2.8528790225366532,4.0739254703300816]
["2018-08-30",700278.66666666698,2.8536653251204172,4.0750424951596633]
["2018-08-31",700279.66666666698,2.856360687751649,4.0788856562806304]
["2018-09-01",700280.66666666698,2.8699682717962434,4.0983114462623682]
["2018-09-02",700281.66666666698,2.8732740626721402,4.103026252777533]
["2018-09-03",700282.66666666698,2.8744707670398628,4.1047292812805045]
["2018-09-04",700283.66666666698,2.8759060068333615,4.1067729317786368]
["2018-09-05",700284.66666666698,2.8687628892835941,4.0965667618267521]
["2018-09-06",700285.66666666698,2.8725557606089644,4.1019770892673275]
["2018-09-07",700286.66666666698,2.8749553450463079,4.1053978062026601]
["2018-09-08",700287.66666666698,2.8704948317095216,4.0990223994275494]
["2018-09-09",700288.66666666698,2.8726174917436911,4.1020476675956816]
["2018-09-10",700289.66666666698,2.8713074668961038,4.100171119992873]
["2018-09-11",700290.66666666698,2.8688893361523506,4.0967122263788784]
["2018-09-12",700291.66666666698,2.8749581913464421,4.1053725585955014]
["2018-09-13",700292.66666666698,2.9056645228381757,4.1492145514944339]
["2018-09-14",700293.66666666698,2.9175757715092718,4.1662175604081391]
["2018-09-15",700294.66666666698,2.8859347253269272,4.121029136297282]
["2018-09-16",700295.66666666698,2.8722342539495189,4.101459413023429]
["2018-09-17",700296.66666666698,2.8673225688691599,4.0944398357874405]
["2018-09-18",700297.66666666698,2.8698839807264775,4.0980915935173421]
["2018-09-19",700298.66666666698,2.8759683609402549,4.1067740063386102]
["2018-09-20",700299.66666666698,2.8661172631776184,4.0927011672302438]
["2018-09-21",700300.66666666698,2.8671637387023847,4.0941896462125076]
["2018-09-22",700301.66666666698,2.8644878162751262,4.0903627002769642]
["2018-09-23",700302.66666666698,2.8659142903139818,4.0923937987488941]
["2018-09-24",700303.66666666698,2.8704980152937356,4.0989332941191714]
["2018-09-25",700304.66666666698,2.8773118556487258,4.1086572639080767]
["2018-09-26",700305.66666666698,2.8715186748887946,4.1003790367093895]
["2018-09-27",700306.66666666698,2.8678273769579534,4.0951022080202275]
["2018-09-28",700307.66666666698,2.8688465222787949,4.0965516427000805]
["2018-09-29",700308.66666666698,2.8706580785483919,4.0991325899366142]
["2018-09-30",700309.66666666698,2.8711229847824105,4.099790594707021]
["2018-10-01",700310.66666666698,2.7293686024275861,3.8973683142923017]
["2018-10-02",700311.66666666698,2.7315633584823038,3.9004967195305462]
["2018-10-03",700312.66666666698,2.7303095165815963,{"$f":"C1283*1000000/B1283","v":3.8987007468781969}]

{"sheet":"Constants","index":3,"n_rows":36,"n_cols":7,"rows_kept":36,"cut":false,"hidden":false,"merged":[]}
[null,"Constants:"]
[]
[null,"Constant","Value","Comment"]
[null,null,null,null,null,null,{"$f":"IF(B4=\"\",\"\",B4&\" = Range(\"&B4&\")\")","v":""}]
[null,"internal_BSUoS_cost_per_year",164,"£, millions"]
[null,"forecast_BSIS_profit_per_year",8,"£, millions"]
[null,"black_start_contract_costs_per_day",0.123,"£, millions"]
[null,"days_per_year",365]
[null,"hours_per_SP",0.5]
[]
[null,"DA_report_dir","\\\\uk.corporg.net\\NGTDFS$\\Group\\OandT\\OptRisk\\Operational_Requirements_WOKH\\32_Electricity Incentives Development\\Performance\\ROP\\FY_1819\\Sent_To_Finance"]
[]
[null,"forecast_values_wkst",null,"Name of worksheet"]
[null,"forecast_values_date_col",null,"Date is in column XX"]
[null,"forecast_values_totals_col",null,"\"Overall\" cost for each day is in column XX"]
[]
[null,"outturn_values_wkst","Outturn_Daily","Name of worksheet"]
[null,"outturn_values_date_col",3,"Date is in column XX"]
[null,"outturn_values_totals_col",4,"\"IBC\" cost for each day is in column XX"]
[]
[null,"inputs_wkst","Inputs","Name of worksheet"]
[]
[null,"report_wkst","Report","Name of worksheet"]
[]
[null,"data_wkst","Data","Name of worksheet"]
[null,"data_date_col",1]
[null,"data_forecast_demand_col",2]
[null,"data_IBC_col",3]
[null,"data_forecast_int_col"]
[null,"data_forecast_BSIS_col"]
[null,"data_forecast_BSUoS_col",4]
[null,"data_outturn_demand_col"]
[null,"data_outturn_ext_col"]
[null,"data_outturn_int_col"]
[null,"data_outturn_BSIS_col"]
[null,"data_outturn_BSUoS_col"]

{"sheet":"Version Control","index":4,"n_rows":5,"n_cols":6,"rows_kept":5,"cut":false,"hidden":false,"merged":[]}
[null,"Version Control:"]
[]
[null,"Version","Date Implemented ","Change","Implementor","Trading Database Change & Failure Risk Register Updated "]
[null,1,"2015-05-12","Created","Robert Westmancoat","Yes"]
[null,2.1,"2017-08-23","BSUoS Internal and BSIS updated on the \"Constants\" sheet to current data, black start costs included ","Zoe Carlin","No"]