{"text_format":"1","workbook":"xlsx","n_sheets":5,"sheets":["Inputs","Report","Data","Constants","Version Control"],"not_rendered":{"charts":0,"images":0,"macros":1,"external_links":1,"defined_names":89,"comments":0,"pivot_tables":0},"unopened":[],"bounds":{"document_bytes":16777216,"sheet_cells":100000,"rows_first":2000,"rows_last":500,"rows_between":2000,"halvings":0,"cell_chars":16384,"cell_head_chars":4096},"cells_cut":0,"cells_raw":0,"read":"whole","date_system":"1900"}

{"sheet":"Inputs","index":0,"n_rows":50,"n_cols":8,"rows_kept":50,"cut":false,"hidden":false,"merged":[]}
[null,"BSUoS Report:"]
[]
[null,"Input Dates","Date"]
[null,"Report Date","2018-06-01"]
[null,"Input Data From","2018-05-02"]
[null,"Input Data To","2018-06-05"]
[]
[null,"Step","Macro","Complete?"]
[null,"Set-up spreadsheet",null,"Y"]
[null,"Import Demand Data",null,"Y"]
[null,"Import Cost Data",null,"Y"]
[null,"Export Report",null,"Y"]
[null,"Save & close",null,"Y"]
[]
[null,"Date","Initial\nForecast","Indicative\nOutturn"]
[null,{"$f":"Input_Data_To","v":"2018-06-05"},{"$f":"VLOOKUP(B16,Data!A2:L2863,6,)","v":0.43815987599972278},{"$f":"IF(B16>=TODAY(),\"\",ROUND(VLOOKUP($B16,Data!$A:$K,11),3))","v":""}]
[null,{"$f":"IF(B16-1<Input_Data_From,\"\",B16-1)","v":"2018-06-04"},{"$f":"VLOOKUP(B17,Data!A3:L2864,6,)","v":0.43821933386531287},{"$f":"IF(B17>=TODAY(),\"\",ROUND(VLOOKUP($B17,Data!$A:$K,11),3))","v":""}]
[null,"2018-06-03",{"$f":"VLOOKUP(B18,Data!A4:L2865,6,)","v":0.50732470317833556},{"$f":"IF(B18>=TODAY(),\"\",ROUND(VLOOKUP($B18,Data!$A:$K,11),3))","v":""},null,null,null," "]
[null,"2018-06-02",{"$f":"VLOOKUP(B19,Data!A5:L2866,6,)","v":0.50906411706247223},{"$f":"IF(B19>=TODAY(),\"\",ROUND(VLOOKUP($B19,Data!$A:$K,11),3))","v":""}]
[null,"2018-06-01",{"$f":"VLOOKUP(B20,Data!A6:L2867,6,)","v":0.4434209230199786},{"$f":"IF(B20>=TODAY(),\"\",ROUND(VLOOKUP($B20,Data!$A:$K,11),3))","v":""}]
[null,"2018-05-31",{"$f":"VLOOKUP(B21,Data!A7:L2868,6,)","v":0.42431461264688913},{"$f":"IF(B21>=TODAY(),\"\",ROUND(VLOOKUP($B21,Data!$A:$K,11),3))","v":0.42899999999999999}]
[null,"2018-05-30",{"$f":"VLOOKUP(B22,Data!A8:L2869,6,)","v":0.42431521864873245},{"$f":"IF(B22>=TODAY(),\"\",ROUND(VLOOKUP($B22,Data!$A:$K,11),3))","v":0.42699999999999999}]
[null,"2018-05-29",{"$f":"VLOOKUP(B23,Data!A9:L2870,6,)","v":0.42431582465230672},{"$f":"IF(B23>=TODAY(),\"\",ROUND(VLOOKUP($B23,Data!$A:$K,11),3))","v":0.45300000000000001}]
[null,"2018-05-28",{"$f":"VLOOKUP(B24,Data!A10:L2871,6,)","v":0.42431643065761193},{"$f":"IF(B24>=TODAY(),\"\",ROUND(VLOOKUP($B24,Data!$A:$K,11),3))","v":0.51700000000000002}]
[null,"2018-05-27",{"$f":"VLOOKUP(B25,Data!A11:L2872,6,)","v":0.42431703666464815},{"$f":"IF(B25>=TODAY(),\"\",ROUND(VLOOKUP($B25,Data!$A:$K,11),3))","v":0.55800000000000005}]
[null,"2018-05-26",{"$f":"VLOOKUP(B26,Data!A12:L2873,6,)","v":0.42431764267341537},{"$f":"IF(B26>=TODAY(),\"\",ROUND(VLOOKUP($B26,Data!$A:$K,11),3))","v":0.54600000000000004}]
[null,"2018-05-25",{"$f":"VLOOKUP(B27,Data!A13:L2874,6,)","v":0.42431824868391366},{"$f":"IF(B27>=TODAY(),\"\",ROUND(VLOOKUP($B27,Data!$A:$K,11),3))","v":0.439}]
[null,"2018-05-24",{"$f":"VLOOKUP(B28,Data!A14:L2875,6,)","v":0.4446959049359599},{"$f":"IF(B28>=TODAY(),\"\",ROUND(VLOOKUP($B28,Data!$A:$K,11),3))","v":0.436}]
[null,"2018-05-23",{"$f":"VLOOKUP(B29,Data!A15:L2876,6,)","v":0.45459274854946508},{"$f":"IF(B29>=TODAY(),\"\",ROUND(VLOOKUP($B29,Data!$A:$K,11),3))","v":0.46300000000000002}]
[null,"2018-05-22",{"$f":"VLOOKUP(B30,Data!A16:L2877,6,)","v":0.45856832837875799},{"$f":"IF(B30>=TODAY(),\"\",ROUND(VLOOKUP($B30,Data!$A:$K,11),3))","v":0.47599999999999998}]
[null,"2018-05-21",{"$f":"VLOOKUP(B31,Data!A17:L2878,6,)","v":0.46222756033773266},{"$f":"IF(B31>=TODAY(),\"\",ROUND(VLOOKUP($B31,Data!$A:$K,11),3))","v":0.45400000000000001}]
[null,"2018-05-20",{"$f":"VLOOKUP(B32,Data!A18:L2879,6,)","v":0.55487386938145855},{"$f":"IF(B32>=TODAY(),\"\",ROUND(VLOOKUP($B32,Data!$A:$K,11),3))","v":0.55500000000000005}]
[null,"2018-05-19",{"$f":"VLOOKUP(B33,Data!A19:L2880,6,)","v":0.52651725934563709},{"$f":"IF(B33>=TODAY(),\"\",ROUND(VLOOKUP($B33,Data!$A:$K,11),3))","v":0.53}]
[null,"2018-05-18",{"$f":"VLOOKUP(B34,Data!A20:L2881,6,)","v":0.44478777889062054},{"$f":"IF(B34>=TODAY(),\"\",ROUND(VLOOKUP($B34,Data!$A:$K,11),3))","v":0.44900000000000001}]
[null,"2018-05-17",{"$f":"VLOOKUP(B35,Data!A21:L2882,6,)","v":0.45712544870147759},{"$f":"IF(B35>=TODAY(),\"\",ROUND(VLOOKUP($B35,Data!$A:$K,11),3))","v":0.44900000000000001}]
[null,"2018-05-16",{"$f":"VLOOKUP(B36,Data!A22:L2883,6,)","v":0.435482357907574},{"$f":"IF(B36>=TODAY(),\"\",ROUND(VLOOKUP($B36,Data!$A:$K,11),3))","v":0.44}]
[null,"2018-05-15",{"$f":"VLOOKUP(B37,Data!A23:L2884,6,)","v":0.42432430888410277},{"$f":"IF(B37>=TODAY(),\"\",ROUND(VLOOKUP($B37,Data!$A:$K,11),3))","v":0.45300000000000001}]
[null,"2018-05-14",{"$f":"VLOOKUP(B38,Data!A24:L2885,6,)","v":0.42432491491364255},{"$f":"IF(B38>=TODAY(),\"\",ROUND(VLOOKUP($B38,Data!$A:$K,11),3))","v":0.46}]
[null,"2018-05-13",{"$f":"VLOOKUP(B39,Data!A25:L2886,6,)","v":0.42432552094491338},{"$f":"IF(B39>=TODAY(),\"\",ROUND(VLOOKUP($B39,Data!$A:$K,11),3))","v":0.51200000000000001}]
[null,"2018-05-12",{"$f":"VLOOKUP(B40,Data!A26:L2887,6,)","v":0.42432612697791533},{"$f":"IF(B40>=TODAY(),\"\",ROUND(VLOOKUP($B40,Data!$A:$K,11),3))","v":0.47299999999999998}]
[null,"2018-05-11",{"$f":"VLOOKUP(B41,Data!A27:L2888,6,)","v":0.42432673301264839},{"$f":"IF(B41>=TODAY(),\"\",ROUND(VLOOKUP($B41,Data!$A:$K,11),3))","v":0.46400000000000002}]
[null,"2018-05-10",{"$f":"VLOOKUP(B42,Data!A28:L2889,6,)","v":0.42432733904911257},{"$f":"IF(B42>=TODAY(),\"\",ROUND(VLOOKUP($B42,Data!$A:$K,11),3))","v":0.45600000000000002}]
[null,"2018-05-09",{"$f":"VLOOKUP(B43,Data!A29:L2890,6,)","v":0.42432794508730787},{"$f":"IF(B43>=TODAY(),\"\",ROUND(VLOOKUP($B43,Data!$A:$K,11),3))","v":0.44600000000000001}]
[null,"2018-05-08",{"$f":"VLOOKUP(B44,Data!A30:L2891,6,)","v":0.42432855112723433},{"$f":"IF(B44>=TODAY(),\"\",ROUND(VLOOKUP($B44,Data!$A:$K,11),3))","v":0.44800000000000001}]
[null,"2018-05-07",{"$f":"VLOOKUP(B45,Data!A31:L2892,6,)","v":0.42432915716889186},{"$f":"IF(B45>=TODAY(),\"\",ROUND(VLOOKUP($B45,Data!$A:$K,11),3))","v":0.51700000000000002}]
[null,"2018-05-06",{"$f":"VLOOKUP(B46,Data!A32:L2893,6,)","v":0.42432976321228061},5.0220000000000002]
[null,"2018-05-05",{"$f":"VLOOKUP(B47,Data!A33:L2894,6,)","v":0.42433036925740047},{"$f":"IF(B47>=TODAY(),\"\",ROUND(VLOOKUP($B47,Data!$A:$K,11),3))","v":0.51800000000000002}]
[null,"2018-05-04",{"$f":"VLOOKUP(B48,Data!A34:L2895,6,)","v":0.42433097530425146},{"$f":"IF(B48>=TODAY(),\"\",ROUND(VLOOKUP($B48,Data!$A:$K,11),3))","v":0.42499999999999999}]
[null,"2018-05-03",{"$f":"VLOOKUP(B49,Data!A35:L2896,6,)","v":0.41404953264385469},{"$f":"IF(B49>=TODAY(),\"\",ROUND(VLOOKUP($B49,Data!$A:$K,11),3))","v":0.41899999999999998}]
[null,"2018-05-02",{"$f":"VLOOKUP(B50,Data!A36:L2897,6,)","v":0.40390225864426965},{"$f":"IF(B50>=TODAY(),\"\",ROUND(VLOOKUP($B50,Data!$A:$K,11),3))","v":0.41699999999999998}]

{"sheet":"Report","index":1,"n_rows":52,"n_cols":6,"rows_kept":52,"cut":false,"hidden":false,"merged":[[51,1,51,5],[8,1,8,5],[47,2,47,4],[48,2,48,4]]}
[]
[null,"Daily BSUoS Forecast",null,null,null,"nationalgrid"]
[]
[]
[]
[null,null,null,null,null,{"$f":"Report_Date","v":"2018-06-01"}]
[]
[]
[null,"This report contains National Grid's day-ahead forecasts of per-MWh BSUoS costs (Balancing Services Use of System, as defined in the CUSC). A forecast at monthly resolution reaching to the end of the current financial year can be found in the MBSS (Monthly Balancing Services Statement). Model adjusted 23/08/17."]
[]
[null,"Date","Initial\nForecast"]
[null,{"$f":"Input_Data_To","v":"2018-06-05"},1.08]
[null,{"$f":"IF(B12-1<Input_Data_From,\"\",B12-1)","v":"2018-06-04"},0.95199999999999996]
[null,"2018-06-03",1.028]
[null,"2018-06-02",1.048]
[null,"2018-06-01",2.048]
[null,"2018-05-31",0.88900000000000001]
[null,"2018-05-30",1.0900000000000001]
[null,"2018-05-29",1.2310000000000001]
[null,"2018-05-28",0.81699999999999995]
[null,"2018-05-27",0.78900000000000003]
[null,"2018-05-26",0.68100000000000005]
[null,"2018-05-25",0.59599999999999997]
[null,"2018-05-24",0.88900000000000001]
[null,"2018-05-23",0.54600000000000004]
[null,"2018-05-22",0.79300000000000004]
[null,"2018-05-21",1.177]
[null,"2018-05-20",1.21]
[null,"2018-05-19",0.99099999999999999]
[null,"2018-05-18",0.94699999999999995]
[null,"2018-05-17",1.103]
[null,"2018-05-16",0.68100000000000005]
[null,"2018-05-15",1.21]
[null,"2018-05-14",1.6879999999999999]
[null,"2018-05-13",1.81]
[null,"2018-05-12",1.9950000000000001]
[null,"2018-05-11",1.2809999999999999]
[null,"2018-05-10",1.2030000000000001]
[null,"2018-05-09",0.90300000000000002]
[null,"2018-05-08",1.3380000000000001]
[null,"2018-05-07",1.917]
[null,"2018-05-06",2.0529999999999999]
[null,"2018-05-05",2.274]
[null,"2018-05-04",1.5880000000000001]
[null,"2018-05-03",1.5740000000000001]
[null,"2018-05-02",4.3390000000000004]
[]
[null,"CUSC","Indicative Outturn can now be found on the website under:"]
[null,"MBSS","Daily Balancing Costs (BSUoS)"]
[]
[null,"Disclaimer"]
[null,"This forecast is published without prejudice and whilst every effort has been made to ensure the accuracy of the information, it is subject to several estimations and forecasts and may not bear relation to either the indicative or actual tariffs National Grid will publish at later dates."]

{"sheet":"Data","index":2,"n_rows":1283,"n_cols":11,"rows_kept":1283,"cut":false,"hidden":false,"merged":[]}
["BSUoS data:","Forecast Demand","Forecast BSUoS_ext","Forecast BSUoS_int","Forecast BSIS","Forecast BSUoS","Outturn Demand","Outturn BSUoS_ext","Outturn BSUoS_int","Outturn BSIS","Outturn BSUoS"]
["2015-04-01",858337.75,1.96,{"$f":"internal_BSUoS_cost_per_year/days_per_year","v":0.44931506849315067},{"$f":"forecast_BSIS_profit_per_year/days_per_year","v":2.1917808219178082E-2},{"$f":"BSUoS_per_SP(B2,C2,D2,E2)","v":1.4162253098429756},833176.5,4.24,{"$f":"internal_BSUoS_cost_per_year/days_per_year","v":0.44931506849315067},{"$f":"forecast_BSIS_profit_per_year/days_per_year","v":2.1917808219178082E-2},{"$f":"BSUoS_per_SP(G2,H2,I2,J2)","v":2.8272537855147051}]
["2015-04-02",881968.41666666663,1.97,0.44931506849315067,2.1917808219178082E-2,{"$f":"BSUoS_per_SP(B3,C3,D3,E3)","v":1.3839504381111332},846200,0.74,0.44931506849315067,2.1917808219178082E-2,{"$f":"BSUoS_per_SP(G3,H3,I3,J3)","v":0.71567005436067122}]
["2015-04-03",781351.41666666663,1.39,0.44931506849315067,2.1917808219178082E-2,1.1910140257067565,778983,2.61,0.44931506849315067,2.1917808219178082E-2,1.9777068305726826]
["2015-04-04",735119.58333333337,1.65,0.44931506849315067,2.1917808219178082E-2,1.4427576450103383,735810,1.92,0.44931506849315067,2.1917808219178082E-2,1.6248759870075156]
["2015-04-05",710810.25,1.89,0.44931506849315067,2.1917808219178082E-2,1.6609220466791406,692162,1.44,0.44931506849315067,2.1917808219178082E-2,1.3806016510585672]
["2015-04-06",728617.66666666663,1.7,0.44931506849315067,2.1917808219178082E-2,1.4899439761301532,691588.5,1.1299999999999999,0.44931506849315067,2.1917808219178082E-2,1.1576256383858596]
["2015-04-07",834689.58333333337,1.64,0.44931506849315067,2.1917808219178082E-2,1.2646611316776288,772717,0.51,0.44931506849315067,2.1917808219178082E-2,0.63490255811636087]
["2015-04-08",847339.16666666663,1.64,0.44931506849315067,2.1917808219178082E-2,1.2457823846181988,780483,0.34,0.44931506849315067,2.1917808219178082E-2,0.51967819926891423]
["2015-04-09",852126.83333333337,1.58,0.44931506849315067,2.1917808219178082E-2,{"$f":"BSUoS_per_SP(B10,C10,D10,E10)","v":1.2035764621940157},771303,0.46,0.44931506849315067,2.1917808219178082E-2,0.60365381698243104]
["2015-04-10",838750.25,1.92,0.44931506849315067,2.1917808219178082E-2,1.4254545454545453,742273.5,1.1000000000000001,0.44931506849315067,2.1917808219178082E-2,1.0583692814243797]
["2015-04-11",735119.58333333337,1.49,0.44931506849315067,2.1917808219178082E-2,1.333931875068016,639246,3.6,0.44931506849315067,2.1917808219178082E-2,3.1843765936744228]
["2015-04-12",710810.25,1.57,0.44931506849315067,2.1917808219178082E-2,1.4358267328822047,657395.5,3.97,0.44931506849315067,2.1917808219178082E-2,3.3778726977346989]
["2015-04-13",728617.66666666663,1.1399999999999999,0.44931506849315067,2.1917808219178082E-2,1.1056548150059426,788885.5,1.73,0.44931506849315067,2.1917808219178082E-2,1.3951318694969868]
["2015-04-14",834689.58333333337,1.67,0.44931506849315067,2.1917808219178082E-2,1.2826318753070001,755408,2.27,0.44931506849315067,2.1917808219178082E-2,1.8143837502382818]
["2015-04-15",847339.16666666663,1.99,0.44931506849315067,2.1917808219178082E-2,1.452311294535009,765546.5,1.51,0.44931506849315067,2.1917808219178082E-2,1.2939784154054752]
["2015-04-16",852126.83333333337,1.24,0.44931506849315067,2.1917808219178082E-2,1.004075683554212,783629,0.89,0.44931506849315067,2.1917808219178082E-2,0.86852324250378687]
["2015-04-17",838750.25,1.1399999999999999,0.44931506849315067,2.1917808219178082E-2,0.9604769001490312,763532.5,0.93,0.44931506849315067,2.1917808219178082E-2,0.91757778324942507]
["2015-04-18",735119.58333333337,1.18,0.44931506849315067,2.1917808219178082E-2,1.1230819458047665,658010.5,1.29,0.44931506849315067,2.1917808219178082E-2,1.3382775337760824]
["2015-04-19",710810.25,1.39,0.44931506849315067,2.1917808219178082E-2,1.3092106188714283,680019,1.87,0.44931506849315067,2.1917808219178082E-2,1.72142248966573]
["2015-04-20",808452.25,1.2,0.44931506849315067,2.1917808219178082E-2,1.0335802249236812,772062.5,0.92,0.44931506849315067,2.1917808219178082E-2,0.90096391222466587]
["2015-04-21",815808.25,1.1100000000000001,0.44931506849315067,2.1917808219178082E-2,0.96910057268376881,759755.5,0,0.44931506849315067,2.1917808219178082E-2,0.31009955827923702]
["2015-04-22",817100.58333333337,1.26,0.44931506849315067,2.1917808219178082E-2,1.0593549634622892,763455.5,0.52,0.44931506849315067,2.1917808219178082E-2,0.64915332383267665]
["2015-04-23",815186.91666666663,0.91,0.44931506849315067,2.1917808219178082E-2,0.84716758240747214,767437,0.7,0.44931506849315067,2.1917808219178082E-2,0.76305937816394043]
["2015-04-24",798538.58333333337,0.75,0.44931506849315067,2.1917808219178082E-2,0.76464643555292855,752688.5,1.22,0.44931506849315067,2.1917808219178082E-2,1.1234402567863444]
["2015-04-25",708715,1.35,0.44931506849315067,2.1917808219178082E-2,1.284860628038069,664838.5,2.97,0.44931506849315067,2.1917808219178082E-2,2.587998880930392]
["2015-04-26",684561.58333333337,1.6,0.44931506849315067,2.1917808219178082E-2,1.5127921210934876,666430.5,2.2599999999999998,0.44931506849315067,2.1917808219178082E-2,2.0491274402412856]
["2015-04-27",807037.33333333337,1.26,0.44931506849315067,2.1917808219178082E-2,1.0725654461939167,767294,1.95,0.44931506849315067,2.1917808219178082E-2,1.5777524651567716]
["2015-04-28",814777.75,1.04,0.44931506849315067,2.1917808219178082E-2,0.92736917295263255,754472.5,1.76,0.44931506849315067,2.1917808219178082E-2,1.4786499697801907]
["2015-04-29",790886.83333333337,1.1399999999999999,0.44931506849315067,2.1917808219178082E-2,1.018603163283756,768868,1.1499999999999999,0.44931506849315067,2.1917808219178082E-2,1.0542771971261646]
["2015-04-30",769569.91666666663,1.3,0.44931506849315067,2.1917808219178082E-2,1.1507725093233885,775059,1.41,0.44931506849315067,2.1917808219178082E-2,1.213585030300919]
["2015-05-01",767444.58333333337,1,0.44931506849315067,2.1917808219178082E-2,0.95850516975157829,772654.5,2.08,0.44931506849315067,2.1917808219178082E-2,1.6509330178838135]
["2015-05-02",688544.66666666663,1.83,0.44931506849315067,2.1917808219178082E-2,1.6710599888169981,691162,2.48,0.44931506849315067,2.1917808219178082E-2,2.1349553360861853]
["2015-05-03",650859.5,1.89,0.44931506849315067,2.1917808219178082E-2,1.8139077528193466,644463.5,4.26,0.44931506849315067,2.1917808219178082E-2,3.6706472355321629]
["2015-05-04",681252.58333333337,1.33,0.44931506849315067,2.1917808219178082E-2,1.3219758298312081,652408,2.64,0.44931506849315067,2.1917808219178082E-2,2.3843974935929664]
["2015-05-05",730812.66666666663,1.1299999999999999,0.44931506849315067,2.1917808219178082E-2,1.095492280514988,737444.5,2.42,0.44931506849315067,2.1917808219178082E-2,1.960284441937286]
["2015-05-06",743468.41666666663,2.9,0.44931506849315067,2.1917808219178082E-2,2.2672125767349769,756151.5,3.56,0.44931506849315067,2.1917808219178082E-2,2.6656016250700918]
["2015-05-07",752812.08333333337,2.77,0.44931506849315067,2.1917808219178082E-2,2.1527287025180257,774863,2.52,0.44931506849315067,2.1917808219178082E-2,1.9301476519074985]
["2015-05-08",756564,1.29,0.44931506849315067,2.1917808219178082E-2,1.1639464737946823,780407,1.9,0.44931506849315067,2.1917808219178082E-2,1.5192072854292695]
["2015-05-09",655351.66666666663,1.94,0.44931506849315067,2.1917808219178082E-2,1.8396220656990441,664331,3.36,0.44931506849315067,2.1917808219178082E-2,2.8835023504849238]
["2015-05-10",652669.41666666663,2.71,0.44931506849315067,2.1917808219178082E-2,2.4370699389736603,634158.5,3.43,0.44931506849315067,2.1917808219178082E-2,3.075889604798804]
["2015-05-11",697038.91666666663,3.65,0.44931506849315067,2.1917808219178082E-2,2.956219092475457,705944.5,4.42,0.44931506849315067,2.1917808219178082E-2,3.464297451355915]
["2015-05-12",756742.83333333337,2.5,0.44931506849315067,2.1917808219178082E-2,1.9631499729762945,711096,5.6,0.44931506849315067,2.1917808219178082E-2,4.2689032141933012]
["2015-05-13",736731.33333333337,2.36,0.44931506849315067,2.1917808219178082E-2,1.9214611574645291,742997.5,2.38,0.44931506849315067,2.1917808219178082E-2,1.918713105553447]
["2015-05-14",788620,2.37,0.44931506849315067,2.1917808219178082E-2,1.8013745530166621,787758.5,2.3199999999999998,0.44931506849315067,2.1917808219178082E-2,1.7716100629888873]
["2015-05-15",773853.16666666663,2.2999999999999998,0.44931506849315067,2.1917808219178082E-2,1.7905209387312575,738986,2.66,0.44931506849315067,2.1917808219178082E-2,2.1185787010850001]
["2015-05-16",657653.25,3.49,0.44931506849315067,2.1917808219178082E-2,3.0116185891343918,612193.5,5.24,0.44931506849315067,2.1917808219178082E-2,4.6645344449635244]
["2015-05-17",652669.41666666663,5.5,0.44931506849315067,2.1917808219178082E-2,4.57444738450884,615417.5,5.44,0.44931506849315067,2.1917808219178082E-2,4.8025894595218208]
["2015-05-18",697038.91666666663,1.84,0.44931506849315067,2.1917808219178082E-2,1.6578699326723469,745577.5,2.9,0.44931506849315067,2.1917808219178082E-2,2.260796321779881]
["2015-05-19",755558.08333333337,2.19,0.44931506849315067,2.1917808219178082E-2,1.7610825376741428,748776,3.36,0.44931506849315067,2.1917808219178082E-2,2.5583084927935724]
["2015-05-20",744412.91666666663,2.39,0.44931506849315067,2.1917808219178082E-2,1.921782666342474,752476.5,3.16,0.44931506849315067,2.1917808219178082E-2,2.4128344292708341]
["2015-05-21",739555.25,3.19,0.44931506849315067,2.1917808219178082E-2,2.4752722921216135,732347.5,1.82,0.44931506849315067,2.1917808219178082E-2,1.5642836465723946]
["2015-05-22",733356.91666666663,2.62,0.44931506849315067,2.1917808219178082E-2,2.1075683466579034,733223,3.13,0.44931506849315067,2.1917808219178082E-2,2.4557331125728461]
["2015-05-23",643995.66666666663,2.08,0.44931506849315067,2.1917808219178082E-2,1.9807576444574191,641773,2.0499999999999998,0.44931506849315067,2.1917808219178082E-2,1.9642459249610063]
["2015-05-24",616505.75,2.2599999999999998,0.44931506849315067,2.1917808219178082E-2,2.2150636003542541,608365,3.36,0.44931506849315067,2.1917808219178082E-2,3.1487675983989871]
["2015-05-25",697038.91666666663,2.5499999999999998,0.44931506849315067,2.1917808219178082E-2,2.1671671169045057,641270.5,3.49,0.44931506849315067,2.1917808219178082E-2,3.0885586414458808]
["2015-05-26",755558.08333333337,1.84,0.44931506849315067,2.1917808219178082E-2,1.529465639964106,706662.5,2.13,0.44931506849315067,2.1917808219178082E-2,1.8404838522518543]
["2015-05-27",744412.91666666663,1.88,0.44931506849315067,2.1917808219178082E-2,1.579230883931366,711160.5,2.2400000000000002,0.44931506849315067,2.1917808219178082E-2,1.9061814500253109]
["2015-05-28",730423.25,2.19,0.44931506849315067,2.1917808219178082E-2,1.8216841474049967,688359.5,2.82,0.44931506849315067,2.1917808219178082E-2,2.3906095647626242]
["2015-05-29",728557,1.89,0.44931506849315067,2.1917808219178082E-2,1.620463464080367,717668.5,2.44,0.44931506849315067,2.1917808219178082E-2,2.0282358973787322]
["2015-05-30",630243.66666666663,2.29,0.44931506849315067,2.1917808219178082E-2,2.1905801562569418,627162,2,0.44931506849315067,2.1917808219178082E-2,1.9701448748489225]
["2015-05-31",614851.91666666663,2.2999999999999998,0.44931506849315067,2.1917808219178082E-2,2.2535504479126685,612541,5.58,0.44931506849315067,2.1917808219178082E-2,4.9394244630155368]
["2015-06-01",722729.66666666663,2.2200000000000002,0.44931506849315067,2.1917808219178082E-2,1.8618294522159038,711845.5,6.62,0.44931506849315067,2.1917808219178082E-2,4.9808526001410414]
["2015-06-02",700237.91666666663,4.1100000000000003,0.44931506849315067,2.1917808219178082E-2,3.2711735152905157,717630,4.9000000000000004,0.44931506849315067,2.1917808219178082E-2,3.7423184649471177]
["2015-06-03",705702,2.9,0.44931506849315067,2.1917808219178082E-2,2.3885436062247236,723129.5,2.64,0.44931506849315067,2.1917808219178082E-2,2.1512037946150762]
["2015-06-04",722844.58333333337,2.69,{"$f":"internal_BSUoS_cost_per_year/days_per_year","v":0.44931506849315067},{"$f":"forecast_BSIS_profit_per_year/days_per_year","v":2.1917808219178082E-2},2.1866375225670787,720948,1.57,{"$f":"internal_BSUoS_cost_per_year/days_per_year","v":0.44931506849315067},{"$f":"forecast_BSIS_profit_per_year/days_per_year","v":2.1917808219178082E-2},1.4156360791624361]
["2015-06-05",713511.41666666663,3.17,0.44931506849315067,2.1917808219178082E-2,{"$f":"BSUoS_per_SP(B67,C67,D67,E67)","v":2.551607473465721},707117,2.81,0.44931506849315067,2.1917808219178082E-2,{"$f":"BSUoS_per_SP(G67,H67,I67,J67)","v":2.3201252409431539}]
["2015-06-06",580039.33333333337,5.24,0.44931506849315067,2.1917808219178082E-2,4.9231172386684348,575409,7.54,0.44931506849315067,2.1917808219178082E-2,6.9613092600220021]
["2015-06-07",593085.75,3.76,0.44931506849315067,2.1917808219178082E-2,3.567104939249957,574904,3.77,0.44931506849315067,2.1917808219178082E-2,3.6886158384704228]
["2015-06-08",710402.25,2.27,0.44931506849315067,2.1917808219178082E-2,1.9293301539128549,711365,1.61,0.44931506849315067,2.1917808219178082E-2,1.4628214770195329]
["2015-06-09",727229.08333333337,1.95,0.44931506849315067,2.1917808219178082E-2,1.6646750885897015,726626.5,0.9,0.44931506849315067,2.1917808219178082E-2,0.9435390420931814]
["2015-06-10",713614.41666666663,1.74,0.44931506849315067,2.1917808219178082E-2,1.549296958860112,718163.5,1.38,0.44931506849315067,2.1917808219178082E-2,1.2888421029179964]
["2015-06-11",707135.58333333337,1.53,0.44931506849315067,2.1917808219178082E-2,1.4150036202371254,709223.5,1.33,0.44931506849315067,2.1917808219178082E-2,1.2698385841426687]
["2015-06-12",716208,2.23,0.44931506849315067,2.1917808219178082E-2,1.8857650291535419,727264.5,2.61,0.44931506849315067,2.1917808219178082E-2,2.1183504202050423]
["2015-06-13",645161,1.79,0.44931506849315067,2.1917808219178082E-2,1.7524307885938548,663473.5,2.34,0.44931506849315067,2.1917808219178082E-2,2.1185457154311997]
["2015-06-14",633437.25,1.72,0.44931506849315067,2.1917808219178082E-2,1.7296116267284671,629034.5,2.35,0.44931506849315067,2.1917808219178082E-2,2.2424860977308065]
["2015-06-15",741983.16666666663,1.53,0.44931506849315067,2.1917808219178082E-2,1.3485484168774757,714695.5,1.22,0.44931506849315067,2.1917808219178082E-2,1.1831603926704501]
["2015-06-16",726455.33333333337,1.63,0.44931506849315067,2.1917808219178082E-2,1.4462010723307017,716236,1.49,0.44931506849315067,2.1917808219178082E-2,1.3691018044331755]
["2015-06-17",715291.33333333337,4.53,0.44931506849315067,2.1917808219178082E-2,3.4959198424137869,719483,3.71,0.44931506849315067,2.1917808219178082E-2,2.9056975633892668]
["2015-06-18",689181.33333333337,4.99,0.44931506849315067,2.1917808219178082E-2,3.9620941378244612,697880,2.29,0.44931506849315067,2.1917808219178082E-2,1.9782770676907204]
["2015-06-19",701545.91666666663,2.04,0.44931506849315067,2.1917808219178082E-2,1.7897614696684181,701101.5,1.62,0.44931506849315067,2.1917808219178082E-2,1.4913664488191447]
["2015-06-20",648475.66666666663,2.35,0.44931506849315067,2.1917808219178082E-2,2.1752539801010369,650310,1.81,0.44931506849315067,2.1917808219178082E-2,1.7539327397702635]
["2015-06-21",603866,2.31,0.44931506849315067,2.1917808219178082E-2,2.3028287732708912,585028,2,0.44931506849315067,2.1917808219178082E-2,2.1120356632503059]
["2015-06-22",739485.66666666663,1.87,0.44931506849315067,2.1917808219178082E-2,1.5829914291818912,709912.5,1.71,0.44931506849315067,2.1917808219178082E-2,1.53624674607557]
["2015-06-23",714839.08333333337,2.04,0.44931506849315067,2.1917808219178082E-2,1.7564794310327221,724695.5,2.02,0.44931506849315067,2.1917808219178082E-2,1.7187896718072129]
["2015-06-24",721495.58333333337,1.84,0.44931506849315067,2.1917808219178082E-2,1.6016720813421004,723668.5,1.52,0.44931506849315067,2.1917808219178082E-2,1.3757689990437605]
["2015-06-25",728107,1.66,0.44931506849315067,2.1917808219178082E-2,1.463521158291295,730964.5,1.68,0.44931506849315067,2.1917808219178082E-2,1.4714814956687332]
["2015-06-26",708707.83333333337,1.69,0.44931506849315067,2.1917808219178082E-2,1.5247464400006772,722214.5,1.73,0.44931506849315067,2.1917808219178082E-2,1.523925041608166]
["2015-06-27",601643.91666666663,2.04,0.44931506849315067,2.1917808219178082E-2,2.086948427974018,611154.5,1.38,0.44931506849315067,2.1917808219178082E-2,1.5145118906200401]
["2015-06-28",605025.58333333337,2.14,0.44931506849315067,2.1917808219178082E-2,2.1579237917048193,601366.5,3.61,0.44931506849315067,2.1917808219178082E-2,3.393274644725508]
["2015-06-29",715083.41666666663,1.79,0.44931506849315067,2.1917808219178082E-2,1.5810752038574543,711431.5,1.41,0.44931506849315067,2.1917808219178082E-2,1.3221221423832494]
["2015-06-30",709666.16666666663,1.91,0.44931506849315067,2.1917808219178082E-2,1.6776906319310774,720229,2,0.44931506849315067,2.1917808219178082E-2,1.7155654659837356]
["2015-07-01",738738.75,2.0499999999999998,0.44931506849315067,2.1917808219178082E-2,1.7064213477290355,754494,4.6100000000000003,0.44931506849315067,2.1917808219178082E-2,3.3672898657908479]
["2015-07-02",757026.58333333337,1.55,0.44931506849315067,2.1917808219178082E-2,1.3349589908946444,756165,2.79,0.44931506849315067,2.1917808219178082E-2,2.1564076623488262]
["2015-07-03",704159.33333333337,1.68,0.44931506849315067,2.1917808219178082E-2,1.5274959206656451,698878.5,1.32,0.44931506849315067,2.1917808219178082E-2,1.2814826049754036]
["2015-07-04",613587.16666666663,3.16,0.44931506849315067,2.1917808219178082E-2,2.9589935901510298,613226,3.29,0.44931506849315067,2.1917808219178082E-2,3.0667323303317211]
["2015-07-05",611355.83333333337,2.56,0.44931506849315067,2.1917808219178082E-2,2.4790792925889336,610480,2.09,0.44931506849315067,2.1917808219178082E-2,2.0976936181365482]
["2015-07-06",719396.33333333337,2.31,0.44931506849315067,2.1917808219178082E-2,1.933010469894189,704020,1.6,0.44931506849315067,2.1917808219178082E-2,1.4709809380415328]
["2015-07-07",711307.41666666698,2.41,0.44931506849315067,2.1917808219178082E-2,2.0252858470393234,691457,1.33,0.44931506849315067,2.1917808219178082E-2,1.3024671093068694]
["2015-07-08",709731.58333333337,2.57,0.44931506849315067,2.1917808219178082E-2,2.1424988587241378,710864,1.8,0.44931506849315067,2.1917808219178082E-2,1.5974926286884692]
["2015-07-09",698124.08333333337,2.1800000000000002,0.44931506849315067,2.1917808219178082E-2,1.8988030779632272,701900,1.37,0.44931506849315067,2.1917808219178082E-2,1.3115828465593391]
["2015-07-10",683574.58333333302,1.89,0.44931506849315067,2.1917808219178082E-2,1.7270965146472588,692761,2.2400000000000002,0.44931506849315067,2.1917808219178082E-2,1.9568076147473661]
["2015-07-11",603178.33333333302,2.33,0.44931506849315067,2.1917808219178082E-2,2.3220342917016206,602477,1.48,0.44931506849315067,2.1917808219178082E-2,1.6193149282047281]
["2015-07-12",600729.25,2.54,0.44931506849315067,2.1917808219178082E-2,2.5062881931786212,601066.5,2.76,0.44931506849315067,2.1917808219178082E-2,2.6878911800035268]
["2015-07-13",729459.5,2.04,0.44931506849315067,2.1917808219178082E-2,1.7212732706385545,741582,3.27,0.44931506849315067,2.1917808219178082E-2,2.5224452589194453]
["2015-07-14",746311.91666666663,1.92,0.44931506849315067,2.1917808219178082E-2,1.6020109552037216,750622,1.74,0.44931506849315067,2.1917808219178082E-2,1.4729117984817923]
["2015-07-15",711305.66666666663,2.0699999999999998,0.44931506849315067,2.1917808219178082E-2,1.7862916944324945,729261,1.31,0.44931506849315067,2.1917808219178082E-2,1.2212362926304849]
["2015-07-16",714776.58333333337,2.02,0.44931506849315067,2.1917808219178082E-2,1.7426414112373509,718272.5,1.61,0.44931506849315067,2.1917808219178082E-2,1.4487547892720307]
["2015-07-17",671484.66666666663,3.14,0.44931506849315067,2.1917808219178082E-2,2.6889655018354843,673707.5,4.7300000000000004,0.44931506849315067,2.1917808219178082E-2,3.8601293141835931]
["2015-07-18",576869.91666666663,3.57,0.44931506849315067,2.1917808219178082E-2,3.5026955813268152,579491,5.16,0.44931506849315067,2.1917808219178082E-2,4.8587467277317513]
["2015-07-19",615952.58333333337,2.4500000000000002,0.44931506849315067,2.1917808219178082E-2,2.3712848220562286,581097,1.95,0.44931506849315067,2.1917808219178082E-2,2.0833010667754266]
["2015-07-20",713991.91666666663,2.13,0.44931506849315067,2.1917808219178082E-2,1.8215890374121837,713444.5,2.33,0.44931506849315067,2.1917808219178082E-2,1.9631533799429248]
["2015-07-21",689583.25,3.06,0.44931506849315067,2.1917808219178082E-2,2.5603879445984021,696071.5,2.77,0.44931506849315067,2.1917808219178082E-2,2.3282074268179156]
["2015-07-22",708531.75,2.29,0.44931506849315067,2.1917808219178082E-2,1.9485358459462663,721003,1.87,0.44931506849315067,2.1917808219178082E-2,1.6235716078851268]
["2015-07-23",699633.5,2.33,0.44931506849315067,2.1917808219178082E-2,2.0019038525857806,704914,2.04,0.44931506849315067,2.1917808219178082E-2,1.7812101901792274]
["2015-07-24",740602.25,2.0099999999999998,0.44931506849315067,2.1917808219178082E-2,1.6751237506785019,731867,2.4300000000000002,0.44931506849315067,2.1917808219178082E-2,1.9820541163899998]
["2015-07-25",590932.91666666663,2.42,0.44931506849315067,2.1917808219178082E-2,2.4463010188972354,599878,1.7,0.44931506849315067,2.1917808219178082E-2,1.8097013059322062]
["2015-07-26",623904.41666666663,2.11,0.44931506849315067,2.1917808219178082E-2,2.068587474996153,614947,1.83,0.44931506849315067,2.1917808219178082E-2,1.8710555543811094]
["2015-07-27",690432.41666666663,1.96,0.44931506849315067,2.1917808219178082E-2,1.7606368186874304,694217,2.5499999999999998,0.44931506849315067,2.1917808219178082E-2,2.1759766758808845]
["2015-07-28",697373.66666666663,1.54,0.44931506849315067,2.1917808219178082E-2,1.4419809169828528,697802,1.81,0.44931506849315067,2.1917808219178082E-2,1.6345610932614123]
["2015-07-29",716456.91666666663,1.8,0.44931506849315067,2.1917808219178082E-2,1.5850218505786111,696921,1.08,0.44931506849315067,2.1917808219178082E-2,1.1128951488045273]
["2015-07-30",696664.08333333337,1.68,0.44931506849315067,2.1917808219178082E-2,1.5439293547535109,693330,1.1599999999999999,0.44931506849315067,2.1917808219178082E-2,1.1763518093836989]
["2015-07-31",672210.5,1.71,0.44931506849315067,2.1917808219178082E-2,1.6224096636467771,667952.5,1.24,0.44931506849315067,2.1917808219178082E-2,1.2809303662538625]
["2015-08-01",602805.83333333337,1.89,0.44931506849315067,2.1917808219178082E-2,1.9585073804839368,596100.5,4.33,0.44931506849315067,2.1917808219178082E-2,4.0271766482133868]
["2015-08-02",592648.08333333337,2,0.44931506849315067,2.1917808219178082E-2,2.0848800637140426,577100.5,2.39,0.44931506849315067,2.1917808219178082E-2,2.4789464564200312]
["2015-08-03",671375.16666666663,2.2400000000000002,0.44931506849315067,2.1917808219178082E-2,2.0191398249860364,668035,3.58,0.44931506849315067,2.1917808219178082E-2,3.0321764578203236]
["2015-08-04",667747.83333333337,3.64,0.44931506849315067,2.1917808219178082E-2,3.078406824131259,659799.5,5.07,0.44931506849315067,2.1917808219178082E-2,4.1991512579569568]
["2015-08-05",698828.91666666663,3.79,0.44931506849315067,2.1917808219178082E-2,3.048814516856055,698254.5,2.62,0.44931506849315067,2.1917808219178082E-2,2.2135211541931734]
["2015-08-06",689826.66666666663,1.88,0.44931506849315067,2.1917808219178082E-2,1.7041953997161605,691795.5,2.12,0.44931506849315067,2.1917808219178082E-2,1.8728064342667492]
["2015-08-07",678920.41666666663,1.84,{"$f":"internal_BSUoS_cost_per_year/days_per_year","v":0.44931506849315067},{"$f":"forecast_BSIS_profit_per_year/days_per_year","v":2.1917808219178082E-2},1.7021151240205032,691215.5,1.39,{"$f":"internal_BSUoS_cost_per_year/days_per_year","v":0.44931506849315067},{"$f":"forecast_BSIS_profit_per_year/days_per_year","v":2.1917808219178082E-2},1.346323001782366]
["2015-08-08",578867.58333333337,2.31,0.44931506849315067,2.1917808219178082E-2,{"$f":"BSUoS_per_SP(B131,C131,D131,E131)","v":2.4022747845795589},598084.5,2.56,0.44931506849315067,2.1917808219178082E-2,{"$f":"BSUoS_per_SP(G131,H131,I131,J131)","v":2.5340922010954983}]
["2015-08-09",591873.91666666663,2.17,0.44931506849315067,2.1917808219178082E-2,2.2312181308859653,589624,3.65,0.44931506849315067,2.1917808219178082E-2,3.4947695480509613]
["2015-08-10",706068,1.86,0.44931506849315067,2.1917808219178082E-2,1.6508324977197664,702769.5,2.64,0.44931506849315067,2.1917808219178082E-2,2.2135264738107776]
["2015-08-11",703866.25,1.96,0.44931506849315067,2.1917808219178082E-2,1.7270332705372897,721633.5,2.4300000000000002,0.44931506849315067,2.1917808219178082E-2,2.0101602751533325]
["2015-08-12",700114.58333333291,1.97,0.44931506849315067,2.1917808219178082E-2,1.7434278654221091,717293,1.37,0.44931506849315067,2.1917808219178082E-2,1.2834364757497982]
["2015-08-13",729985.5,2.1,0.44931506849315067,2.1917808219178082E-2,1.7611296655004343,741557,2.5299999999999998,0.44931506849315067,2.1917808219178082E-2,2.0235801158912934]
["2015-08-14",721262.41666666698,1.78,0.44931506849315067,2.1917808219178082E-2,1.560597951923157,742565,3.45,0.44931506849315067,2.1917808219178082E-2,2.6403075825011952]
["2015-08-15",611413.16666666698,1.93,0.44931506849315067,2.1917808219178082E-2,1.963648139637201,613662,1.1200000000000001,0.44931506849315067,2.1917808219178082E-2,1.2964791693147042]
["2015-08-16",611912.41666666698,1.94,0.44931506849315067,2.1917808219178082E-2,1.9702179398344859,614394.5,1.37,0.44931506849315067,2.1917808219178082E-2,1.4983870285191587]
["2015-08-17",719685.16666666663,1.91,0.44931506849315067,2.1917808219178082E-2,1.6543348826222584,707933,0.92,0.44931506849315067,2.1917808219178082E-2,0.98257885986385718]
["2015-08-18",728608.91666666663,1.97,0.44931506849315067,2.1917808219178082E-2,1.6752469431478336,727921.5,1.36,0.44931506849315067,2.1917808219178082E-2,1.257827074878902]
["2015-08-19",726550.16666666663,1.92,0.44931506849315067,2.1917808219178082E-2,1.6455853003922647,730498.5,1.85,0.44931506849315067,2.1917808219178082E-2,1.5887791616130367]
["2015-08-20",711995.33333333337,2.3199999999999998,0.44931506849315067,2.1917808219178082E-2,1.9601261244812112,736233.5,2.74,0.44931506849315067,2.1917808219178082E-2,2.1808283779341897]
["2015-08-21",706353.41666666663,3.07,0.44931506849315067,2.1917808219178082E-2,2.5066786719954468,711886,2.5499999999999998,0.44931506849315067,2.1917808219178082E-2,2.1219689669413362]
["2015-08-22",629162.58333333337,2.0499999999999998,0.44931506849315067,2.1917808219178082E-2,2.0036143256993815,641964,2.4900000000000002,0.44931506849315067,2.1917808219178082E-2,2.3063598581851945]
["2015-08-23",607513.33333333337,1.29,0.44931506849315067,2.1917808219178082E-2,1.4495163066469359,604124,5.62,0.44931506849315067,2.1917808219178082E-2,5.0413491270004176]
["2015-08-24",721010.66666666663,2.34,0.44931506849315067,2.1917808219178082E-2,1.9494848206199349,739441.5,2.74,0.44931506849315067,2.1917808219178082E-2,2.1713670578625504]
["2015-08-25",733229.83333333337,2.8,0.44931506849315067,2.1917808219178082E-2,2.2306779591669734,724288,2.16,0.44931506849315067,2.1917808219178082E-2,1.8164045241671822]
["2015-08-26",739110.58333333337,2.27,0.44931506849315067,2.1917808219178082E-2,1.8543899360177294,712472.5,1.77,0.44931506849315067,2.1917808219178082E-2,1.5728337394311636]
["2015-08-27",732981.41666666663,2.04,0.44931506849315067,2.1917808219178082E-2,1.7130048391431703,702019.5,2.0099999999999998,0.44931506849315067,2.1917808219178082E-2,1.7671861200535595]
["2015-08-28",721352.75,1.68,0.44931506849315067,2.1917808219178082E-2,1.4910868881116457,679622,1.3,0.44931506849315067,2.1917808219178082E-2,1.3030772988514203]
["2015-08-29",633843.25,1.89,0.44931506849315067,2.1917808219178082E-2,1.8626063552015246,616704.5,1.59,0.44931506849315067,2.1917808219178082E-2,1.6711420713989207]
["2015-08-30",603682.58333333337,1.69,0.44931506849315067,2.1917808219178082E-2,1.7900123077840522,621629,1.91,0.44931506849315067,2.1917808219178082E-2,1.9152903098150182]
["2015-08-31",646080.58333333337,1.74,0.44931506849315067,2.1917808219178082E-2,1.7112405410467109,660997,2.09,0.44931506849315067,2.1917808219178082E-2,1.9373764177447097]
["2015-09-01",710342.08333333337,1.69,0.44931506849315067,2.1917808219178082E-2,1.5212390651263756,723081,2.1800000000000002,0.44931506849315067,2.1917808219178082E-2,1.8332662592434321]
["2015-09-02",728624.41666666663,1.72,0.44931506849315067,2.1917808219178082E-2,1.5036562067678254,733141,1.27,0.44931506849315067,2.1917808219178082E-2,1.187493265279121]
["2015-09-03",736380.33333333337,1.8,0.44931506849315067,2.1917808219178082E-2,1.5421385697601782,740876.5,1.99,0.44931506849315067,2.1917808219178082E-2,1.6610067001765478]
["2015-09-04",726801.08333333337,1.93,0.44931506849315067,2.1917808219178082E-2,1.651896461342238,726188,1.39,0.44931506849315067,2.1917808219178082E-2,1.2814863368714438]
["2015-09-05",628317.91666666663,2.04,0.44931506849315067,2.1917808219178082E-2,1.9983511533968468,642074,1.54,0.44931506849315067,2.1917808219178082E-2,1.5661746153870115]
["2015-09-06",609093.83333333337,1.8,0.44931506849315067,2.1917808219178082E-2,1.8644084492705559,613598,1.32,0.44931506849315067,2.1917808219178082E-2,1.4595875475474172]
["2015-09-07",749788.58333333337,1.75,0.44931506849315067,2.1917808219178082E-2,1.481216715635999,739106,1.42,0.44931506849315067,2.1917808219178082E-2,1.279383471382995]
["2015-09-08",774964.25,1.28,0.44931506849315067,2.1917808219178082E-2,1.1298589353828048,764083,2.04,0.44931506849315067,2.1917808219178082E-2,1.643276973836612]
["2015-09-09",757616.91666666663,1.31,0.44931506849315067,2.1917808219178082E-2,1.1755280042554483,753537,1.61,0.44931506849315067,2.1917808219178082E-2,1.3809540871914718]
["2015-09-10",722774.41666666663,1.5,0.44931506849315067,2.1917808219178082E-2,1.363635105856049,719438.5,1.35,0.44931506849315067,2.1917808219178082E-2,1.265710179334425]
["2015-09-11",706414.91666666663,1.52,0.44931506849315067,2.1917808219178082E-2,1.409369846336785,704461,2.17,0.44931506849315067,2.1917808219178082E-2,1.8746247130785096]
["2015-09-12",633111.75,2.82,0.44931506849315067,2.1917808219178082E-2,2.5992241499134434,631888,2.59,0.44931506849315067,2.1917808219178082E-2,2.4222647051376192]
["2015-09-13",646094.83333333337,1.38,0.44931506849315067,2.1917808219178082E-2,1.4326066600112985,638505,1.98,0.44931506849315067,2.1917808219178082E-2,1.9194837941754568]
["2015-09-14",761774.58333333337,1.2,0.44931506849315067,2.1917808219178082E-2,1.0969118177939681,754947.5,2.02,0.44931506849315067,2.1917808219178082E-2,1.6499149610304287]
["2015-09-15",764784,1.24,0.44931506849315067,2.1917808219178082E-2,1.1187472541266554,767695,2.02,0.44931506849315067,2.1917808219178082E-2,1.6225193599020444]
["2015-09-16",778857.41666666663,0.96,0.44931506849315067,2.1917808219178082E-2,0.91878226683460507,781440,1.1100000000000001,0.44931506849315067,2.1917808219178082E-2,1.0117219492219494]
["2015-09-17",753801.25,1.4,0.44931506849315067,2.1917808219178082E-2,1.2411763847487598,763069.5,1.02,0.44931506849315067,2.1917808219178082E-2,0.97710563906325765]
["2015-09-18",748242.91666666663,1.34,0.44931506849315067,2.1917808219178082E-2,1.2103020008205891,757876,1.29,0.44931506849315067,2.1917808219178082E-2,1.1619315033066095]
["2015-09-19",665247.41666666663,1.33,0.44931506849315067,2.1917808219178082E-2,1.3537828806443322,662531,1.29,0.44931506849315067,2.1917808219178082E-2,1.3291453531985673]
["2015-09-20",654864.83333333337,1.22,0.44931506849315067,2.1917808219178082E-2,1.2912585036610598,652202,1.1399999999999999,0.44931506849315067,2.1917808219178082E-2,1.23520013738075]
["2015-09-21",784235.75,0.83,0.44931506849315067,2.1917808219178082E-2,0.82959721308381662,767770,1.8,0.44931506849315067,2.1917808219178082E-2,1.4790887896114722]
["2015-09-22",769863,0.86,0.44931506849315067,2.1917808219178082E-2,0.86456941040159085,770500.5,1.36,0.44931506849315067,2.1917808219178082E-2,1.1883192731992214]
["2015-09-23",761708.66666666663,0.93,0.44931506849315067,2.1917808219178082E-2,0.9197738243870035,757051,1.96,0.44931506849315067,2.1917808219178082E-2,1.6057042392124177]
["2015-09-24",749849.75,1.55,0.44931506849315067,2.1917808219178082E-2,1.3477362139094486,730611,1.1299999999999999,0.44931506849315067,2.1917808219178082E-2,1.0957951632263954]
["2015-09-25",731881.08333333337,2.2400000000000002,0.44931506849315067,2.1917808219178082E-2,1.8522136795462651,735184.5,1.1000000000000001,0.44931506849315067,2.1917808219178082E-2,1.0685760299462448]
["2015-09-26",656950.5,1.38,0.44931506849315067,2.1917808219178082E-2,1.408935230991704,667959.5,1.29,0.44931506849315067,2.1917808219178082E-2,1.3183424157135157]
["2015-09-27",646965.75,1.2,0.44931506849315067,2.1917808219178082E-2,1.2915670993529798,645582.5,1.19,0.44931506849315067,2.1917808219178082E-2,1.2865910139997707]
["2015-09-28",746391.83333333337,1.1000000000000001,0.44931506849315067,2.1917808219178082E-2,1.0525300378353466,743302.5,0.91,0.44931506849315067,2.1917808219178082E-2,0.92909745971354851]
["2015-09-29",758737.58333333337,1.05,0.44931506849315067,2.1917808219178082E-2,1.0024540750562119,754571,0.95,0.44931506849315067,2.1917808219178082E-2,0.94172715357468018]
["2015-09-30",752154.25,0.9,0.44931506849315067,2.1917808219178082E-2,0.91151546092954372,750831,0.89,0.44931506849315067,2.1917808219178082E-2,0.90646230643114101]
["2015-10-01",762549.5,0.62,0.44931506849315067,2.1917808219178082E-2,0.71549406596288767,763690,2.2000000000000002,0.44931506849315067,2.1917808219178082E-2,1.7488771621993218]
["2015-10-02",754649.33333333337,0.3,0.44931506849315067,2.1917808219178082E-2,0.51096602526472568,752552.5,0.56000000000000005,0.44931506849315067,2.1917808219178082E-2,0.6851353793492011]
["2015-10-03",692928.91666666663,0.67,0.44931506849315067,2.1917808219178082E-2,0.82346098950974778,699693,1.31,0.44931506849315067,2.1917808219178082E-2,1.2728439472740187]
["2015-10-04",671717.75,0.59,0.44931506849315067,2.1917808219178082E-2,0.78991481544338538,669122,1.06,0.44931506849315067,2.1917808219178082E-2,1.1441859630979103]
["2015-10-05",771975,0.43,0.44931506849315067,2.1917808219178082E-2,0.58369765860293399,777925,3.07,0.44931506849315067,2.1917808219178082E-2,2.2760548896101809]
["2015-10-06",784485.5,0.89,0.44931506849315067,2.1917808219178082E-2,0.86757443727485262,796726,2.8,0.44931506849315067,2.1917808219178082E-2,2.052901499386238]
["2015-10-07",791322.33333333337,1.08,0.44931506849315067,2.1917808219178082E-2,0.9801319816711781,790266.5,1.26,0.44931506849315067,2.1917808219178082E-2,1.0953273960919487]
["2015-10-08",799331,1.47,0.44931506849315067,2.1917808219178082E-2,1.2142654294653905,797514,1.0900000000000001,0.44931506849315067,2.1917808219178082E-2,0.97879159488109302]
["2015-10-09",782601.58333333337,0.74,0.44931506849315067,2.1917808219178082E-2,0.77382884275787689,781685.5,1.0900000000000001,0.44931506849315067,2.1917808219178082E-2,0.99861069534314295]
["2015-10-10",705750.41666666663,0.87,{"$f":"internal_BSUoS_cost_per_year/days_per_year","v":0.44931506849315067},{"$f":"forecast_BSIS_profit_per_year/days_per_year","v":2.1917808219178082E-2},0.95019482819695356,708640.5,1.3,{"$f":"internal_BSUoS_cost_per_year/days_per_year","v":0.44931506849315067},{"$f":"forecast_BSIS_profit_per_year/days_per_year","v":2.1917808219178082E-2},1.2497177692481374]
["2015-10-11",682022.08333333337,0.9,0.44931506849315067,2.1917808219178082E-2,{"$f":"BSUoS_per_SP(B195,C195,D195,E195)","v":1.0052461650797189},678742.5,0.91,0.44931506849315067,2.1917808219178082E-2,{"$f":"BSUoS_per_SP(G195,H195,I195,J195)","v":1.0174705558223891}]
["2015-10-12",801447.16666666663,0.9,0.44931506849315067,2.1917808219178082E-2,0.85545269992900341,788727,0.9,0.44931506849315067,2.1917808219178082E-2,0.8692488021837721]
["2015-10-13",822785.5,0.81,0.44931506849315067,2.1917808219178082E-2,0.77857425867722596,819143.5,1.56,0.44931506849315067,2.1917808219178082E-2,1.2398308478118623]
["2015-10-14",823429.58333333337,1.32,0.44931506849315067,2.1917808219178082E-2,1.0876455800735947,819436,1.19,0.44931506849315067,2.1917808219178082E-2,1.0136240048033036]
["2015-10-15",831258,0.45,0.44931506849315067,2.1917808219178082E-2,0.55409993046683459,840503,2.0099999999999998,0.44931506849315067,2.1917808219178082E-2,1.4760209065285905]
["2015-10-16",814272.58333333337,1.25,0.44931506849315067,2.1917808219178082E-2,1.0568936953576995,826605,2.19,0.44931506849315067,2.1917808219178082E-2,1.6097168538782127]
["2015-10-17",729922.08333333337,1.57,0.44931506849315067,2.1917808219178082E-2,1.3982315918687203,736654,1.1100000000000001,0.44931506849315067,2.1917808219178082E-2,1.0732311234310816]
["2015-10-18",716362.91666666663,1.57,0.44931506849315067,2.1917808219178082E-2,1.4246966970655939,728811,1.41,0.44931506849315067,2.1917808219178082E-2,1.2905952297646439]
["2015-10-19",827392.91666666663,1.51,0.44931506849315067,2.1917808219178082E-2,1.1972545090422568,836563,1.58,0.44931506849315067,2.1917808219178082E-2,1.2259686359544948]
["2015-10-20",834705.66666666663,1.39,0.44931506849315067,2.1917808219178082E-2,1.1148835637937189,819692,1.2,0.44931506849315067,2.1917808219178082E-2,1.0194072895673008]
["2015-10-21",833065.91666666663,2.16,0.44931506849315067,2.1917808219178082E-2,1.5792266158983803,817697,3.57,0.44931506849315067,2.1917808219178082E-2,2.4710864782431634]
["2015-10-22",826465,3.08,0.44931506849315067,2.1917808219178082E-2,2.1484273381207917,792056,4.28,0.44931506849315067,2.1917808219178082E-2,2.9992828789883546]
["2015-10-23",803403.66666666663,1.47,0.44931506849315067,2.1917808219178082E-2,1.2081094941025934,812261.5,2.23,0.44931506849315067,2.1917808219178082E-2,1.6627639850196119]
["2015-10-24",723429.75,1.66,0.44931506849315067,2.1917808219178082E-2,1.4729828732565693,719809.5,3.65,0.44931506849315067,2.1917808219178082E-2,2.8626998791347718]
["2015-10-25",743975.75,2.08,0.44931506849315067,2.1917808219178082E-2,1.7145714377883159,718527,2.46,0.44931506849315067,2.1917808219178082E-2,2.0397285001120347]
["2015-10-26",830884.58333333337,1.06,0.44931506849315067,2.1917808219178082E-2,0.92142715297544187,813568.5,2.2400000000000002,0.44931506849315067,2.1917808219178082E-2,1.6662405601006924]
["2015-10-27",813511.5,1.87,0.44931506849315067,2.1917808219178082E-2,1.4389461987038914,837368.5,1.47,0.44931506849315067,2.1917808219178082E-2,1.1591080624050596]
["2015-10-28",836315.5,1.42,0.44931506849315067,2.1917808219178082E-2,1.130673094858881,839520.5,1.02,0.44931506849315067,2.1917808219178082E-2,0.88812654850390704]
["2015-10-29",830615.58333333337,3.2,0.44931506849315067,2.1917808219178082E-2,2.2099261271152977,828388,1.76,0.44931506849315067,2.1917808219178082E-2,1.3467119272611385]
["2015-10-30",797868.41666666663,1.39,0.44931506849315067,2.1917808219178082E-2,1.1663583449893966,818991.5,1.72,0.44931506849315067,2.1917808219178082E-2,1.3377420048059077]
["2015-10-31",705998.33333333337,1.56,0.44931506849315067,2.1917808219178082E-2,1.4385309873399075,722919.5,3.07,0.44931506849315067,2.1917808219178082E-2,2.4492336634759031]
["2015-11-01",744833.58333333337,1.1499999999999999,0.44931506849315067,2.1917808219178082E-2,1.0882961841161922,729925.5,2.04,0.44931506849315067,2.1917808219178082E-2,1.7201743738406359]
["2015-11-02",848151.33333333337,1.1599999999999999,0.44931506849315067,2.1917808219178082E-2,0.96162122074960699,852546.5,2.0299999999999998,0.44931506849315067,2.1917808219178082E-2,1.4669003197481425]
["2015-11-03",881551.66666666663,0.9,0.44931506849315067,2.1917808219178082E-2,0.77771929506143711,876317,3.04,0.44931506849315067,2.1917808219178082E-2,2.0033846199491738]
["2015-11-04",859562.25,0.65,0.44931506849315067,2.1917808219178082E-2,0.65219262833861902,870366.5,2.3199999999999998,0.44931506849315067,2.1917808219178082E-2,1.6034633705820309]
["2015-11-05",847340.91666666663,0.84,0.44931506849315067,2.1917808219178082E-2,0.77371447858654308,855955,1.68,0.44931506849315067,2.1917808219178082E-2,1.2566081160808686]
["2015-11-06",821941.83333333337,1.62,0.44931506849315067,2.1917808219178082E-2,1.2721092242518328,821124,1.66,0.44931506849315067,2.1917808219178082E-2,1.2977333508702704]
["2015-11-07",738577.41666666663,1.98,0.44931506849315067,2.1917808219178082E-2,1.6594072114349621,730432.5,2.16,0.44931506849315067,2.1917808219178082E-2,1.8011259090510823]
["2015-11-08",726485.83333333337,2.65,0.44931506849315067,2.1917808219178082E-2,2.1481487599210447,710858.5,5.16,0.44931506849315067,2.1917808219178082E-2,3.9608473140908593]
["2015-11-09",817223.91666666663,3.43,0.44931506849315067,2.1917808219178082E-2,2.3868608851428741,798561.5,5.4,0.44931506849315067,2.1917808219178082E-2,3.6761078037772901]
["2015-11-10",797666.25,4.6900000000000004,0.44931506849315067,2.1917808219178082E-2,3.2351886629240814,801431,4.51,0.44931506849315067,2.1917808219178082E-2,3.1076911175135473]
["2015-11-11",821453.41666666663,4.05,0.44931506849315067,2.1917808219178082E-2,2.7519529419212052,810073.5,2.44,0.44931506849315067,2.1917808219178082E-2,1.7968728782802559]
["2015-11-12",827377.75,3.87,0.44931506849315067,2.1917808219178082E-2,2.6234683542467891,803219.5,5.1100000000000003,0.44931506849315067,2.1917808219178082E-2,3.4742660790318967]
["2015-11-13",823124.33333333337,3.86,0.44931506849315067,2.1917808219178082E-2,2.6309523231007721,792188,5.01,0.44931506849315067,2.1917808219178082E-2,3.45953233323403]
["2015-11-14",761398.66666666663,4.04,0.44931506849315067,2.1917808219178082E-2,2.9624415057020039,761334.5,4.5199999999999996,0.44931506849315067,2.1917808219178082E-2,3.2779305797455516]
["2015-11-15",710170.16666666663,2.86,0.44931506849315067,2.1917808219178082E-2,2.3453539293408618,703432,3.55,0.44931506849315067,2.1917808219178082E-2,2.8582720149211296]
["2015-11-16",827054.58333333337,4.12,0.44931506849315067,2.1917808219178082E-2,2.7756316085387307,802975.5,5.33,0.44931506849315067,2.1917808219178082E-2,3.6123121986211295]
["2015-11-17",849944.91666666663,2.27,0.44931506849315067,2.1917808219178082E-2,1.6125749313190854,845767.5,4.8899999999999997,0.44931506849315067,2.1917808219178082E-2,3.1694270769288977]
["2015-11-18",835749,2.2999999999999998,0.44931506849315067,2.1917808219178082E-2,1.6579140387843718,820855,3.54,0.44931506849315067,2.1917808219178082E-2,2.4433060650175733]
["2015-11-19",849133.91666666663,1.9,0.44931506849315067,2.1917808219178082E-2,1.3962460577482469,847917.5,3.09,0.44931506849315067,2.1917808219178082E-2,2.0999672138107695]
["2015-11-20",871813.83333333337,1.69,0.44931506849315067,2.1917808219178082E-2,1.2394845689562222,848293,1.42,0.44931506849315067,2.1917808219178082E-2,1.114709186566434]
["2015-11-21",814483.33333333337,3.51,0.44931506849315067,2.1917808219178082E-2,2.4440043561375742,796149,2.75,0.44931506849315067,2.1917808219178082E-2,2.0229881592515975]
["2015-11-22",823636.66666666663,2.66,0.44931506849315067,2.1917808219178082E-2,1.9008373834589753,828196,1.33,0.44931506849315067,2.1917808219178082E-2,1.0874237499335906]
["2015-11-23",953675.66666666663,2.13,0.44931506849315067,2.1917808219178082E-2,1.3637755380233958,928231,1.78,0.44931506849315067,2.1917808219178082E-2,1.2126291838992664]
["2015-11-24",896832.5,2.66,0.44931506849315067,2.1917808219178082E-2,1.7457004210376079,909038.5,2.16,0.44931506849315067,2.1917808219178082E-2,1.4472442296141637]
["2015-11-25",891115.75,1.89,0.44931506849315067,2.1917808219178082E-2,1.3248555743584449,897955.5,1.59,0.44931506849315067,2.1917808219178082E-2,1.1477177055445924]
["2015-11-26",900576.66666666663,2.23,0.44931506849315067,2.1917808219178082E-2,1.4997051890066035,902640.5,2.0499999999999998,0.44931506849315067,2.1917808219178082E-2,1.3965700611539482]
["2015-11-27",855736.41666666663,3.17,0.44931506849315067,2.1917808219178082E-2,2.1275253115446819,844154.5,4.25,0.44931506849315067,2.1917808219178082E-2,2.7964091860016063]
["2015-11-28",799769.16666666663,4.7699999999999996,0.44931506849315067,2.1917808219178082E-2,3.2766961460121609,780206.5,5.86,0.44931506849315067,2.1917808219178082E-2,4.0573899713665371]
["2015-11-29",760677.66666666663,4.46,0.44931506849315067,2.1917808219178082E-2,3.2413189286399766,760280.5,6.3,0.44931506849315067,2.1917808219178082E-2,4.4530962277055819]
["2015-11-30",896031.75,4.2,0.44931506849315067,2.1917808219178082E-2,2.6066033355951572,901565.5,3.52,0.44931506849315067,2.1917808219178082E-2,2.2134818748710576]
["2015-12-01",890256.83333333337,1.93,0.44931506849315067,2.1917808219178082E-2,1.3485993370453699,883507,3.82,0.44931506849315067,2.1917808219178082E-2,2.4285036790879979]
["2015-12-02",884137.41666666663,3.19,0.44931506849315067,2.1917808219178082E-2,2.0704935999737595,862111,4.08,0.44931506849315067,2.1917808219178082E-2,2.6395672946987103]
["2015-12-03",889447.33333333337,1.93,0.44931506849315067,2.1917808219178082E-2,1.3498274770728329,883330,0.93,0.44931506849315067,2.1917808219178082E-2,0.79313506843422055]
["2015-12-04",862667,4.93,0.44931506849315067,2.1917808219178082E-2,3.1305242926876766,835345.5,4.75,0.44931506849315067,2.1917808219178082E-2,3.1251720843818012]
["2015-12-05",758962.25,5.74,0.44931506849315067,2.1917808219178082E-2,4.0919044695254838,762230.5,5.95,0.44931506849315067,2.1917808219178082E-2,4.2121144536426014]
["2015-12-06",748103.25,5.36,0.44931506849315067,2.1917808219178082E-2,3.8973242989267525,757324,4.24,0.44931506849315067,2.1917808219178082E-2,3.1104256566542197]
["2015-12-07",856496.25,4.91,0.44931506849315067,2.1917808219178082E-2,3.1414040462535726,852966,3.36,0.44931506849315067,2.1917808219178082E-2,2.2458105012392053]
["2015-12-08",860702,2.59,0.44931506849315067,2.1917808219178082E-2,1.7783158398609507,843653.5,5.08,0.44931506849315067,2.1917808219178082E-2,3.2899743259677545]
["2015-12-09",867783.08333333337,2.52,0.44931506849315067,2.1917808219178082E-2,1.7234723427400629,864929,4.99,0.44931506849315067,2.1917808219178082E-2,3.1570221370771474]
["2015-12-10",884960.58333333337,3.04,0.44931506849315067,2.1917808219178082E-2,1.9838162359697207,879391,3.91,0.44931506849315067,2.1917808219178082E-2,2.4910420961779232]
["2015-12-11",914466.83333333337,3.54,0.44931506849315067,2.1917808219178082E-2,2.1931901315192346,873821.5,2.35,0.44931506849315067,2.1917808219178082E-2,1.614287578019322]
["2015-12-12",851878.75,1.63,0.44931506849315067,2.1917808219178082E-2,{"$f":"BSUoS_per_SP(B257,C257,D257,E257)","v":1.2332737395803863},827362.5,1.41,0.44931506849315067,2.1917808219178082E-2,1.1368663293697316]
["2015-12-13",824855.25,1.46,{"$f":"internal_BSUoS_cost_per_year/days_per_year","v":0.44931506849315067},{"$f":"forecast_BSIS_profit_per_year/days_per_year","v":2.1917808219178082E-2},1.1706299895133083,831537.5,1.6,{"$f":"internal_BSUoS_cost_per_year/days_per_year","v":0.44931506849315067},{"$f":"forecast_BSIS_profit_per_year/days_per_year","v":2.1917808219178082E-2},1.2454030964309508]
["2015-12-14",856496.25,1.42,0.44931506849315067,2.1917808219178082E-2,{"$f":"BSUoS_per_SP(B259,C259,D259,E259)","v":1.1040331770376044},919781,1.28,0.44931506849315067,2.1917808219178082E-2,{"$f":"BSUoS_per_SP(G259,H259,I259,J259)","v":0.95196573967063902}]
["2015-12-15",860702,1.05,0.44931506849315067,2.1917808219178082E-2,0.88369726107293811,905343.5,1.19,0.44931506849315067,2.1917808219178082E-2,0.91744132616994201]
["2015-12-16",867783.08333333337,0.84,0.44931506849315067,2.1917808219178082E-2,0.75548841127332522,860337.5,1.2,0.44931506849315067,2.1917808219178082E-2,0.97124618463906043]
["2015-12-17",884960.58333333337,1.02,0.44931506849315067,2.1917808219178082E-2,0.84252300383858725,838308,1.64,0.44931506849315067,2.1917808219178082E-2,1.2592030614046388]
["2015-12-18",914466.83333333337,1.25,0.44931506849315067,2.1917808219178082E-2,0.94109464857671188,820373.5,2.4700000000000002,0.44931506849315067,2.1917808219178082E-2,1.7925970350108611]
["2015-12-19",851878.75,3.2,0.44931506849315067,2.1917808219178082E-2,2.1547661111495882,718028.5,4.9400000000000004,0.44931506849315067,2.1917808219178082E-2,3.7680981800152642]
["2015-12-20",760677.66666666663,4.32,0.44931506849315067,2.1917808219178082E-2,3.1492957598353049,697340.5,4.76,0.44931506849315067,2.1917808219178082E-2,3.7508245619066738]
["2015-12-21",896031.75,3.95,0.44931506849315067,2.1917808219178082E-2,2.467099389307525,820606.5,4.93,0.44931506849315067,2.1917808219178082E-2,3.2909825177978225]
["2015-12-22",803442.75,2.2599999999999998,0.44931506849315067,2.1917808219178082E-2,1.6996849807640366,801160.5,4.88,0.44931506849315067,2.1917808219178082E-2,3.3396574966298864]
["2015-12-23",807369.58333333337,3.92,0.44931506849315067,2.1917808219178082E-2,2.7194470936497517,770599.5,4.95,0.44931506849315067,2.1917808219178082E-2,3.5175188165066182]
["2015-12-24",777015.66666666663,5.67,0.44931506849315067,2.1917808219178082E-2,3.9517847766326564,725932,4.5199999999999996,0.44931506849315067,2.1917808219178082E-2,3.437787561369384]
["2015-12-25",690102.25,3.54,0.44931506849315067,2.1917808219178082E-2,2.9062370490159424,675879,4.34,0.44931506849315067,2.1917808219178082E-2,3.5592169604322668]
["2015-12-26",652816.83333333337,2.39,0.44931506849315067,2.1917808219178082E-2,2.1914257747577039,624018,3.92,0.44931506849315067,2.1917808219178082E-2,3.5184882487364146]
["2015-12-27",726295.41666666663,2.39,0.44931506849315067,2.1917808219178082E-2,1.9697230464205318,685979.5,2.36,0.44931506849315067,2.1917808219178082E-2,2.0636170150733255]
["2015-12-28",728262.5,2.42,0.44931506849315067,2.1917808219178082E-2,1.9849999038807462,677929,3.08,0.44931506849315067,2.1917808219178082E-2,2.6191533331661576]
["2015-12-29",730321.41666666663,1.1000000000000001,0.44931506849315067,2.1917808219178082E-2,1.07569137406702,702994.5,2.86,0.44931506849315067,2.1917808219178082E-2,2.3692947592724831]
["2015-12-30",726826.83333333337,3.43,0.44931506849315067,2.1917808219178082E-2,2.6837197847630869,733463.5,4.2699999999999996,0.44931506849315067,2.1917808219178082E-2,3.2320604692254831]
["2015-12-31",724685.25,2.5099999999999998,0.44931506849315067,2.1917808219178082E-2,2.0568936848423798,725953,1.94,0.44931506849315067,2.1917808219178082E-2,1.6607135723662552]
["2016-01-01",724270,2.83,0.44931506849315067,2.1917808219178082E-2,2.2789843566625705,704640,4.1500000000000004,0.44931506849315067,2.1917808219178082E-2,3.2791212534059948]
["2016-01-02",792847.25,3.13,0.44931506849315067,2.1917808219178082E-2,2.2710560801768813,721705,3.14,0.44931506849315067,2.1917808219178082E-2,2.5018532502892459]
["2016-01-03",811394,3.23,0.44931506849315067,2.1917808219178082E-2,2.2807661875734846,740383,4.3,0.44931506849315067,2.1917808219178082E-2,3.2221161209806275]
["2016-01-04",881604.83333333337,2.81,0.73479452054794514,6.8493150684931503E-2,2.0492737677304462,866133,3.26,0.73479452054794514,6.8493150684931503E-2,2.2821552810018786]
["2016-01-05",889033.08333333337,2.21,0.73479452054794514,6.8493150684931503E-2,1.6947064957093831,890411.5,3.15,0.73479452054794514,6.8493150684931503E-2,2.1132352214480488]
["2016-01-06",899837.25,2.0099999999999998,0.73479452054794514,6.8493150684931503E-2,1.5632275623251766,897142.5,1.78,0.73479452054794514,6.8493150684931503E-2,1.3840060993688847]
["2016-01-07",886882,2.5,0.73479452054794514,6.8493150684931503E-2,1.8623108823947268,868451.5,3.36,0.73479452054794514,6.8493150684931503E-2,2.3336350195520303]
["2016-01-08",924089.41666666663,1.71,0.73479452054794514,6.8493150684931503E-2,1.3598798384138324,903082.5,1.68,0.73479452054794514,6.8493150684931503E-2,1.2586343211358437]
["2016-01-09",851796.83333333337,1.4,0.73479452054794514,6.8493150684931503E-2,1.2933245832046838,808575,1.29,0.73479452054794514,6.8493150684931503E-2,1.2635191540673407]
["2016-01-10",828937.75,1.81,0.73479452054794514,6.8493150684931503E-2,1.5762940051005021,777184.5,1.96,0.73479452054794514,6.8493150684931503E-2,1.7327299584139664]
["2016-01-11",912064.33333333337,2.2599999999999998,0.73479452054794514,6.8493150684931503E-2,1.6793229422496665,927687,1.28,0.73479452054794514,6.8493150684931503E-2,1.0366104084675112]
["2016-01-12",927022.33333333337,1.46,0.73479452054794514,6.8493150684931503E-2,1.2207369404393855,918632,1.42,0.73479452054794514,6.8493150684931503E-2,1.1393572181243414]
["2016-01-13",934626.25,1.31,0.73479452054794514,6.8493150684931503E-2,1.1305591755418745,942968,1.47,0.73479452054794514,6.8493150684931503E-2,1.1788841190793324]
["2016-01-14",953017.91666666663,1.45,0.44931506849315067,2.1917808219178082E-2,{"$f":"BSUoS_per_SP(B290,C290,D290,E290)","v":1.0079557783798416},939687,1.43,0.44931506849315067,2.1917808219178082E-2,1.011613441497009]
["2016-01-15",942001.83333333337,1.6,0.44931506849315067,2.1917808219178082E-2,1.0993607232256408,936765.5,1.69,0.44931506849315067,2.1917808219178082E-2,1.1535431473815232]
["2016-01-16",878032.91666666663,1.44,0.44931506849315067,2.1917808219178082E-2,1.0883417821425845,892362,2.12,0.44931506849315067,2.1917808219178082E-2,1.4518771529939645]
["2016-01-17",891952.25,1.39,0.44931506849315067,2.1917808219178082E-2,1.0433296859023804,875125,1.59,0.44931506849315067,2.1917808219178082E-2,1.1776603342379661]
["2016-01-18",990666.41666666663,1.4,0.44931506849315067,2.1917808219178082E-2,0.94441517120805596,978289,1.1299999999999999,0.44931506849315067,2.1917808219178082E-2,0.81836757849674269]
["2016-01-19",1008356.1666666666,1.61,0.44931506849315067,2.1917808219178082E-2,1.0319768018437934,992428.5,2.4,0.44931506849315067,2.1917808219178082E-2,1.446553301599713]
["2016-01-20",1006765.75,1.7,0.44931506849315067,2.1917808219178082E-2,1.0783041938245828,989187.5,1.48,0.44931506849315067,2.1917808219178082E-2,0.98626348075391124]
["2016-01-21",975611.16666666663,1.91,0.44931506849315067,2.1917808219178082E-2,1.2203634440366089,967782,3.2,0.44931506849315067,2.1917808219178082E-2,1.8967081429495487]
["2016-01-22",884145.91666666663,2.29,0.44931506849315067,2.1917808219178082E-2,1.5615068099612508,894790.5,4.08,0.44931506849315067,2.1917808219178082E-2,2.5431665530459662]
["2016-01-23",786122.08333333337,3.66,0.44931506849315067,2.1917808219178082E-2,2.6275819783697698,799252,3.43,0.44931506849315067,2.1917808219178082E-2,2.4405318973239982]
["2016-01-24",744276.33333333337,3.16,0.44931506849315067,2.1917808219178082E-2,2.4394176353933221,759243,2.99,0.44931506849315067,2.1917808219178082E-2,2.2793756412637327]
["2016-01-25",847232.83333333337,3.14,0.44931506849315067,2.1917808219178082E-2,2.131172888685875,836280,4.3600000000000003,0.44931506849315067,2.1917808219178082E-2,2.8885062419285408]
["2016-01-26",886768.41666666663,2.46,0.44931506849315067,2.1917808219178082E-2,1.6527434458618262,861883,4.6100000000000003,0.44931506849315067,2.1917808219178082E-2,2.9477318847221725]
["2016-01-27",862449.83333333337,2.92,0.44931506849315067,2.1917808219178082E-2,1.966027016058902,862767.5,2.5,0.44931506849315067,2.1917808219178082E-2,1.7218997459340171]
["2016-01-28",885957.83333333337,3.91,0.44931506849315067,2.1917808219178082E-2,2.4725777068438912,861161.5,4.38,0.44931506849315067,2.1917808219178082E-2,2.8166593509699682]
["2016-01-29",840260.16666666663,4.34,0.44931506849315067,2.1917808219178082E-2,2.8629233808583057,836119.5,5.66,0.44931506849315067,2.1917808219178082E-2,3.6664593599004927]
["2016-01-30",781035.33333333337,4.51,0.44931506849315067,2.1917808219178082E-2,3.1888455703009466,756203.5,5.29,0.44931506849315067,2.1917808219178082E-2,3.8092895567862639]
["2016-01-31",790827.33333333337,4.37,0.44931506849315067,2.1917808219178082E-2,3.0608464303823721,786133.5,3.18,0.44931506849315067,2.1917808219178082E-2,2.3222504051472144]
["2016-02-01",852532.25,3.42,0.44931506849315067,2.1917808219178082E-2,2.2821430749813496,830395,5.09,0.44931506849315067,2.1917808219178082E-2,3.3485269058700977]
["2016-02-02",854472.66666666663,1.48,0.44931506849315067,2.1917808219178082E-2,1.1417563808335665,847125,2.2799999999999998,0.44931506849315067,2.1917808219178082E-2,{"$f":"BSUoS_per_SP(G309,H309,I309,J309)","v":1.6238453593035265}]
["2016-02-03",875271.16666666663,0.92,0.44931506849315067,2.1917808219178082E-2,0.79472529079565069,896223,1.45,0.44931506849315067,2.1917808219178082E-2,1.0718314526630091]
["2016-02-04",880107.58333333337,1.21,0.44931506849315067,2.1917808219178082E-2,0.95511005467510801,886269,1.53,0.44931506849315067,2.1917808219178082E-2,1.1290025940205513]
["2016-02-05",839890.58333333337,3.7,0.44931506849315067,2.1917808219178082E-2,2.4831793649414031,842183.5,2.6,0.44931506849315067,2.1917808219178082E-2,1.8233545163527212]
["2016-02-06",770045.5,1.53,0.44931506849315067,2.1917808219178082E-2,1.2994028928141954,782583.5,2.6,0.44931506849315067,2.1917808219178082E-2,1.9622174744180816]
["2016-02-07",765797.58333333337,4.0599999999999996,0.44931506849315067,2.1917808219178082E-2,2.9584825241121022,732732.5,4.2300000000000004,0.44931506849315067,2.1917808219178082E-2,3.2079941916007493]
["2016-02-08",886296,2.4500000000000002,0.44931506849315067,2.1917808219178082E-2,1.6479821639723073,871304,2.56,0.44931506849315067,2.1917808219178082E-2,1.7394617722402284]
["2016-02-09",879633.08333333337,1.23,0.44931506849315067,2.1917808219178082E-2,0.96699418962226291,886232,1.85,0.44931506849315067,2.1917808219178082E-2,1.3095893626048258]
["2016-02-10",890452.33333333337,1.26,0.44931506849315067,2.1917808219178082E-2,0.97209057871732563,899689,1.39,0.44931506849315067,2.1917808219178082E-2,1.0343574279556602]
["2016-02-11",916652.08333333337,1.67,0.44931506849315067,2.1917808219178082E-2,1.1679459598626305,917257,1.1200000000000001,0.44931506849315067,2.1917808219178082E-2,0.86736868729265626]
["2016-02-12",916813,1.38,0.44931506849315067,2.1917808219178082E-2,1.009584288180905,918180,0.88,0.44931506849315067,2.1917808219178082E-2,0.73580343723452912]
["2016-02-13",819116.5,1.74,0.44931506849315067,2.1917808219178082E-2,1.3497477768716519,832892.5,1.77,0.44931506849315067,2.1917808219178082E-2,1.3454325410737527]
["2016-02-14",818895.58333333337,1.1399999999999999,0.44931506849315067,2.1917808219178082E-2,0.98376350598855034,788491.5,1.31,0.44931506849315067,2.1917808219178082E-2,1.1294978262303232]
["2016-02-15",907175.58333333337,1.42,{"$f":"internal_BSUoS_cost_per_year/days_per_year","v":0.44931506849315067},{"$f":"forecast_BSIS_profit_per_year/days_per_year","v":2.1917808219178082E-2},1.0423556178734887,914284.5,1.71,{"$f":"internal_BSUoS_cost_per_year/days_per_year","v":0.44931506849315067},{"$f":"forecast_BSIS_profit_per_year/days_per_year","v":2.1917808219178082E-2},1.1928459865862249]
["2016-02-16",913810.66666666663,2.2000000000000002,0.44931506849315067,2.1917808219178082E-2,{"$f":"BSUoS_per_SP(B323,C323,D323,E323)","v":1.4615713752624997},901852,2.87,0.44931506849315067,2.1917808219178082E-2,{"$f":"BSUoS_per_SP(G323,H323,I323,J323)","v":1.852410373320678}]
["2016-02-17",920954,1.66,0.44931506849315067,2.1917808219178082E-2,1.1570610475658936,941653.5,1.56,0.44931506849315067,2.1917808219178082E-2,1.0785277819666248]
["2016-02-18",898927.41666666663,1.6,0.44931506849315067,2.1917808219178082E-2,1.1520401545398014,913069.5,0.76,0.44931506849315067,2.1917808219178082E-2,0.67420898726275091]
["2016-02-19",898344.41666666663,2.2400000000000002,0.44931506849315067,2.1917808219178082E-2,1.5089987799773807,871497.5,2.63,0.44931506849315067,2.1917808219178082E-2,1.7792352937126648]
["2016-02-20",773309.91666666663,2.93,0.44931506849315067,2.1917808219178082E-2,2.1991180768385252,761610,4.71,0.44931506849315067,2.1917808219178082E-2,3.4014784469741732]
["2016-02-21",741388.58333333337,2.39,0.44931506849315067,2.1917808219178082E-2,1.9296212919263707,724223.5,3.33,0.44931506849315067,2.1917808219178082E-2,2.6243261753269707]
["2016-02-22",841480.16666666663,2.52,0.44931506849315067,2.1917808219178082E-2,1.7773446784237297,858897,2.34,0.44931506849315067,2.1917808219178082E-2,1.6365175335342887]
["2016-02-23",688213.16666666663,2.4300000000000002,0.44931506849315067,2.1917808219178082E-2,2.1077776792940557,889597.5,0.73,0.44931506849315067,2.1917808219178082E-2,0.67513640992897916]
["2016-02-24",913423.58333333337,1.3,0.44931506849315067,2.1917808219178082E-2,0.96953879030986712,918121,0.79,0.44931506849315067,2.1917808219178082E-2,0.68683757369671317]
["2016-02-25",936850,0.83,0.44931506849315067,2.1917808219178082E-2,0.69445482200992681,931502.5,0.62,0.44931506849315067,2.1917808219178082E-2,0.58572069625185985]
["2016-02-26",921097.91666666663,1.4,0.44931506849315067,2.1917808219178082E-2,1.0157442530545067,922597,1.19,0.44931506849315067,2.1917808219178082E-2,0.90028473970758627]
["2016-02-27",823150.16666666663,1.18,0.44931506849315067,2.1917808219178082E-2,1.0029763712567574,828230.5,1.1299999999999999,0.44931506849315067,2.1917808219178082E-2,0.96663970153218304]
["2016-02-28",798551.16666666663,0.91,0.44931506849315067,2.1917808219178082E-2,0.86481639870214932,803324.5,0.91,0.44931506849315067,2.1917808219178082E-2,0.85967803775313567]
["2016-02-29",911781.66666666663,1.02,0.44931506849315067,2.1917808219178082E-2,0.81773932804113258,900052.5,1.66,0.44931506849315067,2.1917808219178082E-2,1.1839315950633962]
["2016-03-01",872670,2.5,0.44931506849315067,2.1917808219178082E-2,1.7023617174877101,863991.5,3.36,0.44931506849315067,2.1917808219178082E-2,2.2171501587977667]
["2016-03-02",877344.91666666663,2.4,0.44931506849315067,2.1917808219178082E-2,1.6363004291356307,883163,3.28,0.44931506849315067,2.1917808219178082E-2,2.1237302740264252]
["2016-03-03",885809.16666666663,1.78,0.44931506849315067,2.1917808219178082E-2,1.270702826455816,896184.5,1.93,0.44931506849315067,2.1917808219178082E-2,1.3396802442355586]
["2016-03-04",868909.5,1.69,0.44931506849315067,2.1917808219178082E-2,1.2436270729995051,876073,1.22,0.44931506849315067,2.1917808219178082E-2,0.96521636895555507]
["2016-03-05",787174,1.72,0.44931506849315067,2.1917808219178082E-2,1.3918142621580489,805274.5,1.26,0.44931506849315067,2.1917808219178082E-2,1.0749136318818191]
["2016-03-06",794861.25,1.42,0.44931506849315067,2.1917808219178082E-2,1.1896419625569754,804635.5,1.01,0.44931506849315067,2.1917808219178082E-2,0.92041618818944215]
["2016-03-07",902823.83333333337,1.39,0.44931506849315067,2.1917808219178082E-2,1.0307656863353212,902708.5,0.92,0.44931506849315067,2.1917808219178082E-2,0.77057032838968975]
["2016-03-08",927692.58333333337,1.1499999999999999,0.44931506849315067,2.1917808219178082E-2,0.87378044245240605,936065.5,1.34,0.44931506849315067,2.1917808219178082E-2,0.96745314967107021]
["2016-03-09",918086.25,1.31,0.44931506849315067,2.1917808219178082E-2,0.97006162821347897,921986,1.42,0.44931506849315067,2.1917808219178082E-2,1.0256121025698872]
["2016-03-10",901199.25,1.26,0.44931506849315067,2.1917808219178082E-2,0.96049818075696936,921457,4.54,0.44931506849315067,2.1917808219178082E-2,2.7191719201221543]
["2016-03-11",879692.16666666663,1.51,0.44931506849315067,2.1917808219178082E-2,1.1260759447624851,875747.5,0.88,0.44931506849315067,2.1917808219178082E-2,0.77145480206634787]
["2016-03-12",789205.33333333337,1.53,0.44931506849315067,2.1917808219178082E-2,1.2678581610608144,776989,1.05,0.44931506849315067,2.1917808219178082E-2,0.97890703729396433]
["2016-03-13",764532.75,1.6,0.44931506849315067,2.1917808219178082E-2,1.3545523868819267,739654.5,0.59,0.44931506849315067,2.1917808219178082E-2,0.71736244243930269]
["2016-03-14",789205.33333333337,1.44,0.44931506849315067,2.1917808219178082E-2,{"$f":"BSUoS_per_SP(B350,C350,D350,E350)","v":1.2108387554564404},832185.5,0.08,0.44931506849315067,2.1917808219178082E-2,0.33117596306594921]
["2016-03-15",861762.58333333337,0.23,0.44931506849315067,2.1917808219178082E-2,0.40684039579327497,879220.5,0.94,0.44931506849315067,2.1917808219178082E-2,0.80252951479720658]
["2016-03-16",864924.25,0.44,0.44931506849315067,2.1917808219178082E-2,0.5267514833673248,860003.5,0.66,0.44931506849315067,2.1917808219178082E-2,0.65767135966809454]
["2016-03-17",864119,0.81,0.44931506849315067,2.1917808219178082E-2,0.74133308028176681,856195,1.3,0.44931506849315067,2.1917808219178082E-2,1.0343438118652877]
["2016-03-18",865994.66666666663,0.75,0.44931506849315067,2.1917808219178082E-2,0.70508490233777332,891594,1.61,0.44931506849315067,2.1917808219178082E-2,1.1671231524662571]
["2016-03-19",783381.5,0.69,0.44931506849315067,2.1917808219178082E-2,0.74114544372987889,797730,0.88,0.44931506849315067,2.1917808219178082E-2,0.84690308751081189]
["2016-03-20",764657.58333333337,0.51,0.44931506849315067,2.1917808219178082E-2,0.64159401981016351,761775.5,0.87,0.44931506849315067,2.1917808219178082E-2,0.88031127260507025]
["2016-03-21",854062.16666666663,0.33,0.44931506849315067,2.1917808219178082E-2,0.46905259805494215,847691,0.7,0.44931506849315067,2.1917808219178082E-2,0.69081776260453387]
["2016-03-22",867830.66666666663,0.46,0.44931506849315067,2.1917808219178082E-2,0.53650998869595579,859763,3.03,0.44931506849315067,2.1917808219178082E-2,2.0361425183451716]
["2016-03-23",855091.08333333337,1,0.44931506849315067,2.1917808219178082E-2,0.860259317429373,871166.5,1.27,0.44931506849315067,2.1917808219178082E-2,0.9993502960400199]
["2016-03-24",849819.5,1.27,0.44931506849315067,2.1917808219178082E-2,1.0244522369442941,835583.5,1.01,0.44931506849315067,2.1917808219178082E-2,0.88632621017156865]
["2016-03-25",698098.5,1.33,0.44931506849315067,2.1917808219178082E-2,1.2900767514016658,678216,1.63,0.44931506849315067,2.1917808219178082E-2,1.5490640150040693]
["2016-03-26",707118.08333333337,4.63,0.44931506849315067,2.1917808219178082E-2,3.6070358836856085,674361.5,4.08,0.44931506849315067,2.1917808219178082E-2,3.3744487382147867]
["2016-03-27",664821.33333333337,4.0599999999999996,0.44931506849315067,2.1917808219178082E-2,3.4078345900625879,625457.5,4.2300000000000004,0.44931506849315067,2.1917808219178082E-2,3.7582059866529809]
["2016-03-28",709254.5,3.98,0.44931506849315067,2.1917808219178082E-2,3.1379449393306205,681131.5,1.68,0.44931506849315067,2.1917808219178082E-2,1.5791359090455299]
["2016-03-29",802046.5,0.94,0.44931506849315067,2.1917808219178082E-2,0.87975003927455531,802046.5,1.1399999999999999,0.44931506849315067,2.1917808219178082E-2,1.0044311672896566]
["2016-03-30",804321,0.88,0.44931506849315067,2.1917808219178082E-2,0.83996314904124103,809735,0.43,0.44931506849315067,2.1917808219178082E-2,0.55647835402940471]
["2016-03-31",782036.83333333337,0.85,0.44931506849315067,2.1917808219178082E-2,0.84471706581657902,800690,1.85,0.44931506849315067,2.1917808219178082E-2,1.4494998064169653]
["2016-04-01",765696.33333333337,1.27,0.44931506849315067,2.1917808219178082E-2,1.1370047642928787,771081,{"$error":"#N/A"},0.44931506849315067,2.1917808219178082E-2,{"$error":"#VALUE!"}]
["2016-04-02",699754.58333333337,0.98,0.44931506849315067,2.1917808219178082E-2,1.0369343555958872,701502.5,{"$error":"#N/A"},0.44931506849315067,2.1917808219178082E-2,{"$error":"#VALUE!"}]
["2016-04-03",684604.75,0.67,0.44931506849315067,2.1917808219178082E-2,0.83347331673008529,686013.5,{"$error":"#N/A"},0.44931506849315067,2.1917808219178082E-2,{"$error":"#VALUE!"}]
["2016-04-04",785249.16666666663,0.69,0.44931506849315067,2.1917808219178082E-2,0.73938330389468809,799762.5,{"$error":"#N/A"},0.44931506849315067,2.1917808219178082E-2,{"$error":"#VALUE!"}]
["2016-04-05",774042,0.86,0.44931506849315067,2.1917808219178082E-2,0.85990165908309879,768769,{"$error":"#N/A"},0.44931506849315067,2.1917808219178082E-2,{"$error":"#VALUE!"}]
["2016-04-06",42861.5,0.33,0.44931506849315067,2.1917808219178082E-2,1.22,748567.5,{"$error":"#N/A"},0.44931506849315067,2.1917808219178082E-2,{"$error":"#VALUE!"}]
["2016-04-07",785002.16666666663,0.42,0.44931506849315067,2.1917808219178082E-2,0.56764186588059651,798262.5,{"$error":"#N/A"},0.44931506849315067,2.1917808219178082E-2,{"$error":"#VALUE!"}]
["2016-04-08",776251,0.71,0.44931506849315067,2.1917808219178082E-2,0.76083637895474532,791031.5,{"$error":"#N/A"},0.44931506849315067,2.1917808219178082E-2,{"$error":"#VALUE!"}]
["2016-04-09",694665.91666666663,0.54,0.44931506849315067,2.1917808219178082E-2,0.72783179254490649,710514,{"$error":"#N/A"},0.44931506849315067,2.1917808219178082E-2,{"$error":"#VALUE!"}]
["2016-04-10",671733.91666666663,0.7,0.44931506849315067,2.1917808219178082E-2,0.87177364849776839,664739,{"$error":"#N/A"},0.44931506849315067,2.1917808219178082E-2,{"$error":"#VALUE!"}]
["2016-04-11",756156.83333333337,0.78,0.44931506849315067,2.1917808219178082E-2,0.82734141190255461,775941.5,{"$error":"#N/A"},0.44931506849315067,2.1917808219178082E-2,{"$error":"#VALUE!"}]
["2016-04-12",764002.75,0.7,0.44931506849315067,2.1917808219178082E-2,0.7664891368227611,794913.5,{"$error":"#N/A"},0.44931506849315067,2.1917808219178082E-2,{"$error":"#VALUE!"}]
["2016-04-13",771086.41666666663,0.51,0.44931506849315067,2.1917808219178082E-2,0.63624550309563399,778041.5,{"$error":"#N/A"},0.44931506849315067,2.1917808219178082E-2,{"$error":"#VALUE!"}]
["2016-04-14",782207.91666666663,1.1100000000000001,0.44931506849315067,2.1917808219178082E-2,1.0107286041564392,790369.5,{"$error":"#N/A"},0.44931506849315067,2.1917808219178082E-2,{"$error":"#VALUE!"}]
["2016-04-15",768999.33333333337,1.32,0.44931506849315067,2.1917808219178082E-2,1.1646309032911617,809626.5,{"$error":"#N/A"},0.44931506849315067,2.1917808219178082E-2,{"$error":"#VALUE!"}]
["2016-04-16",689701,1.19,0.44931506849315067,2.1917808219178082E-2,1.2042899749311657,706520,{"$error":"#N/A"},0.44931506849315067,2.1917808219178082E-2,{"$error":"#VALUE!"}]
["2016-04-17",664874.91666666663,1.1200000000000001,0.44931506849315067,2.1917808219178082E-2,1.1966159052453469,666402,{"$error":"#N/A"},0.44931506849315067,2.1917808219178082E-2,{"$error":"#VALUE!"}]
["2016-04-18",773832.66666666663,1.23,0.44931506849315067,2.1917808219178082E-2,1.0992035749315421,773277.5,{"$error":"#N/A"},0.44931506849315067,2.1917808219178082E-2,{"$error":"#VALUE!"}]
["2016-04-19",780192.08333333337,1.1599999999999999,{"$f":"internal_BSUoS_cost_per_year/days_per_year","v":0.44931506849315067},{"$f":"forecast_BSIS_profit_per_year/days_per_year","v":2.1917808219178082E-2},1.04538370042246,771134,{"$error":"#N/A"},{"$f":"internal_BSUoS_cost_per_year/days_per_year","v":0.44931506849315067},{"$f":"forecast_BSIS_profit_per_year/days_per_year","v":2.1917808219178082E-2},{"$error":"#VALUE!"}]
["2016-04-20",744263.08333333337,1.23,0.44931506849315067,2.1917808219178082E-2,{"$f":"BSUoS_per_SP(B387,C387,D387,E387)","v":1.142875569523139},746467,{"$error":"#N/A"},0.44931506849315067,2.1917808219178082E-2,{"$f":"BSUoS_per_SP(G387,H387,I387,J387)","v":{"$error":"#VALUE!"}}]
["2016-04-21",763738.41666666663,0.99,0.44931506849315067,2.1917808219178082E-2,0.95661077489924551,757348.5,{"$error":"#N/A"},0.44931506849315067,2.1917808219178082E-2,{"$error":"#VALUE!"}]
["2016-04-22",777976.83333333337,1.36,0.44931506849315067,2.1917808219178082E-2,1.1768985458439003,780547,{"$error":"#N/A"},0.44931506849315067,2.1917808219178082E-2,{"$error":"#VALUE!"}]
["2016-04-23",664458.83333333337,0.85,0.44931506849315067,2.1917808219178082E-2,0.99419226769447022,674823.5,{"$error":"#N/A"},0.44931506849315067,2.1917808219178082E-2,{"$error":"#VALUE!"}]
["2016-04-24",666057.5,0.86,0.44931506849315067,2.1917808219178082E-2,0.9993123721958147,671416.5,{"$error":"#N/A"},0.44931506849315067,2.1917808219178082E-2,{"$error":"#VALUE!"}]
["2016-04-25",759283.08333333337,1.19,0.44931506849315067,2.1917808219178082E-2,1.0939267703873259,771853.5,{"$error":"#N/A"},0.44931506849315067,2.1917808219178082E-2,{"$error":"#VALUE!"}]
["2016-04-26",754831.5,1.64,0.44931506849315067,2.1917808219178082E-2,1.3984568751722237,771309.5,{"$error":"#N/A"},0.44931506849315067,2.1917808219178082E-2,{"$error":"#VALUE!"}]
["2016-04-27",792867.91666666663,1.53,0.44931506849315067,2.1917808219178082E-2,1.2620007365664903,807578.5,{"$error":"#N/A"},0.44931506849315067,2.1917808219178082E-2,{"$error":"#VALUE!"}]
["2016-04-28",800093,1.54,0.44931506849315067,2.1917808219178082E-2,1.256853890735202,803282.5,{"$error":"#N/A"},0.44931506849315067,2.1917808219178082E-2,{"$error":"#VALUE!"}]
["2016-04-29",765718.25,1.51,0.44931506849315067,2.1917808219178082E-2,1.2936877544996983,752487.5,{"$error":"#N/A"},0.44931506849315067,2.1917808219178082E-2,{"$error":"#VALUE!"}]
["2016-04-30",686574.58333333337,1.41,0.44931506849315067,2.1917808219178082E-2,1.3699887120853511,683313.5,{"$error":"#N/A"},0.44931506849315067,2.1917808219178082E-2,{"$error":"#VALUE!"}]
["2016-05-01",669717.08333333337,2.15,0.44931506849315067,2.1917808219178082E-2,{"$f":"BSUoS_per_SP(B398,C398,D398,E398)","v":1.9569459936062545},634072,{"$error":"#N/A"},0.44931506849315067,2.1917808219178082E-2,{"$f":"BSUoS_per_SP(G398,H398,I398,J398)","v":{"$error":"#VALUE!"}}]
["2016-05-02",673943.75,5.24,0.44931506849315067,2.1917808219178082E-2,4.2371473000724098,645993.5,{"$error":"#N/A"},0.44931506849315067,2.1917808219178082E-2,{"$error":"#VALUE!"}]
["2016-05-03",771309.5,4.04,0.44931506849315067,2.1917808219178082E-2,2.9243754132579638,729261,{"$error":"#N/A"},0.44931506849315067,2.1917808219178082E-2,{"$error":"#VALUE!"}]
["2016-05-04",716486.66666666663,1.59,0.44931506849315067,2.1917808219178082E-2,1.4384071169469927,714328,{"$error":"#N/A"},0.44931506849315067,2.1917808219178082E-2,{"$error":"#VALUE!"}]
["2016-05-05",708589.5,1.47,0.44931506849315067,2.1917808219178082E-2,1.3697624860638733,708611.5,{"$error":"#N/A"},0.44931506849315067,2.1917808219178082E-2,{"$error":"#VALUE!"}]
["2016-05-06",719071.5,1.18,0.44931506849315067,2.1917808219178082E-2,1.1481464999332471,712506,{"$error":"#N/A"},0.44931506849315067,2.1917808219178082E-2,{"$error":"#VALUE!"}]
["2016-05-07",634134.5,1.23,0.44931506849315067,2.1917808219178082E-2,1.341356874099165,612323,{"$error":"#N/A"},0.44931506849315067,2.1917808219178082E-2,{"$error":"#VALUE!"}]
["2016-05-08",616320.58333333337,2.23,0.44931506849315067,2.1917808219178082E-2,2.1913905253918005,573023,{"$error":"#N/A"},0.44931506849315067,2.1917808219178082E-2,{"$error":"#VALUE!"}]
["2016-05-09",737657.5,1.36,0.44931506849315067,2.1917808219178082E-2,1.2412256086153746,685899,{"$error":"#N/A"},0.44931506849315067,2.1917808219178082E-2,{"$error":"#VALUE!"}]
["2016-05-10",730249.66666666663,2.5499999999999998,0.44931506849315067,2.1917808219178082E-2,2.0686066415611091,736406.5,{"$error":"#N/A"},0.44931506849315067,2.1917808219178082E-2,{"$error":"#VALUE!"}]
["2016-05-11",715566.91666666663,1.43,0.44931506849315067,2.1917808219178082E-2,1.32845701380863,731187,{"$error":"#N/A"},0.44931506849315067,2.1917808219178082E-2,{"$error":"#VALUE!"}]
["2016-05-12",697009.41666666663,1.64,0.44931506849315067,2.1917808219178082E-2,1.5144711187373476,675649,{"$error":"#N/A"},0.44931506849315067,2.1917808219178082E-2,{"$error":"#VALUE!"}]
["2016-05-13",669098.41666666663,1.65,0.44931506849315067,2.1917808219178082E-2,1.5851190707489784,672395.5,{"$error":"#N/A"},0.44931506849315067,2.1917808219178082E-2,{"$error":"#VALUE!"}]
["2016-05-14",594642.91666666663,1.62,0.44931506849315067,2.1917808219178082E-2,1.7583659439361097,605648.5,{"$error":"#N/A"},0.44931506849315067,2.1917808219178082E-2,{"$error":"#VALUE!"}]
["2016-05-15",618396.83333333337,1.21,0.44931506849315067,2.1917808219178082E-2,1.3593209540149773,597453,{"$error":"#N/A"},0.44931506849315067,2.1917808219178082E-2,{"$error":"#VALUE!"}]
["2016-05-16",707599.08333333337,1.24,0.44931506849315067,2.1917808219178082E-2,1.2091594250415842,699744.5,{"$error":"#N/A"},0.44931506849315067,2.1917808219178082E-2,{"$error":"#VALUE!"}]
["2016-05-17",709604.16666666663,0.63,0.44931506849315067,2.1917808219178082E-2,0.77592572758890876,705638.5,{"$error":"#N/A"},0.44931506849315067,2.1917808219178082E-2,{"$error":"#VALUE!"}]
["2016-05-18",739736.83333333337,0.75,0.44931506849315067,2.1917808219178082E-2,0.82542849688470366,729304,{"$error":"#N/A"},0.44931506849315067,2.1917808219178082E-2,{"$error":"#VALUE!"}]
["2016-05-19",710506.5,0.67,0.44931506849315067,2.1917808219178082E-2,0.80308962908124637,715273.5,{"$error":"#N/A"},0.44931506849315067,2.1917808219178082E-2,{"$error":"#VALUE!"}]
["2016-05-20",675353.75,0.59,0.44931506849315067,2.1917808219178082E-2,0.7856620379830429,679179,{"$error":"#N/A"},0.44931506849315067,2.1917808219178082E-2,{"$error":"#VALUE!"}]
["2016-05-21",619673.08333333337,1.48,0.44931506849315067,2.1917808219178082E-2,1.574378744918691,612948.5,{"$error":"#N/A"},0.44931506849315067,2.1917808219178082E-2,{"$error":"#VALUE!"}]
["2016-05-22",592191.08333333337,1.08,0.44931506849315067,2.1917808219178082E-2,1.3097125758412405,605083.5,{"$error":"#N/A"},0.44931506849315067,2.1917808219178082E-2,{"$error":"#VALUE!"}]
["2016-05-23",682309.83333333337,0.96,0.44931506849315067,2.1917808219178082E-2,1.048790139379461,693163.5,{"$error":"#N/A"},0.44931506849315067,2.1917808219178082E-2,{"$error":"#VALUE!"}]
["2016-05-24",683078.41666666663,1.07,0.44931506849315067,2.1917808219178082E-2,1.1281288520491071,681824,{"$error":"#N/A"},0.44931506849315067,2.1917808219178082E-2,{"$error":"#VALUE!"}]
["2016-05-25",718485.91666666663,1.1100000000000001,0.44931506849315067,2.1917808219178082E-2,1.1003693878516771,735275.5,{"$error":"#N/A"},0.44931506849315067,2.1917808219178082E-2,{"$error":"#VALUE!"}]
["2016-05-26",706923.5,0.85,0.44931506849315067,2.1917808219178082E-2,0.93447103224674788,725501,{"$error":"#N/A"},0.44931506849315067,2.1917808219178082E-2,{"$error":"#VALUE!"}]
["2016-05-27",694779,0.91,0.44931506849315067,2.1917808219178082E-2,0.99398513772005204,697090.5,{"$error":"#N/A"},0.44931506849315067,2.1917808219178082E-2,{"$error":"#VALUE!"}]
["2016-05-28",608292,1.43,0.44931506849315067,2.1917808219178082E-2,1.562736317426499,601005,{"$error":"#N/A"},0.44931506849315067,2.1917808219178082E-2,{"$error":"#VALUE!"}]
["2016-05-29",570897.5,1.44,0.44931506849315067,2.1917808219178082E-2,1.6738541736001877,558914,{"$error":"#N/A"},0.44931506849315067,2.1917808219178082E-2,{"$error":"#VALUE!"}]
["2016-05-30",619270.5,1.53,0.44931506849315067,2.1917808219178082E-2,1.6157734106286434,585203,{"$error":"#N/A"},0.44931506849315067,2.1917808219178082E-2,{"$error":"#VALUE!"}]
["2016-05-31",667537,1.28,0.44931506849315067,2.1917808219178082E-2,1.3116875918488413,673110,{"$error":"#N/A"},0.44931506849315067,2.1917808219178082E-2,{"$error":"#VALUE!"}]
["2016-06-01",701226.16666666663,1.26,0.44931506849315067,2.1917808219178082E-2,1.2344094485943191,703331.5,{"$error":"#N/A"},0.44931506849315067,2.1917808219178082E-2,{"$error":"#VALUE!"}]
["2016-06-02",678503,2.71,0.44931506849315067,2.1917808219178082E-2,2.3442785072431516,684385,{"$error":"#N/A"},0.44931506849315067,2.1917808219178082E-2,{"$error":"#VALUE!"}]
["2016-06-03",682185.75,2.04,0.44931506849315067,2.1917808219178082E-2,1.8405537492707267,699578.5,{"$error":"#N/A"},0.44931506849315067,2.1917808219178082E-2,{"$error":"#VALUE!"}]
["2016-06-04",603255.25,2,0.44931506849315067,2.1917808219178082E-2,2.0482217304456656,624630.5,{"$error":"#N/A"},0.44931506849315067,2.1917808219178082E-2,{"$error":"#VALUE!"}]
["2016-06-05",560623.25,1.99,0.44931506849315067,2.1917808219178082E-2,2.1950579979772504,578362.5,{"$error":"#N/A"},0.44931506849315067,2.1917808219178082E-2,{"$error":"#VALUE!"}]
["2016-06-06",664530.91666666663,2.1,0.44931506849315067,2.1917808219178082E-2,1.9345974830369088,685660.5,{"$error":"#N/A"},0.44931506849315067,2.1917808219178082E-2,{"$error":"#VALUE!"}]
["2016-06-07",716886.83333333337,1.65,0.44931506849315067,2.1917808219178082E-2,1.4794521312284921,713353,{"$error":"#N/A"},0.44931506849315067,2.1917808219178082E-2,{"$error":"#VALUE!"}]
["2016-06-08",696029.83333333337,1.62,0.44931506849315067,2.1917808219178082E-2,1.5022340991049237,712796,{"$error":"#N/A"},0.44931506849315067,2.1917808219178082E-2,{"$error":"#VALUE!"}]
["2016-06-09",707453.08333333337,1.49,0.44931506849315067,2.1917808219178082E-2,1.386099147222501,703176,{"$error":"#N/A"},0.44931506849315067,2.1917808219178082E-2,{"$error":"#VALUE!"}]
["2016-06-10",730407.83333333302,1.63,0.44931506849315067,2.1917808219178082E-2,1.4383741689576235,714983,{"$error":"#N/A"},0.44931506849315067,2.1917808219178082E-2,{"$error":"#VALUE!"}]
["2016-06-11",630908,1.94,0.44931506849315067,2.1917808219178082E-2,1.9108966759020332,634854,{"$error":"#N/A"},0.44931506849315067,2.1917808219178082E-2,{"$error":"#VALUE!"}]
["2016-06-12",601669.41666666663,1.94,0.44931506849315067,2.1917808219178082E-2,2.0037595422067613,618700,{"$error":"#N/A"},0.44931506849315067,2.1917808219178082E-2,{"$error":"#VALUE!"}]
["2016-06-13",714650.83333333337,1.66,0.44931506849315067,2.1917808219178082E-2,1.4910774629854291,723728,{"$error":"#N/A"},0.44931506849315067,2.1917808219178082E-2,{"$error":"#VALUE!"}]
["2016-06-14",717060.75,1.53,0.44931506849315067,2.1917808219178082E-2,1.3954182419626782,717922,{"$error":"#N/A"},0.44931506849315067,2.1917808219178082E-2,{"$error":"#VALUE!"}]
["2016-06-15",717739.5,1.5,0.44931506849315067,2.1917808219178082E-2,1.3731992086270794,716314,{"$error":"#N/A"},0.44931506849315067,2.1917808219178082E-2,{"$error":"#VALUE!"}]
["2016-06-16",705898.5,1.49,0.44931506849315067,2.1917808219178082E-2,1.38915254045202,713487,{"$error":"#N/A"},0.44931506849315067,2.1917808219178082E-2,{"$error":"#VALUE!"}]
["2016-06-17",706159.91666666663,1.7,0.44931506849315067,2.1917808219178082E-2,{"$f":"BSUoS_per_SP(B445,C445,D445,E445)","v":1.5373286507307125},699664,{"$error":"#N/A"},0.44931506849315067,2.1917808219178082E-2,{"$error":"#VALUE!"}]
["2016-06-18",603290.91666666663,1.79,0.44931506849315067,2.1917808219178082E-2,1.8740541463406548,619743.5,{"$error":"#N/A"},0.44931506849315067,2.1917808219178082E-2,{"$error":"#VALUE!"}]
["2016-06-19",594915.41666666663,1.68,0.44931506849315067,2.1917808219178082E-2,1.8079893766336366,589041,{"$error":"#N/A"},0.44931506849315067,2.1917808219178082E-2,{"$error":"#VALUE!"}]
["2016-06-20",703458,1.8,0.44931506849315067,2.1917808219178082E-2,1.6143110178574982,690509,{"$error":"#N/A"},0.44931506849315067,2.1917808219178082E-2,{"$error":"#VALUE!"}]
["2016-06-21",694252.16666666663,1.78,0.44931506849315067,2.1917808219178082E-2,1.6213132983412364,693718,{"$error":"#N/A"},0.44931506849315067,2.1917808219178082E-2,{"$error":"#VALUE!"}]
["2016-06-22",710337.91666666663,1.48,{"$f":"internal_BSUoS_cost_per_year/days_per_year","v":0.44931506849315067},{"$f":"forecast_BSIS_profit_per_year/days_per_year","v":2.1917808219178082E-2},1.3734306766637854,714721,{"$error":"#N/A"},{"$f":"internal_BSUoS_cost_per_year/days_per_year","v":0.44931506849315067},{"$f":"forecast_BSIS_profit_per_year/days_per_year","v":2.1917808219178082E-2},{"$error":"#VALUE!"}]
["2016-06-23",718350.16666666663,1.17,0.44931506849315067,2.1917808219178082E-2,1.1423400849168233,725900.5,{"$error":"#N/A"},0.44931506849315067,2.1917808219178082E-2,{"$error":"#VALUE!"}]
["2016-06-24",689106.75,1.22,0.44931506849315067,2.1917808219178082E-2,1.2270953567443081,676304.5,{"$error":"#N/A"},0.44931506849315067,2.1917808219178082E-2,{"$error":"#VALUE!"}]
["2016-06-25",592168.66666666663,1.82,0.44931506849315067,2.1917808219178082E-2,1.9345828640134826,604893,{"$error":"#N/A"},0.44931506849315067,2.1917808219178082E-2,{"$error":"#VALUE!"}]
["2016-06-26",593218.91666666663,2.0099999999999998,0.44931506849315067,2.1917808219178082E-2,2.0913018632242055,588649,{"$error":"#N/A"},0.44931506849315067,2.1917808219178082E-2,{"$error":"#VALUE!"}]
["2016-06-27",661069.91666666663,2.0699999999999998,0.44931506849315067,2.1917808219178082E-2,1.9220354879210975,658796,{"$error":"#N/A"},0.44931506849315067,2.1917808219178082E-2,{"$error":"#VALUE!"}]
["2016-06-28",718614.41666666663,1.82,0.44931506849315067,2.1917808219178082E-2,1.5941799074329195,714861.5,{"$error":"#N/A"},0.44931506849315067,2.1917808219178082E-2,{"$error":"#VALUE!"}]
["2016-06-29",721764.33333333337,1.71,0.44931506849315067,2.1917808219178082E-2,1.5110202226766642,711595.5,{"$error":"#N/A"},0.44931506849315067,2.1917808219178082E-2,{"$error":"#VALUE!"}]
["2016-06-30",693257.91666666663,1.78,0.44931506849315067,2.1917808219178082E-2,1.6236379529698901,693058,{"$error":"#N/A"},0.44931506849315067,2.1917808219178082E-2,{"$error":"#VALUE!"}]
["2016-07-01",505446.91666666669,4.0999999999999996,0.44931506849315067,2.1917808219178082E-2,4.5219380073479511,652820.5,{"$error":"#N/A"},0.44931506849315067,2.1917808219178082E-2,{"$error":"#VALUE!"}]
["2016-07-02",546491.83333333337,1.73,0.44931506849315067,2.1917808219178082E-2,2.0139361600901751,551994.5,{"$error":"#N/A"},0.44931506849315067,2.1917808219178082E-2,{"$error":"#VALUE!"}]
["2016-07-03",563090.75,1.42,0.44931506849315067,2.1917808219178082E-2,1.6793022797380883,561981,{"$error":"#N/A"},0.44931506849315067,2.1917808219178082E-2,{"$error":"#VALUE!"}]
["2016-07-04",685032.41666666663,1.39,0.44931506849315067,2.1917808219178082E-2,{"$f":"BSUoS_per_SP(B462,C462,D462,E462)","v":1.3584766843008793},691778,{"$error":"#N/A"},0.44931506849315067,2.1917808219178082E-2,{"$f":"BSUoS_per_SP(G462,H462,I462,J462)","v":{"$error":"#VALUE!"}}]
["2016-07-05",671554.5,1.42,0.44931506849315067,2.1917808219178082E-2,1.408077384692817,674636,{"$error":"#N/A"},0.44931506849315067,2.1917808219178082E-2,{"$error":"#VALUE!"}]
["2016-07-06",685562.91666666663,1.3,0.44931506849315067,2.1917808219178082E-2,1.2917850000656395,683519.5,{"$error":"#N/A"},0.44931506849315067,2.1917808219178082E-2,{"$error":"#VALUE!"}]
["2016-07-07",696056.16666666663,1.85,0.44931506849315067,2.1917808219178082E-2,1.6673945774477916,690213,{"$error":"#N/A"},0.44931506849315067,2.1917808219178082E-2,{"$error":"#VALUE!"}]
["2016-07-08",671931.83333333337,1.72,0.44931506849315067,2.1917808219178082E-2,1.6305221361685409,655369.5,{"$error":"#N/A"},0.44931506849315067,2.1917808219178082E-2,{"$error":"#VALUE!"}]
["2016-07-09",615843.16666666663,2.38,0.44931506849315067,2.1917808219178082E-2,2.3148757069577797,593023,{"$error":"#N/A"},0.44931506849315067,2.1917808219178082E-2,{"$error":"#VALUE!"}]
["2016-07-10",574790.25,2.17,0.44931506849315067,2.1917808219178082E-2,2.2975347518224045,560336,{"$error":"#N/A"},0.44931506849315067,2.1917808219178082E-2,{"$error":"#VALUE!"}]
["2016-07-11",637009.66666666663,2.3199999999999998,0.44931506849315067,2.1917808219178082E-2,2.190860426052966,662781,{"$error":"#N/A"},0.44931506849315067,2.1917808219178082E-2,{"$error":"#VALUE!"}]
["2016-07-12",679182.66666666663,1.57,0.44931506849315067,2.1917808219178082E-2,{"$f":"BSUoS_per_SP(B470,C470,D470,E470)","v":1.5026877881219054},702218.5,{"$error":"#N/A"},0.44931506849315067,2.1917808219178082E-2,{"$error":"#VALUE!"}]
["2016-07-13",678070.91666666663,1.98,0.44931506849315067,2.1917808219178082E-2,1.8074803376047641,683367.5,{"$error":"#N/A"},0.44931506849315067,2.1917808219178082E-2,{"$error":"#VALUE!"}]
["2016-07-14",670252.91666666663,1.97,0.44931506849315067,2.1917808219178082E-2,1.821103374397429,678966,{"$error":"#N/A"},0.44931506849315067,2.1917808219178082E-2,{"$error":"#VALUE!"}]
["2016-07-15",671659.16666666663,2.2599999999999998,0.44931506849315067,2.1917808219178082E-2,2.0331745722159607,675988,{"$error":"#N/A"},0.44931506849315067,2.1917808219178082E-2,{"$error":"#VALUE!"}]
["2016-07-16",591625.25,2.8,0.44931506849315067,2.1917808219178082E-2,2.7645890555672934,586193,{"$error":"#N/A"},0.44931506849315067,2.1917808219178082E-2,{"$error":"#VALUE!"}]
["2016-07-17",564276.41666666663,2.78,0.44931506849315067,2.1917808219178082E-2,2.8808597211293763,569261,{"$error":"#N/A"},0.44931506849315067,2.1917808219178082E-2,{"$error":"#VALUE!"}]
["2016-07-18",683490.66666666663,1.97,0.44931506849315067,2.1917808219178082E-2,1.7858318544062759,686960,{"$error":"#N/A"},0.44931506849315067,2.1917808219178082E-2,{"$error":"#VALUE!"}]
["2016-07-19",706024.41666666663,2.17,0.44931506849315067,2.1917808219178082E-2,{"$f":"BSUoS_per_SP(B477,C477,D477,E477)","v":1.8704746580852776},706201,{"$error":"#N/A"},0.44931506849315067,2.1917808219178082E-2,{"$error":"#VALUE!"}]
["2016-07-20",710305.08333333337,2.4300000000000002,0.44931506849315067,2.1917808219178082E-2,{"$f":"BSUoS_per_SP(B478,C478,D478,E478)","v":2.0422212993010045},713485,{"$error":"#N/A"},0.44931506849315067,2.1917808219178082E-2,{"$error":"#VALUE!"}]
["2016-07-21",714585.25,2.1800000000000002,0.44931506849315067,2.1917808219178082E-2,1.8550627287166679,705653,{"$error":"#N/A"},0.44931506849315067,2.1917808219178082E-2,{"$error":"#VALUE!"}]
["2016-07-22",681131.75,2.5099999999999998,0.44931506849315067,2.1917808219178082E-2,2.1884157549491139,692792.5,{"$error":"#N/A"},0.44931506849315067,2.1917808219178082E-2,{"$error":"#VALUE!"}]
["2016-07-23",595870.83333333337,2.4500000000000002,0.44931506849315067,2.1917808219178082E-2,2.451201686271022,604291,{"$error":"#N/A"},0.44931506849315067,2.1917808219178082E-2,{"$error":"#VALUE!"}]
["2016-07-24",591238.16666666663,2.29,0.44931506849315067,2.1917808219178082E-2,2.335100247277746,595757.5,{"$error":"#N/A"},0.44931506849315067,2.1917808219178082E-2,{"$error":"#VALUE!"}]
["2016-07-25",682333.83333333337,2.0299999999999998,0.44931506849315067,2.1917808219178082E-2,1.8328267388111978,658127.5,{"$error":"#N/A"},0.44931506849315067,2.1917808219178082E-2,{"$error":"#VALUE!"}]
["2016-07-26",674242.83333333337,2.87,0.44931506849315067,2.1917808219178082E-2,2.4777417044003425,683722,{"$error":"#N/A"},0.44931506849315067,2.1917808219178082E-2,{"$f":"BSUoS_per_SP(G484,H484,I484,J484)","v":{"$error":"#VALUE!"}}]
["2016-07-27",687827.33333333337,1.77,0.44931506849315067,2.1917808219178082E-2,1.6291887349580636,672561.5,{"$error":"#N/A"},0.44931506849315067,2.1917808219178082E-2,{"$error":"#VALUE!"}]
["2016-07-28",692919.58333333337,2.16,0.44931506849315067,2.1917808219178082E-2,1.8986318766957226,691248,{"$error":"#N/A"},0.44931506849315067,2.1917808219178082E-2,{"$error":"#VALUE!"}]
["2016-07-29",659475.08333333337,0.91,0.44931506849315067,2.1917808219178082E-2,1.0471966336858864,674684,{"$error":"#N/A"},0.44931506849315067,2.1917808219178082E-2,{"$error":"#VALUE!"}]
["2016-07-30",569014.16666666663,1.33,0.44931506849315067,2.1917808219178082E-2,1.5827378588224543,584828,{"$error":"#N/A"},0.44931506849315067,2.1917808219178082E-2,{"$error":"#VALUE!"}]
["2016-07-31",568570.91666666663,1.62,0.44931506849315067,2.1917808219178082E-2,1.8389963610525335,553210,{"$error":"#N/A"},0.44931506849315067,2.1917808219178082E-2,{"$error":"#VALUE!"}]
["2016-08-01",693967.41666666663,1.39,0.44931506849315067,2.1917808219178082E-2,1.3409859546635503,683464,{"$error":"#N/A"},0.44931506849315067,2.1917808219178082E-2,{"$error":"#VALUE!"}]
["2016-08-02",707568.41666666663,1.65,0.44931506849315067,2.1917808219178082E-2,1.4989372046220293,699071,{"$error":"#N/A"},0.44931506849315067,2.1917808219178082E-2,{"$error":"#VALUE!"}]
["2016-08-03",646857.66666666663,1.1399999999999999,0.44931506849315067,2.1917808219178082E-2,1.2454047101527692,631243.5,{"$error":"#N/A"},0.44931506849315067,2.1917808219178082E-2,{"$error":"#VALUE!"}]
["2016-08-04",652692.58333333337,2.4900000000000002,0.44931506849315067,2.1917808219178082E-2,2.2684478001142958,646630,{"$error":"#N/A"},0.44931506849315067,2.1917808219178082E-2,{"$error":"#VALUE!"}]
["2016-08-05",641506.66666666663,1.73,0.44931506849315067,2.1917808219178082E-2,1.7156476858397491,654199.5,{"$error":"#N/A"},0.44931506849315067,2.1917808219178082E-2,{"$error":"#VALUE!"}]
["2016-08-06",545268.41666666663,2.08,0.44931506849315067,2.1917808219178082E-2,2.3394000748255905,561367.5,{"$error":"#N/A"},0.44931506849315067,2.1917808219178082E-2,{"$error":"#VALUE!"}]
["2016-08-07",534346.83333333337,4.75,0.44931506849315067,2.1917808219178082E-2,4.8855893267857775,499583,{"$error":"#N/A"},0.44931506849315067,2.1917808219178082E-2,{"$error":"#VALUE!"}]
["2016-08-08",613698.75,3.81,0.44931506849315067,2.1917808219178082E-2,{"$f":"BSUoS_per_SP(B497,C497,D497,E497)","v":3.4880291478395762},614266.5,{"$error":"#N/A"},0.44931506849315067,2.1917808219178082E-2,{"$error":"#VALUE!"}]
["2016-08-09",473151.25,2.4700000000000002,0.44931506849315067,2.1917808219178082E-2,{"$f":"BSUoS_per_SP(B498,C498,D498,E498)","v":3.1080986830842585},654161.5,{"$error":"#N/A"},0.44931506849315067,2.1917808219178082E-2,{"$error":"#VALUE!"}]
["2016-08-10",503105.16666666669,1.62,0.44931506849315067,2.1917808219178082E-2,2.0782937955297602,678635.5,{"$error":"#N/A"},0.44931506849315067,2.1917808219178082E-2,{"$error":"#VALUE!"}]
["2016-08-11",678286.41666666663,1.74,0.44931506849315067,2.1917808219178082E-2,1.6299908887991201,659101,{"$error":"#N/A"},0.44931506849315067,2.1917808219178082E-2,{"$error":"#VALUE!"}]
["2016-08-12",627240.33333333337,2.5299999999999998,0.44931506849315067,2.1917808219178082E-2,2.3923856896881577,619218.5,{"$error":"#N/A"},0.44931506849315067,2.1917808219178082E-2,{"$error":"#VALUE!"}]
["2016-08-13",566141.25,4.59,0.44931506849315067,2.1917808219178082E-2,4.4699112058656763,573654,{"$error":"#N/A"},0.44931506849315067,2.1917808219178082E-2,{"$error":"#VALUE!"}]
["2016-08-14",579757.16666666663,1.82,0.44931506849315067,2.1917808219178082E-2,1.9760002897765789,593572.5,{"$error":"#N/A"},0.44931506849315067,2.1917808219178082E-2,{"$error":"#VALUE!"}]
["2016-08-15",665968,1.89,0.44931506849315067,2.1917808219178082E-2,1.7727578502270378,659922.5,{"$error":"#N/A"},0.44931506849315067,2.1917808219178082E-2,{"$error":"#VALUE!"}]
["2016-08-16",660137.41666666698,1.42,0.44931506849315067,2.1917808219178082E-2,1.4324299349983411,666580.5,{"$error":"#N/A"},0.44931506849315067,2.1917808219178082E-2,{"$error":"#VALUE!"}]
["2016-08-17",674432.75,1.54,0.44931506849315067,2.1917808219178082E-2,1.4910302431820508,677663,{"$error":"#N/A"},0.44931506849315067,2.1917808219178082E-2,{"$error":"#VALUE!"}]
["2016-08-18",687534.58333333337,1.54,0.44931506849315067,2.1917808219178082E-2,1.4626164486171613,694922,{"$error":"#N/A"},0.44931506849315067,2.1917808219178082E-2,{"$error":"#VALUE!"}]
["2016-08-19",693762.5,2.04,0.44931506849315067,2.1917808219178082E-2,1.8098425684889055,683428,{"$error":"#N/A"},0.44931506849315067,2.1917808219178082E-2,{"$error":"#VALUE!"}]
["2016-08-20",553261.91666666663,5.79,0.44931506849315067,2.1917808219178082E-2,5.6584403049549765,556994,{"$error":"#N/A"},0.44931506849315067,2.1917808219178082E-2,{"$error":"#VALUE!"}]
["2016-08-21",543723.41666666663,5.44,0.44931506849315067,2.1917808219178082E-2,5.4358561252696687,554842,{"$error":"#N/A"},0.44931506849315067,2.1917808219178082E-2,{"$error":"#VALUE!"}]
["2016-08-22",686317,2.79,0.44931506849315067,2.1917808219178082E-2,2.3758700425605079,680740.5,{"$error":"#N/A"},0.44931506849315067,2.1917808219178082E-2,{"$error":"#VALUE!"}]
["2016-08-23",660137.41666666698,1.65,0.44931506849315067,2.1917808219178082E-2,{"$f":"BSUoS_per_SP(B512,C512,D512,E512)","v":1.6066361982436979},694086.5,{"$error":"#N/A"},0.44931506849315067,2.1917808219178082E-2,{"$error":"#VALUE!"}]
["2016-08-24",674432.75,3.25,0.44931506849315067,2.1917808219178082E-2,{"$f":"BSUoS_per_SP(B513,C513,D513,E513)","v":2.7587618043601068},711139.5,{"$error":"#N/A"},0.44931506849315067,2.1917808219178082E-2,{"$error":"#VALUE!"}]
["2016-08-25",738809.08333333337,2.5499999999999998,{"$f":"internal_BSUoS_cost_per_year/days_per_year","v":0.44931506849315067},{"$f":"forecast_BSIS_profit_per_year/days_per_year","v":2.1917808219178082E-2},2.0446421199525182,743082,{"$error":"#N/A"},{"$f":"internal_BSUoS_cost_per_year/days_per_year","v":0.44931506849315067},{"$f":"forecast_BSIS_profit_per_year/days_per_year","v":2.1917808219178082E-2},{"$error":"#VALUE!"}]
["2016-08-26",657566.08333333337,1.99,0.44931506849315067,2.1917808219178082E-2,1.8714471246992697,657104,{"$error":"#N/A"},0.44931506849315067,2.1917808219178082E-2,{"$error":"#VALUE!"}]
["2016-08-27",613145.16666666663,2.65,0.44931506849315067,2.1917808219178082E-2,2.5452380758221955,613379.5,{"$error":"#N/A"},0.44931506849315067,2.1917808219178082E-2,{"$error":"#VALUE!"}]
["2016-08-28",590368.33333333337,2.37,0.44931506849315067,2.1917808219178082E-2,2.4062957341861346,591693,{"$error":"#N/A"},0.44931506849315067,2.1917808219178082E-2,{"$error":"#VALUE!"}]
["2016-08-29",617534.58333333337,1.52,0.44931506849315067,2.1917808219178082E-2,1.6122163116260617,583263,{"$error":"#N/A"},0.44931506849315067,2.1917808219178082E-2,{"$error":"#VALUE!"}]
["2016-08-30",678595.75,0.9,0.44931506849315067,2.1917808219178082E-2,1.0103213104704418,659680.5,{"$error":"#N/A"},0.44931506849315067,2.1917808219178082E-2,{"$error":"#VALUE!"}]
["2016-08-31",692169,2.33,0.44931506849315067,2.1917808219178082E-2,2.0234942622394243,679719.5,{"$error":"#N/A"},0.44931506849315067,2.1917808219178082E-2,{"$error":"#VALUE!"}]
["2016-09-01",679555.08333333337,1.45,0.44931506849315067,2.1917808219178082E-2,1.4135721170471853,674958.5,{"$error":"#N/A"},0.44931506849315067,2.1917808219178082E-2,{"$error":"#VALUE!"}]
["2016-09-02",708107.66666666663,1.46,0.44931506849315067,2.1917808219178082E-2,1.3636337959746252,688016.5,{"$error":"#N/A"},0.44931506849315067,2.1917808219178082E-2,{"$error":"#VALUE!"}]
["2016-09-03",625339,1.3,0.44931506849315067,2.1917808219178082E-2,1.4161918575364723,616962.5,{"$error":"#N/A"},0.44931506849315067,2.1917808219178082E-2,{"$error":"#VALUE!"}]
["2016-09-04",585980.91666666663,1.39,0.44931506849315067,2.1917808219178082E-2,1.5881060990032099,593802,{"$error":"#N/A"},0.44931506849315067,2.1917808219178082E-2,{"$error":"#VALUE!"}]
["2016-09-05",721260.91666666663,1.31,0.44931506849315067,2.1917808219178082E-2,1.2347818612125154,715927.5,{"$error":"#N/A"},0.44931506849315067,2.1917808219178082E-2,{"$error":"#VALUE!"}]
["2016-09-06",729540.41666666663,1.8,0.44931506849315067,2.1917808219178082E-2,{"$f":"BSUoS_per_SP(B526,C526,D526,E526)","v":1.5565973078926447},736050.5,{"$error":"#N/A"},0.44931506849315067,2.1917808219178082E-2,{"$f":"BSUoS_per_SP(G526,H526,I526,J526)","v":{"$error":"#VALUE!"}}]
["2016-09-07",734169.91666666663,1.58,0.44931506849315067,2.1917808219178082E-2,1.3969516596973452,738605.5,{"$error":"#N/A"},0.44931506849315067,2.1917808219178082E-2,{"$error":"#VALUE!"}]
["2016-09-08",694441.91666666663,1.76,0.44931506849315067,2.1917808219178082E-2,1.6064696547731847,676256,{"$error":"#N/A"},0.44931506849315067,2.1917808219178082E-2,{"$error":"#VALUE!"}]
["2016-09-09",680686.25,1.77,0.44931506849315067,2.1917808219178082E-2,1.6462803700972255,661152.5,{"$error":"#N/A"},0.44931506849315067,2.1917808219178082E-2,{"$error":"#VALUE!"}]
["2016-09-10",622165.33333333337,1.87,0.44931506849315067,2.1917808219178082E-2,1.8814944588654137,630495.5,{"$error":"#N/A"},0.44931506849315067,2.1917808219178082E-2,{"$error":"#VALUE!"}]
["2016-09-11",587244.5,1.29,0.44931506849315067,2.1917808219178082E-2,1.4995470366661898,552343.5,{"$error":"#N/A"},0.44931506849315067,2.1917808219178082E-2,{"$error":"#VALUE!"}]
["2016-09-12",716742.16666666663,1.43,0.44931506849315067,2.1917808219178082E-2,1.3262791911175849,682308.5,{"$error":"#N/A"},0.44931506849315067,2.1917808219178082E-2,{"$error":"#VALUE!"}]
["2016-09-13",742411,4.99,0.44931506849315067,2.1917808219178082E-2,3.6780166242148891,735657.5,{"$error":"#N/A"},0.44931506849315067,2.1917808219178082E-2,{"$error":"#VALUE!"}]
["2016-09-14",738644.08333333337,5.26,0.44931506849315067,2.1917808219178082E-2,3.8795414299716775,720464,{"$error":"#N/A"},0.44931506849315067,2.1917808219178082E-2,{"$error":"#VALUE!"}]
["2016-09-15",735142.25,2.65,0.44931506849315067,2.1917808219178082E-2,2.1228551762788683,740054.5,{"$error":"#N/A"},0.44931506849315067,2.1917808219178082E-2,{"$error":"#VALUE!"}]
["2016-09-16",538915.5,1.42,0.44931506849315067,2.1917808219178082E-2,1.7546333751456626,690035,{"$error":"#N/A"},0.44931506849315067,2.1917808219178082E-2,{"$error":"#VALUE!"}]
["2016-09-17",629852.75,1.25,0.44931506849315067,2.1917808219178082E-2,1.3663505611626841,619329,{"$error":"#N/A"},0.44931506849315067,2.1917808219178082E-2,{"$error":"#VALUE!"}]
["2016-09-18",623429.83333333337,1.21,0.44931506849315067,2.1917808219178082E-2,1.3483470477840334,610519.5,{"$error":"#N/A"},0.44931506849315067,2.1917808219178082E-2,{"$error":"#VALUE!"}]
["2016-09-19",742543.83333333337,1.76,0.44931506849315067,2.1917808219178082E-2,1.5024025512292873,736793.5,{"$error":"#N/A"},0.44931506849315067,2.1917808219178082E-2,{"$error":"#VALUE!"}]
["2016-09-20",743602.41666666663,0.96,0.44931506849315067,2.1917808219178082E-2,0.96234275862625429,744802.5,{"$error":"#N/A"},0.44931506849315067,2.1917808219178082E-2,{"$error":"#VALUE!"}]
["2016-09-21",723308.41666666663,1.49,0.44931506849315067,2.1917808219178082E-2,1.3557156840516074,730683.5,{"$error":"#N/A"},0.44931506849315067,2.1917808219178082E-2,{"$error":"#VALUE!"}]
["2016-09-22",721608.75,1.48,0.44931506849315067,2.1917808219178082E-2,1.3519787031481036,711266.5,{"$error":"#N/A"},0.44931506849315067,2.1917808219178082E-2,{"$error":"#VALUE!"}]
["2016-09-23",695125.58333333337,2.58,0.44931506849315067,2.1917808219178082E-2,2.1947100237942476,668501,{"$error":"#N/A"},0.44931506849315067,2.1917808219178082E-2,{"$error":"#VALUE!"}]
["2016-09-24",596176.25,4.5199999999999996,0.44931506849315067,2.1917808219178082E-2,4.1860121843214078,574825.5,{"$error":"#N/A"},0.44931506849315067,2.1917808219178082E-2,{"$error":"#VALUE!"}]
["2016-09-25",582395.08333333337,3.47,0.44931506849315067,2.1917808219178082E-2,3.3836142137209282,571008,{"$error":"#N/A"},0.44931506849315067,2.1917808219178082E-2,{"$error":"#VALUE!"}]
["2016-09-26",523769.5,1.47,0.44931506849315067,2.1917808219178082E-2,1.8531034614429998,729897.5,{"$error":"#N/A"},0.44931506849315067,2.1917808219178082E-2,{"$error":"#VALUE!"}]
["2016-09-27",722016.75,1.47,0.44931506849315067,2.1917808219178082E-2,1.3442896773898676,707571,{"$error":"#N/A"},0.44931506849315067,2.1917808219178082E-2,{"$error":"#VALUE!"}]
["2016-09-28",701468.5,3.47,0.44931506849315067,2.1917808219178082E-2,2.8092514555189974,689271,{"$error":"#N/A"},0.44931506849315067,2.1917808219178082E-2,{"$error":"#VALUE!"}]
["2016-09-29",679369.75,2.4700000000000002,0.44931506849315067,2.1917808219178082E-2,2.1646525457409069,669870.5,{"$error":"#N/A"},0.44931506849315067,2.1917808219178082E-2,{"$error":"#VALUE!"}]
["2016-09-30",681480.5,2.4700000000000002,0.44931506849315067,2.1917808219178082E-2,2.1579503433703118,697875,{"$error":"#N/A"},0.44931506849315067,2.1917808219178082E-2,{"$error":"#VALUE!"}]
["2016-10-01",632862.83333333337,1.54,0.44931506849315067,2.1917808219178082E-2,1.5889694926074047,664743,{"$error":"#N/A"},0.44931506849315067,2.1917808219178082E-2,{"$error":"#VALUE!"}]
["2016-10-02",604601.66666666663,1.54,0.44931506849315067,2.1917808219178082E-2,1.6632429267518136,622841,{"$error":"#N/A"},0.44931506849315067,2.1917808219178082E-2,{"$error":"#VALUE!"}]
["2016-10-03",722609.41666666663,1.54,0.44931506849315067,2.1917808219178082E-2,1.3916239626132527,714558,{"$error":"#N/A"},0.44931506849315067,2.1917808219178082E-2,{"$error":"#VALUE!"}]
["2016-10-04",739116.25,1.9,0.44931506849315067,2.1917808219178082E-2,1.6040783855308232,714620,{"$error":"#N/A"},0.44931506849315067,2.1917808219178082E-2,{"$error":"#VALUE!"}]
["2016-10-05",713387.5,3.54,0.44931506849315067,2.1917808219178082E-2,2.8113733340061788,694306,{"$error":"#N/A"},0.44931506849315067,2.1917808219178082E-2,{"$error":"#VALUE!"}]
["2016-10-06",725264.91666666663,2.34,0.44931506849315067,2.1917808219178082E-2,1.9380502299159617,740788.5,{"$error":"#N/A"},0.44931506849315067,2.1917808219178082E-2,{"$error":"#VALUE!"}]
["2016-10-07",746299.5,1.54,0.44931506849315067,2.1917808219178082E-2,1.3474474072088973,773016.5,{"$error":"#N/A"},0.44931506849315067,2.1917808219178082E-2,{"$error":"#VALUE!"}]
["2016-10-08",674446.91666666663,1.84,0.44931506849315067,2.1917808219178082E-2,1.7134037218639864,689434,{"$error":"#N/A"},0.44931506849315067,2.1917808219178082E-2,{"$error":"#VALUE!"}]
["2016-10-09",661148.75,1.54,0.44931506849315067,2.1917808219178082E-2,1.5209884609974453,659281.5,{"$error":"#N/A"},0.44931506849315067,2.1917808219178082E-2,{"$error":"#VALUE!"}]
["2016-10-10",768088.58333333337,1.46,0.44931506849315067,2.1917808219178082E-2,1.2571459817807571,763877.5,{"$error":"#N/A"},0.44931506849315067,2.1917808219178082E-2,{"$error":"#VALUE!"}]
["2016-10-11",764222.75,1.67,0.44931506849315067,2.1917808219178082E-2,1.400899999084037,772028,{"$error":"#N/A"},0.44931506849315067,2.1917808219178082E-2,{"$error":"#VALUE!"}]
["2016-10-12",767725.58333333337,1.76,0.44931506849315067,2.1917808219178082E-2,1.4531225984270431,770655.5,{"$error":"#N/A"},0.44931506849315067,2.1917808219178082E-2,{"$error":"#VALUE!"}]
["2016-10-13",769706.66666666663,1.97,0.44931506849315067,2.1917808219178082E-2,1.5857982323143742,774002.5,{"$error":"#N/A"},0.44931506849315067,2.1917808219178082E-2,{"$error":"#VALUE!"}]
["2016-10-14",781623.16666666663,2.75,0.44931506849315067,2.1917808219178082E-2,2.0605841946820909,767380,{"$error":"#N/A"},0.44931506849315067,2.1917808219178082E-2,{"$error":"#VALUE!"}]
["2016-10-15",684984.08333333337,2.67,0.44931506849315067,2.1917808219178082E-2,2.2929002721231444,692491,{"$error":"#N/A"},0.44931506849315067,2.1917808219178082E-2,{"$error":"#VALUE!"}]
["2016-10-16",661195.66666666663,1.68,0.44931506849315067,2.1917808219178082E-2,1.6267491031403698,651456.5,{"$error":"#N/A"},0.44931506849315067,2.1917808219178082E-2,{"$error":"#VALUE!"}]
["2016-10-17",742228.08333333337,1.68,0.44931506849315067,2.1917808219178082E-2,1.4491503958352419,743332.5,{"$error":"#N/A"},0.44931506849315067,2.1917808219178082E-2,{"$error":"#VALUE!"}]
["2016-10-18",760862.5,1.66,0.44931506849315067,2.1917808219178082E-2,1.4005167822811495,760660.5,{"$error":"#N/A"},0.44931506849315067,2.1917808219178082E-2,{"$error":"#VALUE!"}]
["2016-10-19",777428.75,1.65,0.44931506849315067,2.1917808219178082E-2,1.3642403357734274,787274.5,{"$error":"#N/A"},0.44931506849315067,2.1917808219178082E-2,{"$error":"#VALUE!"}]
["2016-10-20",806209.58333333337,1.66,0.44931506849315067,2.1917808219178082E-2,1.3217399933019933,802348.5,{"$error":"#N/A"},0.44931506849315067,2.1917808219178082E-2,{"$error":"#VALUE!"}]
["2016-10-21",797733.08333333337,0.66,0.44931506849315067,2.1917808219178082E-2,0.70900915469210879,793181.5,{"$error":"#N/A"},0.44931506849315067,2.1917808219178082E-2,{"$error":"#VALUE!"}]
["2016-10-22",716092.58333333337,1.1000000000000001,0.44931506849315067,2.1917808219178082E-2,1.0970642081405628,703522,{"$error":"#N/A"},0.44931506849315067,2.1917808219178082E-2,{"$error":"#VALUE!"}]
["2016-10-23",703765.66666666663,0.93,0.44931506849315067,2.1917808219178082E-2,0.99550134561771952,671419,{"$error":"#N/A"},0.44931506849315067,2.1917808219178082E-2,{"$error":"#VALUE!"}]
["2016-10-24",820314.25,4.3,0.44931506849315067,2.1917808219178082E-2,2.9081546822314381,814582.5,{"$error":"#N/A"},0.44931506849315067,2.1917808219178082E-2,{"$error":"#VALUE!"}]
["2016-10-25",816067.83333333337,1.22,0.44931506849315067,2.1917808219178082E-2,1.0361881607905223,817533.5,{"$error":"#N/A"},0.44931506849315067,2.1917808219178082E-2,{"$error":"#VALUE!"}]
["2016-10-26",798270.41666666663,0.79,0.44931506849315067,2.1917808219178082E-2,0.78995828479086028,785342,{"$error":"#N/A"},0.44931506849315067,2.1917808219178082E-2,{"$error":"#VALUE!"}]
["2016-10-27",778112.91666666663,0.77,0.44931506849315067,2.1917808219178082E-2,0.79757053281464263,767807,{"$error":"#N/A"},0.44931506849315067,2.1917808219178082E-2,{"$error":"#VALUE!"}]
["2016-10-28",775941.83333333337,1.06,{"$f":"internal_BSUoS_cost_per_year/days_per_year","v":0.44931506849315067},{"$f":"forecast_BSIS_profit_per_year/days_per_year","v":2.1917808219178082E-2},0.9866716842238209,781446.5,{"$error":"#N/A"},{"$f":"internal_BSUoS_cost_per_year/days_per_year","v":0.44931506849315067},{"$f":"forecast_BSIS_profit_per_year/days_per_year","v":2.1917808219178082E-2},{"$error":"#VALUE!"}]
["2016-10-29",701380.25,0.98,0.44931506849315067,2.1917808219178082E-2,1.0345319227808036,723393.5,{"$error":"#N/A"},0.44931506849315067,2.1917808219178082E-2,{"$error":"#VALUE!"}]
["2016-10-30",726186.58333333337,1.5,0.44931506849315067,2.1917808219178082E-2,1.3572261690170713,708302,{"$error":"#N/A"},0.44931506849315067,2.1917808219178082E-2,{"$error":"#VALUE!"}]
["2016-10-31",797781.91666666663,12.28,0.44931506849315067,2.1917808219178082E-2,7.9916568686683824,789022,{"$error":"#N/A"},0.44931506849315067,2.1917808219178082E-2,{"$error":"#VALUE!"}]
["2016-11-01",828133.91666666663,1.1200000000000001,0.44931506849315067,2.1917808219178082E-2,0.96071408733369246,826133.5,{"$error":"#N/A"},0.44931506849315067,2.1917808219178082E-2,{"$error":"#VALUE!"}]
["2016-11-02",833097.75,2.89,0.44931506849315067,2.1917808219178082E-2,2.0172896826063682,827835,{"$error":"#N/A"},0.44931506849315067,2.1917808219178082E-2,{"$error":"#VALUE!"}]
["2016-11-03",862426.83333333337,4.16,0.44931506849315067,2.1917808219178082E-2,2.684980873743517,855913.5,{"$error":"#N/A"},0.44931506849315067,2.1917808219178082E-2,{"$error":"#VALUE!"}]
["2016-11-04",842538.25,1.2,0.44931506849315067,2.1917808219178082E-2,0.99176535657738873,842332,{"$error":"#N/A"},0.44931506849315067,2.1917808219178082E-2,{"$error":"#VALUE!"}]
["2016-11-05",737931.41666666663,4.4400000000000004,0.44931506849315067,2.1917808219178082E-2,3.327682398489832,722741.5,{"$error":"#N/A"},0.44931506849315067,2.1917808219178082E-2,{"$error":"#VALUE!"}]
["2016-11-06",731536.75,4.87,0.44931506849315067,2.1917808219178082E-2,3.650669754229793,731605,{"$error":"#N/A"},0.44931506849315067,2.1917808219178082E-2,{"$error":"#VALUE!"}]
["2016-11-07",887428.5,4.03,0.44931506849315067,2.1917808219178082E-2,2.5360930689588339,862677,{"$error":"#N/A"},0.44931506849315067,2.1917808219178082E-2,{"$error":"#VALUE!"}]
["2016-11-08",902819.66666666663,1.5,0.44931506849315067,2.1917808219178082E-2,1.091690480937507,925267.5,{"$error":"#N/A"},0.44931506849315067,2.1917808219178082E-2,{"$error":"#VALUE!"}]
["2016-11-09",913681.75,1.6,0.44931506849315067,2.1917808219178082E-2,{"$f":"BSUoS_per_SP(B590,C590,D590,E590)","v":1.1334359219071843},910637,{"$error":"#N/A"},0.44931506849315067,2.1917808219178082E-2,{"$f":"BSUoS_per_SP(G590,H590,I590,J590)","v":{"$error":"#VALUE!"}}]
["2016-11-10",904585.5,1.89,0.44931506849315067,2.1917808219178082E-2,1.3051274284589856,875632,{"$error":"#N/A"},0.44931506849315067,2.1917808219178082E-2,{"$error":"#VALUE!"}]
["2016-11-11",880017.66666666663,1.81,0.44931506849315067,2.1917808219178082E-2,1.2961098522984758,858181.5,{"$error":"#N/A"},0.44931506849315067,2.1917808219178082E-2,{"$error":"#VALUE!"}]
["2016-11-12",773082.91666666663,4.07,0.44931506849315067,2.1917808219178082E-2,2.937071439935945,784452.5,{"$error":"#N/A"},0.44931506849315067,2.1917808219178082E-2,{"$error":"#VALUE!"}]
["2016-11-13",753821.58333333337,2.76,0.44931506849315067,2.1917808219178082E-2,2.143211527389755,759494.5,{"$error":"#N/A"},0.44931506849315067,2.1917808219178082E-2,{"$error":"#VALUE!"}]
["2016-11-14",null,3.1,0.44931506849315067,2.1917808219178082E-2,0,845309.5,{"$error":"#N/A"},0.44931506849315067,2.1917808219178082E-2,{"$error":"#VALUE!"}]
["2016-11-15",769606.41666666663,4.0999999999999996,0.44931506849315067,2.1917808219178082E-2,2.9698313162839165,839354.5,{"$error":"#N/A"},0.44931506849315067,2.1917808219178082E-2,{"$error":"#VALUE!"}]
["2016-11-16",826211.25,5.61,0.44931506849315067,2.1917808219178082E-2,3.6801737086531165,802760,{"$error":"#N/A"},0.44931506849315067,2.1917808219178082E-2,{"$error":"#VALUE!"}]
["2016-11-17",851862.91666666663,4.41,0.44931506849315067,2.1917808219178082E-2,2.8650146795904976,845177.5,{"$error":"#N/A"},0.44931506849315067,2.1917808219178082E-2,{"$error":"#VALUE!"}]
["2016-11-18",865877.75,3.35,0.44931506849315067,2.1917808219178082E-2,2.2065464187795509,876000,{"$error":"#N/A"},0.44931506849315067,2.1917808219178082E-2,{"$error":"#VALUE!"}]
["2016-11-19",811823.25,4.13,0.44931506849315067,2.1917808219178082E-2,2.8338689591203994,819507,{"$error":"#N/A"},0.44931506849315067,2.1917808219178082E-2,{"$error":"#VALUE!"}]
["2016-11-20",805985.33333333337,3.49,0.44931506849315067,2.1917808219178082E-2,2.4573658318703204,807406,{"$error":"#N/A"},0.44931506849315067,2.1917808219178082E-2,{"$error":"#VALUE!"}]
["2016-11-21",914737,0.06,0.44931506849315067,2.1917808219178082E-2,0.29035668175661417,900654,{"$error":"#N/A"},0.44931506849315067,2.1917808219178082E-2,{"$error":"#VALUE!"}]
["2016-11-22",886537.58333333337,6.26,0.44931506849315067,2.1917808219178082E-2,3.7963403711967225,897840,{"$error":"#N/A"},0.44931506849315067,2.1917808219178082E-2,{"$error":"#VALUE!"}]
["2016-11-23",906731.16666666663,3.67,0.44931506849315067,2.1917808219178082E-2,2.2835879660009417,918472,{"$error":"#N/A"},0.44931506849315067,2.1917808219178082E-2,{"$error":"#VALUE!"}]
["2016-11-24",906601,3.42,0.44931506849315067,2.1917808219178082E-2,2.1460377828835395,897133.5,{"$error":"#N/A"},0.44931506849315067,2.1917808219178082E-2,{"$error":"#VALUE!"}]
["2016-11-25",891133.66666666663,2.86,0.44931506849315067,2.1917808219178082E-2,1.8690791732780927,881040.5,{"$error":"#N/A"},0.44931506849315067,2.1917808219178082E-2,{"$error":"#VALUE!"}]
["2016-11-26",829818.41666666663,2.44,0.44931506849315067,2.1917808219178082E-2,1.754119578027953,830678.5,{"$error":"#N/A"},0.44931506849315067,2.1917808219178082E-2,{"$error":"#VALUE!"}]
["2016-11-27",818124.91666666663,2.69,0.44931506849315067,2.1917808219178082E-2,1.9319786096256684,800572,{"$error":"#N/A"},0.44931506849315067,2.1917808219178082E-2,{"$error":"#VALUE!"}]
["2016-11-28",912346.5,2.35,0.44931506849315067,2.1917808219178082E-2,1.5461239485896798,903486.5,{"$error":"#N/A"},0.44931506849315067,2.1917808219178082E-2,{"$error":"#VALUE!"}]
["2016-11-29",951767.08333333337,2.08,0.44931506849315067,2.1917808219178082E-2,1.3402439882870494,944691,{"$error":"#N/A"},0.44931506849315067,2.1917808219178082E-2,{"$error":"#VALUE!"}]
["2016-11-30",953382.08333333337,4.95,0.44931506849315067,2.1917808219178082E-2,2.8431415738916823,945910.5,{"$error":"#N/A"},0.44931506849315067,2.1917808219178082E-2,{"$error":"#VALUE!"}]
["2016-12-01",947718.5,2.77,0.44931506849315067,2.1917808219178082E-2,1.7100023424689623,941594,{"$error":"#N/A"},0.44931506849315067,2.1917808219178082E-2,{"$error":"#VALUE!"}]
["2016-12-02",931714.83333333337,1.63,0.44931506849315067,2.1917808219178082E-2,1.1275980315869123,947295,{"$error":"#N/A"},0.44931506849315067,2.1917808219178082E-2,{"$error":"#VALUE!"}]
["2016-12-03",837496.33333333337,1.51,0.44931506849315067,2.1917808219178082E-2,1.1828116193987792,843124.5,{"$error":"#N/A"},0.44931506849315067,2.1917808219178082E-2,{"$error":"#VALUE!"}]
["2016-12-04",827275.5,1.47,0.44931506849315067,2.1917808219178082E-2,1.1732481058316693,810195.5,{"$error":"#N/A"},0.44931506849315067,2.1917808219178082E-2,{"$error":"#VALUE!"}]
["2016-12-05",945702.16666666663,1.65,0.44931506849315067,2.1917808219178082E-2,1.1214949318072711,966460,{"$error":"#N/A"},0.44931506849315067,2.1917808219178082E-2,{"$error":"#VALUE!"}]
["2016-12-06",947401,1.76,0.44931506849315067,2.1917808219178082E-2,1.1775372835789701,954221,{"$error":"#N/A"},0.44931506849315067,2.1917808219178082E-2,{"$error":"#VALUE!"}]
["2016-12-07",877843.83333333337,3.25,0.44931506849315067,2.1917808219178082E-2,2.1195109837283161,855622,{"$error":"#N/A"},0.44931506849315067,2.1917808219178082E-2,{"$error":"#VALUE!"}]
["2016-12-08",864075.91666666663,1.74,0.44931506849315067,2.1917808219178082E-2,1.2795170795161537,875948,{"$error":"#N/A"},0.44931506849315067,2.1917808219178082E-2,{"$error":"#VALUE!"}]
["2016-12-09",829342.75,1.63,0.44931506849315067,2.1917808219178082E-2,1.2667858774958007,834198.5,{"$error":"#N/A"},0.44931506849315067,2.1917808219178082E-2,{"$error":"#VALUE!"}]
["2016-12-10",753945.33333333337,1.35,0.44931506849315067,2.1917808219178082E-2,1.207780408385227,781102.5,{"$error":"#N/A"},0.44931506849315067,2.1917808219178082E-2,{"$error":"#VALUE!"}]
["2016-12-11",747983.16666666663,1.35,0.44931506849315067,2.1917808219178082E-2,1.2174073474931917,764670.5,{"$error":"#N/A"},0.44931506849315067,2.1917808219178082E-2,{"$error":"#VALUE!"}]
["2016-12-12",907244.66666666663,1.52,0.44931506849315067,2.1917808219178082E-2,1.097388246835199,922012.5,{"$error":"#N/A"},0.44931506849315067,2.1917808219178082E-2,{"$error":"#VALUE!"}]
["2016-12-13",900564.08333333337,1.58,0.44931506849315067,2.1917808219178082E-2,1.1388418813099348,908163,{"$error":"#N/A"},0.44931506849315067,2.1917808219178082E-2,{"$error":"#VALUE!"}]
["2016-12-14",874044,1.35,0.44931506849315067,2.1917808219178082E-2,1.0418239814013941,862230,{"$error":"#N/A"},0.44931506849315067,2.1917808219178082E-2,{"$error":"#VALUE!"}]
["2016-12-15",890118.16666666663,1.36,0.44931506849315067,2.1917808219178082E-2,1.0286276650960884,889030.5,{"$error":"#N/A"},0.44931506849315067,2.1917808219178082E-2,{"$error":"#VALUE!"}]
["2016-12-16",871619.66666666663,1.5,0.44931506849315067,2.1917808219178082E-2,1.130767995227278,882280.5,{"$error":"#N/A"},0.44931506849315067,2.1917808219178082E-2,{"$error":"#VALUE!"}]
["2016-12-17",799729.25,1.59,0.44931506849315067,2.1917808219178082E-2,1.2886865425662943,804251.5,{"$error":"#N/A"},0.44931506849315067,2.1917808219178082E-2,{"$error":"#VALUE!"}]
["2016-12-18",807478.5,1.52,0.44931506849315067,2.1917808219178082E-2,1.232974768352822,791031.5,{"$error":"#N/A"},0.44931506849315067,2.1917808219178082E-2,{"$error":"#VALUE!"}]
["2016-12-19",919403.25,1.55,0.44931506849315067,2.1917808219178082E-2,1.0991915405975399,911687,{"$error":"#N/A"},0.44931506849315067,2.1917808219178082E-2,{"$error":"#VALUE!"}]
["2016-12-20",898456.58333333337,1.58,0.44931506849315067,2.1917808219178082E-2,1.1415126155174928,877012,{"$error":"#N/A"},0.44931506849315067,2.1917808219178082E-2,{"$error":"#VALUE!"}]
["2016-12-21",878734.75,1.63,0.44931506849315067,2.1917808219178082E-2,1.195582285899617,861003,{"$error":"#N/A"},0.44931506849315067,2.1917808219178082E-2,{"$error":"#VALUE!"}]
["2016-12-22",831844.33333333337,4.17,0.44931506849315067,2.1917808219178082E-2,2.7897057621380932,836849.5,{"$error":"#N/A"},0.44931506849315067,2.1917808219178082E-2,{"$error":"#VALUE!"}]
["2016-12-23",811373.75,4.51,0.44931506849315067,2.1917808219178082E-2,3.0696078503871211,787739.5,{"$error":"#N/A"},0.44931506849315067,2.1917808219178082E-2,{"$error":"#VALUE!"}]
["2016-12-24",784382.33333333337,5.0599999999999996,0.44931506849315067,2.1917808219178082E-2,3.5258330762307137,704311.5,{"$error":"#N/A"},0.44931506849315067,2.1917808219178082E-2,{"$error":"#VALUE!"}]
["2016-12-25",702873.5,5.13,0.44931506849315067,2.1917808219178082E-2,3.9844979327731571,612753,{"$error":"#N/A"},0.44931506849315067,2.1917808219178082E-2,{"$error":"#VALUE!"}]
["2016-12-26",null,1.76,0.44931506849315067,2.1917808219178082E-2,0,632403.5,{"$error":"#N/A"},0.44931506849315067,2.1917808219178082E-2,{"$error":"#VALUE!"}]
["2016-12-27",null,1.83,0.44931506849315067,2.1917808219178082E-2,0,758983.5,{"$error":"#N/A"},0.44931506849315067,2.1917808219178082E-2,{"$error":"#VALUE!"}]
["2016-12-28",null,1.55,0.44931506849315067,2.1917808219178082E-2,0,815425.5,{"$error":"#N/A"},0.44931506849315067,2.1917808219178082E-2,{"$error":"#VALUE!"}]
["2016-12-29",null,1.58,0.44931506849315067,2.1917808219178082E-2,0,818064.5,{"$error":"#N/A"},0.44931506849315067,2.1917808219178082E-2,{"$error":"#VALUE!"}]
["2016-12-30",null,1.63,0.44931506849315067,2.1917808219178082E-2,0,803288,{"$error":"#N/A"},0.44931506849315067,2.1917808219178082E-2,{"$error":"#VALUE!"}]
["2016-12-31",null,1.76,{"$f":"internal_BSUoS_cost_per_year/days_per_year","v":0.44931506849315067},{"$f":"forecast_BSIS_profit_per_year/days_per_year","v":2.1917808219178082E-2},0,734949,{"$error":"#N/A"},{"$f":"internal_BSUoS_cost_per_year/days_per_year","v":0.44931506849315067},{"$f":"forecast_BSIS_profit_per_year/days_per_year","v":2.1917808219178082E-2},{"$error":"#VALUE!"}]
["2017-01-01",null,1.83,0.44931506849315067,2.1917808219178082E-2,0,705968,{"$error":"#N/A"},0.44931506849315067,2.1917808219178082E-2,{"$error":"#VALUE!"}]
["2017-01-02",null,2.33,0.44931506849315067,2.1917808219178082E-2,0,775293.5,{"$error":"#N/A"},0.44931506849315067,2.1917808219178082E-2,{"$error":"#VALUE!"}]
["2017-01-03",885328.75,2.4700000000000002,0.44931506849315067,2.1917808219178082E-2,1.6610774073818886,872708,{"$error":"#N/A"},0.44931506849315067,2.1917808219178082E-2,{"$error":"#VALUE!"}]
["2017-01-04",904586.5,2.5099999999999998,0.44931506849315067,2.1917808219178082E-2,1.6478256351524343,907041,{"$error":"#N/A"},0.44931506849315067,2.1917808219178082E-2,{"$error":"#VALUE!"}]
["2017-01-05",939574.83333333337,2.2599999999999998,0.44931506849315067,2.1917808219178082E-2,1.4534230902269643,950787.5,{"$error":"#N/A"},0.44931506849315067,2.1917808219178082E-2,{"$error":"#VALUE!"}]
["2017-01-06",925359.16666666663,1.93,0.44931506849315067,2.1917808219178082E-2,1.2974423980314667,931931.5,{"$error":"#N/A"},0.44931506849315067,2.1917808219178082E-2,{"$error":"#VALUE!"}]
["2017-01-07",840810.58333333337,1.03,0.44931506849315067,2.1917808219178082E-2,0.89270953876673831,837410,{"$error":"#N/A"},0.44931506849315067,2.1917808219178082E-2,{"$error":"#VALUE!"}]
["2017-01-08",843582.75,1.03,0.44931506849315067,2.1917808219178082E-2,0.88977610976039112,796135.5,{"$error":"#N/A"},0.44931506849315067,2.1917808219178082E-2,{"$error":"#VALUE!"}]
["2017-01-09",881384.75,1.66,0.44931506849315067,2.1917808219178082E-2,1.2090062798890382,860377,{"$error":"#N/A"},0.44931506849315067,2.1917808219178082E-2,{"$error":"#VALUE!"}]
["2017-01-10",880746.75,1.65,0.44931506849315067,2.1917808219178082E-2,1.2042050668353113,880179.5,{"$error":"#N/A"},0.44931506849315067,2.1917808219178082E-2,{"$error":"#VALUE!"}]
["2017-01-11",865576.08333333337,3.73,0.44931506849315067,2.1917808219178082E-2,2.4268232945460593,845497.5,{"$error":"#N/A"},0.44931506849315067,2.1917808219178082E-2,{"$error":"#VALUE!"}]
["2017-01-12",913606.25,2.4,0.44931506849315067,2.1917808219178082E-2,{"$f":"BSUoS_per_SP(B654,C654,D654,E654)","v":1.571355704756755},921415,{"$error":"#N/A"},0.44931506849315067,2.1917808219178082E-2,{"$f":"BSUoS_per_SP(G654,H654,I654,J654)","v":{"$error":"#VALUE!"}}]
["2017-01-13",900136.91666666663,2.69,0.44931506849315067,2.1917808219178082E-2,1.7559549268611334,904638,{"$error":"#N/A"},0.44931506849315067,2.1917808219178082E-2,{"$error":"#VALUE!"}]
["2017-01-14",842070.91666666663,2.19,0.44931506849315067,2.1917808219178082E-2,1.5801517924260542,844379.5,{"$error":"#N/A"},0.44931506849315067,2.1917808219178082E-2,{"$error":"#VALUE!"}]
["2017-01-15",836229.16666666663,1.85,0.44931506849315067,2.1917808219178082E-2,1.3878973343426262,819736,{"$error":"#N/A"},0.44931506849315067,2.1917808219178082E-2,{"$error":"#VALUE!"}]
["2017-01-16",928380.25,1.55,0.44931506849315067,2.1917808219178082E-2,1.0885628729615029,931021.5,{"$error":"#N/A"},0.44931506849315067,2.1917808219178082E-2,{"$error":"#VALUE!"}]
["2017-01-17",938132.66666666663,1.55,0.44931506849315067,2.1917808219178082E-2,1.0772459768497644,938921.5,{"$error":"#N/A"},0.44931506849315067,2.1917808219178082E-2,{"$error":"#VALUE!"}]
["2017-01-18",932425.75,1.56,0.44931506849315067,2.1917808219178082E-2,1.0892017168118435,943909.5,{"$error":"#N/A"},0.44931506849315067,2.1917808219178082E-2,{"$error":"#VALUE!"}]
["2017-01-19",939150.25,1.57,0.44931506849315067,2.1917808219178082E-2,1.0867273598466698,948875.5,{"$error":"#N/A"},0.44931506849315067,2.1917808219178082E-2,{"$error":"#VALUE!"}]
["2017-01-20",924855.25,1.56,0.44931506849315067,2.1917808219178082E-2,1.0981180833752318,931542.5,{"$error":"#N/A"},0.44931506849315067,2.1917808219178082E-2,{"$error":"#VALUE!"}]
["2017-01-21",856691,1.58,0.44931506849315067,2.1917808219178082E-2,1.1971644385198397,867533,{"$error":"#N/A"},0.44931506849315067,2.1917808219178082E-2,{"$error":"#VALUE!"}]
["2017-01-22",865867.41666666663,1.57,0.44931506849315067,2.1917808219178082E-2,1.1787029647740357,861688,{"$error":"#N/A"},0.44931506849315067,2.1917808219178082E-2,{"$error":"#VALUE!"}]
["2017-01-23",978620.16666666663,1.56,0.44931506849315067,2.1917808219178082E-2,1.0377879054178334,966612.5,{"$error":"#N/A"},0.44931506849315067,2.1917808219178082E-2,{"$error":"#VALUE!"}]
["2017-01-24",952801.33333333337,1.55,0.44931506849315067,2.1917808219178082E-2,1.0606621949389221,932022.5,{"$error":"#N/A"},0.44931506849315067,2.1917808219178082E-2,{"$error":"#VALUE!"}]
["2017-01-25",924157.66666666663,1.87,0.44931506849315067,2.1917808219178082E-2,1.2666665223911928,927189,{"$error":"#N/A"},0.44931506849315067,2.1917808219178082E-2,{"$error":"#VALUE!"}]
["2017-01-26",935141.41666666663,1.88,0.44931506849315067,2.1917808219178082E-2,1.2571366243165469,970559.5,{"$error":"#N/A"},0.44931506849315067,2.1917808219178082E-2,{"$error":"#VALUE!"}]
["2017-01-27",929371.83333333337,1.88,0.44931506849315067,2.1917808219178082E-2,1.2649401961754818,965198.5,{"$error":"#N/A"},0.44931506849315067,2.1917808219178082E-2,{"$error":"#VALUE!"}]
["2017-01-28",827670.41666666663,1.69,0.44931506849315067,2.1917808219178082E-2,1.3055928087281163,837706.5,{"$error":"#N/A"},0.44931506849315067,2.1917808219178082E-2,{"$error":"#VALUE!"}]
["2017-01-29",829965.41666666663,1.59,0.44931506849315067,2.1917808219178082E-2,1.2417391094805204,835771,{"$error":"#N/A"},0.44931506849315067,2.1917808219178082E-2,{"$error":"#VALUE!"}]
["2017-01-30",918284.25,1.59,0.44931506849315067,2.1917808219178082E-2,1.1223107448240415,922808.5,{"$error":"#N/A"},0.44931506849315067,2.1917808219178082E-2,{"$error":"#VALUE!"}]
["2017-01-31",921182.08333333337,1.62,0.44931506849315067,2.1917808219178082E-2,1.1350634293766053,915954,{"$error":"#N/A"},0.44931506849315067,2.1917808219178082E-2,{"$error":"#VALUE!"}]
["2017-02-01",896169.5,1.62,0.44931506849315067,2.1917808219178082E-2,1.1667429170804646,889903.5,{"$error":"#N/A"},0.44931506849315067,2.1917808219178082E-2,{"$error":"#VALUE!"}]
["2017-02-02",872150.83333333337,2.5299999999999998,0.44931506849315067,2.1917808219178082E-2,1.7205736162659906,837025,{"$error":"#N/A"},0.44931506849315067,2.1917808219178082E-2,{"$error":"#VALUE!"}]
["2017-02-03",827182,2.84,0.44931506849315067,2.1917808219178082E-2,2.0014942298067413,835335,{"$error":"#N/A"},0.44931506849315067,2.1917808219178082E-2,{"$error":"#VALUE!"}]
["2017-02-04",781348.75,1.95,0.44931506849315067,2.1917808219178082E-2,1.5493716636227857,786088,{"$error":"#N/A"},0.44931506849315067,2.1917808219178082E-2,{"$error":"#VALUE!"}]
["2017-02-05",797914.25,1.59,0.44931506849315067,2.1917808219178082E-2,1.2916178936577125,817622,{"$error":"#N/A"},0.44931506849315067,2.1917808219178082E-2,{"$error":"#VALUE!"}]
["2017-02-06",917086.5,1.65,0.44931506849315067,2.1917808219178082E-2,1.1564891406040436,918316.5,{"$error":"#N/A"},0.44931506849315067,2.1917808219178082E-2,{"$error":"#VALUE!"}]
["2017-02-07",912801.83333333337,1.66,0.44931506849315067,2.1917808219178082E-2,1.1673944623258932,906266.5,{"$error":"#N/A"},0.44931506849315067,2.1917808219178082E-2,{"$error":"#VALUE!"}]
["2017-02-08",920442.25,1.65,0.44931506849315067,2.1917808219178082E-2,1.1522724951707983,939521,{"$error":"#N/A"},0.44931506849315067,2.1917808219178082E-2,{"$error":"#VALUE!"}]
["2017-02-09",937888.16666666663,1.43,0.44931506849315067,2.1917808219178082E-2,1.0135538571769762,962681.5,{"$error":"#N/A"},0.44931506849315067,2.1917808219178082E-2,{"$error":"#VALUE!"}]
["2017-02-10",956387.58333333337,1.42,0.44931506849315067,2.1917808219178082E-2,0.9887200592228258,962979,{"$error":"#N/A"},0.44931506849315067,2.1917808219178082E-2,{"$error":"#VALUE!"}]
["2017-02-11",854893.91666666663,1.62,0.44931506849315067,2.1917808219178082E-2,1.2230756093737938,864944.5,{"$error":"#N/A"},0.44931506849315067,2.1917808219178082E-2,{"$error":"#VALUE!"}]
["2017-02-12",487137.41666666669,1.61,0.44931506849315067,2.1917808219178082E-2,2.1361547162297261,814907,{"$error":"#N/A"},0.44931506849315067,2.1917808219178082E-2,{"$error":"#VALUE!"}]
["2017-02-13",879064.16666666663,1.57,0.44931506849315067,2.1917808219178082E-2,1.1610076171928323,859933.5,{"$error":"#N/A"},0.44931506849315067,2.1917808219178082E-2,{"$error":"#VALUE!"}]
["2017-02-14",897116.33333333337,1.56,0.44931506849315067,2.1917808219178082E-2,1.1320721066172046,903330.5,{"$error":"#N/A"},0.44931506849315067,2.1917808219178082E-2,{"$error":"#VALUE!"}]
["2017-02-15",897244.41666666663,1.55,0.44931506849315067,2.1917808219178082E-2,1.1263379860996563,892301.5,{"$error":"#N/A"},0.44931506849315067,2.1917808219178082E-2,{"$error":"#VALUE!"}]
["2017-02-16",855188,1.56,0.44931506849315067,2.1917808219178082E-2,1.1875751296790882,841360.5,{"$error":"#N/A"},0.44931506849315067,2.1917808219178082E-2,{"$error":"#VALUE!"}]
["2017-02-17",847501.41666666663,1.2,0.44931506849315067,2.1917808219178082E-2,0.9859575386931696,856551.5,{"$error":"#N/A"},0.44931506849315067,2.1917808219178082E-2,{"$error":"#VALUE!"}]
["2017-02-18",749046.91666666663,1.45,0.44931506849315067,2.1917808219178082E-2,1.282429540469423,739474,{"$error":"#N/A"},0.44931506849315067,2.1917808219178082E-2,{"$error":"#VALUE!"}]
["2017-02-19",727297.08333333337,1.18,0.44931506849315067,2.1917808219178082E-2,1.1351621139644463,724145,{"$error":"#N/A"},0.44931506849315067,2.1917808219178082E-2,{"$error":"#VALUE!"}]
["2017-02-20",815540.66666666663,2.81,0.44931506849315067,2.1917808219178082E-2,2.0116707805003058,780187.5,{"$error":"#N/A"},0.44931506849315067,2.1917808219178082E-2,{"$error":"#VALUE!"}]
["2017-02-21",818683.25,2.95,0.44931506849315067,2.1917808219178082E-2,2.0894534270285323,806309,{"$error":"#N/A"},0.44931506849315067,2.1917808219178082E-2,{"$error":"#VALUE!"}]
["2017-02-22",813713,2.86,0.44931506849315067,2.1917808219178082E-2,2.0469133465976332,797972,{"$error":"#N/A"},0.44931506849315067,2.1917808219178082E-2,{"$error":"#VALUE!"}]
["2017-02-23",822107.5,2.65,0.44931506849315067,2.1917808219178082E-2,1.8982907355237997,820451,{"$error":"#N/A"},0.44931506849315067,2.1917808219178082E-2,{"$error":"#VALUE!"}]
["2017-02-24",810901.5,1.89,0.44931506849315067,2.1917808219178082E-2,1.4559095920345491,832197.5,{"$error":"#N/A"},0.44931506849315067,2.1917808219178082E-2,{"$error":"#VALUE!"}]
["2017-02-25",738329.25,3.29,0.44931506849315067,2.1917808219178082E-2,2.5471029852545408,735616.5,{"$error":"#N/A"},0.44931506849315067,2.1917808219178082E-2,{"$error":"#VALUE!"}]
["2017-02-26",736931.33333333337,2.1800000000000002,0.44931506849315067,2.1917808219178082E-2,1.7988115576627934,702263.5,{"$error":"#N/A"},0.44931506849315067,2.1917808219178082E-2,{"$error":"#VALUE!"}]
["2017-02-27",844473.83333333337,1.58,0.44931506849315067,2.1917808219178082E-2,1.2144838088561638,855561.5,{"$error":"#N/A"},0.44931506849315067,2.1917808219178082E-2,{"$error":"#VALUE!"}]
["2017-02-28",844322.75,1.58,0.44931506849315067,2.1917808219178082E-2,1.2147010089740538,871679,{"$error":"#N/A"},0.44931506849315067,2.1917808219178082E-2,{"$error":"#VALUE!"}]
["2017-03-01",881005.58333333337,1.58,0.44931506849315067,2.1917808219178082E-2,1.1641237403604516,874435,{"$error":"#N/A"},0.44931506849315067,2.1917808219178082E-2,{"$error":"#VALUE!"}]
["2017-03-02",836113.08333333337,1.59,0.44931506849315067,2.1917808219178082E-2,1.2326085110505398,816986.5,{"$error":"#N/A"},0.44931506849315067,2.1917808219178082E-2,{"$error":"#VALUE!"}]
["2017-03-03",872361.16666666663,1.59,0.44931506849315067,2.1917808219178082E-2,1.1813916486408724,871226,{"$error":"#N/A"},0.44931506849315067,2.1917808219178082E-2,{"$error":"#VALUE!"}]
["2017-03-04",763908.66666666663,1.61,0.44931506849315067,2.1917808219178082E-2,1.3622041368801783,745563.5,{"$error":"#N/A"},0.44931506849315067,2.1917808219178082E-2,{"$error":"#VALUE!"}]
["2017-03-05",751079.16666666663,1.61,{"$f":"internal_BSUoS_cost_per_year/days_per_year","v":0.44931506849315067},{"$f":"forecast_BSIS_profit_per_year/days_per_year","v":2.1917808219178082E-2},1.3854734322221764,743577.5,{"$error":"#N/A"},{"$f":"internal_BSUoS_cost_per_year/days_per_year","v":0.44931506849315067},{"$f":"forecast_BSIS_profit_per_year/days_per_year","v":2.1917808219178082E-2},{"$error":"#VALUE!"}]
["2017-03-06",849973.25,1.58,0.44931506849315067,2.1917808219178082E-2,1.206626563432015,846537.5,{"$error":"#N/A"},0.44931506849315067,2.1917808219178082E-2,{"$error":"#VALUE!"}]
["2017-03-07",852564.5,1.58,0.44931506849315067,2.1917808219178082E-2,1.2029595432131781,846352,{"$error":"#N/A"},0.44931506849315067,2.1917808219178082E-2,{"$error":"#VALUE!"}]
["2017-03-08",817635.08333333337,2.84,0.44931506849315067,2.1917808219178082E-2,2.0248643954820915,816584,{"$error":"#N/A"},0.44931506849315067,2.1917808219178082E-2,{"$error":"#VALUE!"}]
["2017-03-09",792609.08333333337,2.15,0.44931506849315067,2.1917808219178082E-2,1.6535265181192744,779412.5,{"$error":"#N/A"},0.44931506849315067,2.1917808219178082E-2,{"$error":"#VALUE!"}]
["2017-03-10",811238.83333333337,1.65,0.44931506849315067,2.1917808219178082E-2,1.3073829044215082,822112.5,{"$error":"#N/A"},0.44931506849315067,2.1917808219178082E-2,{"$error":"#VALUE!"}]
["2017-03-11",713293.16666666663,1.45,0.44931506849315067,2.1917808219178082E-2,1.3467116598648801,729492.5,{"$error":"#N/A"},0.44931506849315067,2.1917808219178082E-2,{"$error":"#VALUE!"}]
["2017-03-12",714147.33333333337,1.64,0.44931506849315067,2.1917808219178082E-2,1.4781270522735515,710706,{"$error":"#N/A"},0.44931506849315067,2.1917808219178082E-2,{"$error":"#VALUE!"}]
["2017-03-13",813477.08333333337,1.2,0.44931506849315067,2.1917808219178082E-2,1.0271956060220511,772250.5,{"$error":"#N/A"},0.44931506849315067,2.1917808219178082E-2,{"$error":"#VALUE!"}]
["2017-03-14",779046.66666666663,1.45,0.44931506849315067,2.1917808219178082E-2,1.2330449895834268,768798,{"$error":"#N/A"},0.44931506849315067,2.1917808219178082E-2,{"$error":"#VALUE!"}]
["2017-03-15",781310.41666666663,1.6,0.44931506849315067,2.1917808219178082E-2,1.3254662041955179,773308,{"$error":"#N/A"},0.44931506849315067,2.1917808219178082E-2,{"$f":"BSUoS_per_SP(G716,H716,I716,J716)","v":{"$error":"#VALUE!"}}]
["2017-03-16",780427,1.58,0.44931506849315067,2.1917808219178082E-2,1.3141523806839077,778858,{"$error":"#N/A"},0.44931506849315067,2.1917808219178082E-2,{"$f":"BSUoS_per_SP(G717,H717,I717,J717)","v":{"$error":"#VALUE!"}}]
["2017-03-17",764909.5,1.77,0.44931506849315067,2.1917808219178082E-2,{"$f":"BSUoS_per_SP(B718,C718,D718,E718)","v":1.465008955301931},760358.5,{"$error":"#N/A"},0.44931506849315067,2.1917808219178082E-2,{"$f":"BSUoS_per_SP(G718,H718,I718,J718)","v":{"$error":"#VALUE!"}}]
["2017-03-18",692950.08333333337,1.76,0.44931506849315067,2.1917808219178082E-2,1.609928566274623,692726.5,{"$error":"#N/A"},0.44931506849315067,2.1917808219178082E-2,{"$error":"#VALUE!"}]
["2017-03-19",662110.83333333337,1.75,0.44931506849315067,2.1917808219178082E-2,1.677362254969333,647347.5,{"$error":"#N/A"},0.44931506849315067,2.1917808219178082E-2,{"$error":"#VALUE!"}]
["2017-03-20",753976.41666666663,1.74,0.44931506849315067,2.1917808219178082E-2,1.4663596719258969,764672,{"$error":"#N/A"},0.44931506849315067,2.1917808219178082E-2,{"$error":"#VALUE!"}]
["2017-03-21",766832.41666666663,1.73,0.44931506849315067,2.1917808219178082E-2,1.4352557013791809,765022,{"$error":"#N/A"},0.44931506849315067,2.1917808219178082E-2,{"$error":"#VALUE!"}]
["2017-03-22",826634.41666666663,1.53,0.44931506849315067,2.1917808219178082E-2,1.2104510581466525,839033,{"$error":"#N/A"},0.44931506849315067,2.1917808219178082E-2,{"$error":"#VALUE!"}]
["2017-03-23",824022.25,1.53,0.44931506849315067,2.1917808219178082E-2,1.2142879680396883,804528.5,{"$error":"#N/A"},0.44931506849315067,2.1917808219178082E-2,{"$error":"#VALUE!"}]
["2017-03-24",810490.16666666663,1.58,0.44931506849315067,2.1917808219178082E-2,1.2654073461733026,787433,{"$error":"#N/A"},0.44931506849315067,2.1917808219178082E-2,{"$error":"#VALUE!"}]
["2017-03-25",781310.41666666663,1.58,0.44931506849315067,2.1917808219178082E-2,1.3126671871600262,673272.5,{"$error":"#N/A"},0.44931506849315067,2.1917808219178082E-2,{"$error":"#VALUE!"}]
["2017-03-26",714147.33333333337,1.58,0.44931506849315067,2.1917808219178082E-2,1.4361188942892711,637692,{"$error":"#N/A"},0.44931506849315067,2.1917808219178082E-2,{"$error":"#VALUE!"}]
["2017-03-27",764909.5,1.59,0.44931506849315067,2.1917808219178082E-2,1.3473480540194271,781491.5,{"$error":"#N/A"},0.44931506849315067,2.1917808219178082E-2,{"$error":"#VALUE!"}]
["2017-03-28",766832.41666666663,1.59,0.44931506849315067,2.1917808219178082E-2,1.3439710392889186,791714,{"$error":"#N/A"},0.44931506849315067,2.1917808219178082E-2,{"$error":"#VALUE!"}]
["2017-03-29",786412.5,1.79,0.44931506849315067,2.1917808219178082E-2,1.4376688046469281,783270.5,{"$error":"#N/A"},0.44931506849315067,2.1917808219178082E-2,{"$error":"#VALUE!"}]
["2017-03-30",740549.58333333337,1.8,0.44931506849315067,2.1917808219178082E-2,1.5334548646276416,726305,{"$error":"#N/A"},0.44931506849315067,2.1917808219178082E-2,{"$error":"#VALUE!"}]
["2017-03-31",736302.08333333337,1.59,0.44931506849315067,2.1917808219178082E-2,1.3996974067705914,698693,{"$error":"#N/A"},0.44931506849315067,2.1917808219178082E-2,{"$error":"#VALUE!"}]
["2017-04-01",656444.5,1.17,0.44931506849315067,2.1917808219178082E-2,1.2500685511635417,659734,1.71,0.44931506849315067,2.1917808219178082E-2,1.6530904879845514]
["2017-04-02",635592.33333333337,{"$error":"#N/A"},0.44931506849315067,2.1917808219178082E-2,{"$error":"#VALUE!"},635593,0.96,0.44931506849315067,2.1917808219178082E-2,1.1258777236376107]
["2017-04-03",764909.5,{"$error":"#N/A"},0.44931506849315067,2.1917808219178082E-2,{"$error":"#VALUE!"},709426.5,1.89,0.44931506849315067,2.1917808219178082E-2,1.664162294587455]
["2017-04-04",766832.41666666663,{"$error":"#N/A"},0.44931506849315067,2.1917808219178082E-2,{"$error":"#VALUE!"},746284.5,2.0299999999999998,0.44931506849315067,2.1917808219178082E-2,1.6757695461781303]
["2017-04-05",786412.5,{"$error":"#N/A"},0.44931506849315067,2.1917808219178082E-2,{"$error":"#VALUE!"},726869.5,1.55,0.44931506849315067,2.1917808219178082E-2,1.3903449034903077]
["2017-04-06",824022.25,{"$error":"#N/A"},0.44931506849315067,2.1917808219178082E-2,{"$error":"#VALUE!"},728880,0.03,0.44931506849315067,2.1917808219178082E-2,0.34381516847766436]
["2017-04-07",810490.16666666663,{"$error":"#N/A"},0.44931506849315067,2.1917808219178082E-2,{"$error":"#VALUE!"},722716,0.68,0.44931506849315067,2.1917808219178082E-2,0.79644009541784044]
["2017-04-08",692950.08333333337,{"$error":"#N/A"},0.44931506849315067,2.1917808219178082E-2,{"$error":"#VALUE!"},615728.5,1.56,0.44931506849315067,2.1917808219178082E-2,1.6494296182730037]
["2017-04-09",662110.83333333337,{"$error":"#N/A"},0.44931506849315067,2.1917808219178082E-2,{"$error":"#VALUE!"},564919.5,2.2999999999999998,0.44931506849315067,2.1917808219178082E-2,2.4527366706790339]
["2017-04-10",753976.41666666663,{"$error":"#N/A"},0.44931506849315067,2.1917808219178082E-2,{"$error":"#VALUE!"},691216,1.61,0.44931506849315067,2.1917808219178082E-2,1.5054628365084142]
["2017-04-11",766832.41666666663,{"$error":"#N/A"},0.44931506849315067,2.1917808219178082E-2,{"$error":"#VALUE!"},679972,1.9,0.44931506849315067,2.1917808219178082E-2,1.7436012071085278]
["2017-04-12",798270.41666666663,{"$error":"#N/A"},0.44931506849315067,2.1917808219178082E-2,{"$error":"#VALUE!"},688049,3.78,0.44931506849315067,2.1917808219178082E-2,3.0893148598428306]
["2017-04-13",705373.33333333337,{"$error":"#N/A"},0.44931506849315067,2.1917808219178082E-2,{"$error":"#VALUE!"},719476.5,1.46,0.44931506849315067,2.1917808219178082E-2,1.3420878528262234]
["2017-04-14",628018.33333333337,{"$error":"#N/A"},0.44931506849315067,2.1917808219178082E-2,{"$error":"#VALUE!"},656618,1.59,0.44931506849315067,2.1917808219178082E-2,1.5695579469341383]
["2017-04-15",552504.08333333337,{"$error":"#N/A"},0.44931506849315067,2.1917808219178082E-2,{"$error":"#VALUE!"},578786.5,2.72,0.44931506849315067,2.1917808219178082E-2,2.7568047603086461]
["2017-04-16",608782.91666666663,{"$error":"#N/A"},0.44931506849315067,2.1917808219178082E-2,{"$error":"#VALUE!"},606914.5,1.42,0.44931506849315067,2.1917808219178082E-2,1.5580461152650951]
["2017-04-17",635571.5,{"$error":"#N/A"},0.44931506849315067,2.1917808219178082E-2,{"$error":"#VALUE!"},648076.5,1.76,0.44931506849315067,2.1917808219178082E-2,1.721403045321845]
["2017-04-18",766832.41666666663,{"$error":"#N/A"},0.44931506849315067,2.1917808219178082E-2,{"$error":"#VALUE!"},710923,1.32,0.44931506849315067,2.1917808219178082E-2,1.2597707487308751]
["2017-04-19",725803,{"$error":"#N/A"},0.44931506849315067,2.1917808219178082E-2,{"$error":"#VALUE!"},729517.5,1.46,0.44931506849315067,2.1917808219178082E-2,1.3236136736859132]
["2017-04-20",725659.5,{"$error":"#N/A"},0.44931506849315067,2.1917808219178082E-2,{"$error":"#VALUE!"},739334.5,1.64,0.44931506849315067,2.1917808219178082E-2,1.4277714808192237]
["2017-04-21",684791.16666666663,{"$error":"#N/A"},0.44931506849315067,2.1917808219178082E-2,{"$error":"#VALUE!"},716326,1.62,0.44931506849315067,2.1917808219178082E-2,1.459670596906995]
["2017-04-22",608997.91666666663,{"$error":"#N/A"},0.44931506849315067,2.1917808219178082E-2,{"$error":"#VALUE!"},631911,1.42,0.44931506849315067,2.1917808219178082E-2,1.4964132607281722]
["2017-04-23",604327.58333333337,{"$error":"#N/A"},0.44931506849315067,2.1917808219178082E-2,{"$error":"#VALUE!"},605464,2.0299999999999998,0.44931506849315067,2.1917808219178082E-2,2.0655233011376399]
["2017-04-24",705808.66666666663,{"$error":"#N/A"},0.44931506849315067,2.1917808219178082E-2,{"$error":"#VALUE!"},717440.5,2.41,0.44931506849315067,2.1917808219178082E-2,2.0079727921498662]
["2017-04-25",693968.41666666663,{"$error":"#N/A"},0.44931506849315067,2.1917808219178082E-2,{"$error":"#VALUE!"},724721.5,2.72,0.44931506849315067,2.1917808219178082E-2,2.2016718134677848]
["2017-04-26",744095.91666666663,{"$error":"#N/A"},0.44931506849315067,2.1917808219178082E-2,{"$error":"#VALUE!"},763441.5,2.37,0.44931506849315067,2.1917808219178082E-2,1.8607831374223582]
["2017-04-27",772927.25,{"$error":"#N/A"},0.44931506849315067,2.1917808219178082E-2,{"$error":"#VALUE!"},774492,1.64,0.44931506849315067,2.1917808219178082E-2,1.3629579130578495]
["2017-04-28",768320.5,{"$error":"#N/A"},0.44931506849315067,2.1917808219178082E-2,{"$error":"#VALUE!"},757693,1.68,0.44931506849315067,2.1917808219178082E-2,1.4195723069897701]
["2017-04-29",649013.25,1.85,0.44931506849315067,2.1917808219178082E-2,1.7882538562401677,642653,2.02,0.44931506849315067,2.1917808219178082E-2,1.9382154910970617]
["2017-04-30",570386.91666666663,1.68,0.44931506849315067,2.1917808219178082E-2,1.885737227531483,576739,4.75,0.44931506849315067,2.1917808219178082E-2,4.5264842502414435]
["2017-05-01",605399.16666666663,1.92,0.44931506849315067,2.1917808219178082E-2,1.9748958951038902,636015.5,2.4900000000000002,0.44931506849315067,2.1917808219178082E-2,2.3279288571356695]
["2017-05-02",709951.41666666663,1.99,0.44931506849315067,2.1917808219178082E-2,1.73335906280856,721964.5,1.43,0.44931506849315067,2.1917808219178082E-2,1.3166861505559833]
["2017-05-03",705916.66666666663,2.29,0.44931506849315067,2.1917808219178082E-2,1.955754005074251,718079,1.62,0.44931506849315067,2.1917808219178082E-2,1.4561071971189801]
["2017-05-04",691848.33333333337,1.19,0.44931506849315067,2.1917808219178082E-2,1.2005527225633374,685839,1.44,0.44931506849315067,2.1917808219178082E-2,1.3933299214538688]
["2017-05-05",694764.08333333337,1.39,0.44931506849315067,2.1917808219178082E-2,1.3394476397740815,657827.5,1.96,0.44931506849315067,2.1917808219178082E-2,1.8478994509203013]
["2017-05-06",587854.66666666663,1.93,0.44931506849315067,2.1917808219178082E-2,2.0423403730511773,634830.5,2.63,0.44931506849315067,2.1917808219178082E-2,2.4425436731093364]
["2017-05-07",null,2.62,0.44931506849315067,2.1917808219178082E-2,0,601747,1.74,0.44931506849315067,2.1917808219178082E-2,1.8373170119668232]
["2017-05-08",689295.75,2.0699999999999998,{"$f":"internal_BSUoS_cost_per_year/days_per_year","v":0.44931506849315067},{"$f":"forecast_BSIS_profit_per_year/days_per_year","v":2.1917808219178082E-2},1.843330006267264,701605.5,1.77,{"$f":"internal_BSUoS_cost_per_year/days_per_year","v":0.44931506849315067},{"$f":"forecast_BSIS_profit_per_year/days_per_year","v":2.1917808219178082E-2},1.5971927264019976]
["2017-05-09",734368.66666666663,1.84,0.44931506849315067,2.1917808219178082E-2,1.5735958353361865,736521.5,2.2400000000000002,0.44931506849315067,2.1917808219178082E-2,1.8405424413663136]
["2017-05-10",715881,2.31,0.44931506849315067,2.1917808219178082E-2,1.9425016168888405,698254.5,1.1200000000000001,0.44931506849315067,2.1917808219178082E-2,1.1394134512655854]
["2017-05-11",701087.83333333337,1.55,0.44931506849315067,2.1917808219178082E-2,1.4414738235428364,698542.5,1.22,0.44931506849315067,2.1917808219178082E-2,1.2105213430259025]
["2017-05-12",728265.58333333337,1.71,0.44931506849315067,2.1917808219178082E-2,1.4975297487456505,715854.5,2.4,0.44931506849315067,2.1917808219178082E-2,2.0054368628239834]
["2017-05-13",633809.25,2.2000000000000002,0.44931506849315067,2.1917808219178082E-2,2.1072594425134388,592734,2.48,0.44931506849315067,2.1917808219178082E-2,2.4894809476088766]
["2017-05-14",614360.41666666663,2.48,0.44931506849315067,2.1917808219178082E-2,2.401849078716062,561264,2.61,0.44931506849315067,2.1917808219178082E-2,2.7448758516491347]
["2017-05-15",720587.25,2.11,0.44931506849315067,2.1917808219178082E-2,1.7910398050478289,697548.5,4.1900000000000004,0.44931506849315067,2.1917808219178082E-2,3.3411320797995265]
["2017-05-16",702320,1.93,0.44931506849315067,2.1917808219178082E-2,1.7094771614079052,694861,6.44,0.44931506849315067,2.1917808219178082E-2,4.9730809471246769]
["2017-05-17",752931.75,1.64,0.44931506849315067,2.1917808219178082E-2,1.4019858367023847,752714,5.48,0.44931506849315067,2.1917808219178082E-2,3.9531614929441994]
["2017-05-18",726100.08333333337,1.48,0.44931506849315067,2.1917808219178082E-2,1.3436165817380525,710981.5,1.3,0.44931506849315067,2.1917808219178082E-2,1.2456011544596066]
["2017-05-19",706985,1.91,0.44931506849315067,2.1917808219178082E-2,1.6840527026740313,707448.5,1.41,0.44931506849315067,2.1917808219178082E-2,1.3295676855401386]
["2017-05-20",598109.33333333337,2.14,0.44931506849315067,2.1917808219178082E-2,{"$f":"BSUoS_per_SP(B782,C782,D782,E782)","v":2.1828797092168819},606022.5,1.72,0.44931506849315067,2.1917808219178082E-2,{"$f":"BSUoS_per_SP(G782,H782,I782,J782)","v":1.8078551603737159}]
["2017-05-21",566324.08333333337,2.78,0.44931506849315067,2.1917808219178082E-2,2.8704416553068559,568276.5,1.98,0.44931506849315067,2.1917808219178082E-2,2.1566985056557026]
["2017-05-22",665416.83333333337,2.71,0.44931506849315067,2.1917808219178082E-2,2.3903807687510237,660490.5,1.66,0.44931506849315067,2.1917808219178082E-2,1.6133476661266635]
["2017-05-23",685860.66666666663,3.21,0.44931506849315067,2.1917808219178082E-2,2.6836341474438696,697352,1.07,0.44931506849315067,2.1917808219178082E-2,1.1050373412566394]
["2017-05-24",697696.66666666663,2.65,0.44931506849315067,2.1917808219178082E-2,2.236787602641261,684371,1.02,0.44931506849315067,2.1917808219178082E-2,1.0894675548788595]
["2017-05-25",693550.83333333337,1.4,0.44931506849315067,2.1917808219178082E-2,1.3489995688853451,674399,1.35,0.44931506849315067,2.1917808219178082E-2,1.3502392500582001]
["2017-05-26",650022.66666666663,1.86,0.44931506849315067,2.1917808219178082E-2,1.7931673186948771,630950.5,1.67,0.44931506849315067,2.1917808219178082E-2,1.6968064030430303]
["2017-05-27",582936.75,2.21,0.44931506849315067,2.1917808219178082E-2,2.2997339335125409,570442.5,3.62,0.44931506849315067,2.1917808219178082E-2,3.5859912138306789]
["2017-05-28",null,2.77,0.44931506849315067,2.1917808219178082E-2,0,547995.5,2.3199999999999998,0.44931506849315067,2.1917808219178082E-2,2.546733917765823]
["2017-05-29",null,2.5299999999999998,0.44931506849315067,2.1917808219178082E-2,0,621929.5,3.22,0.44931506849315067,2.1917808219178082E-2,2.9675365394819355]
["2017-05-30",null,2.8,0.44931506849315067,2.1917808219178082E-2,0,658013.5,1.79,0.44931506849315067,2.1917808219178082E-2,1.7182005246088989]
["2017-05-31",null,2.31,0.44931506849315067,2.1917808219178082E-2,0,668564.5,0.9,0.44931506849315067,2.1917808219178082E-2,1.0254814797087488]
["2017-06-01",649460.08333333337,1.33,0.44931506849315067,2.1917808219178082E-2,1.3866904813229453,641233.5,2.06,0.44931506849315067,2.1917808219178082E-2,1.9736944703493577]
["2017-06-02",684226.41666666663,1.86,0.44931506849315067,2.1917808219178082E-2,1.7035307047671384,677716.5,1.29,0.44931506849315067,2.1917808219178082E-2,1.2993643355033673]
["2017-06-03",555983.58333333337,2.61,0.44931506849315067,2.1917808219178082E-2,2.7709430487208264,559465,1.73,0.44931506849315067,2.1917808219178082E-2,1.9672365563529444]
["2017-06-04",567658.58333333337,2.16,0.44931506849315067,2.1917808219178082E-2,2.3175885522822681,547345.5,2.13,0.44931506849315067,2.1917808219178082E-2,2.3761934863870384]
["2017-06-05",686209.75,2.71,0.44931506849315067,2.1917808219178082E-2,2.3179493158071143,666508.5,2.42,0.44931506849315067,2.1917808219178082E-2,2.1689162020560895]
["2017-06-06",652641.83333333337,2.89,0.44931506849315067,2.1917808219178082E-2,2.5750717851440759,655803,3.97,0.44931506849315067,2.1917808219178082E-2,3.3860778312999487]
["2017-06-07",628254.58333333337,2.13,0.44931506849315067,2.1917808219178082E-2,2.0701785103182622,626231,6.63,0.44931506849315067,2.1917808219178082E-2,5.6697927761480988]
["2017-06-08",693133.41666666663,1.48,0.44931506849315067,2.1917808219178082E-2,1.4075220772925254,673260.5,2.34,0.44931506849315067,2.1917808219178082E-2,2.0877521314202534]
["2017-06-09",631901.33333333337,1.69,0.44931506849315067,2.1917808219178082E-2,1.7100780027251103,641425,2.62,0.44931506849315067,2.1917808219178082E-2,2.4096347975211443]
["2017-06-10",597268.58333333337,2.39,0.44931506849315067,2.1917808219178082E-2,2.3952356475892773,559573,5.08,0.44931506849315067,2.1917808219178082E-2,4.9602107321118067]
["2017-06-11",537897.83333333337,2.2599999999999998,0.44931506849315067,2.1917808219178082E-2,2.5387712912113445,508612,7.99,0.44931506849315067,2.1917808219178082E-2,8.3179319402609462]
["2017-06-12",638653.91666666663,2.87,0.44931506849315067,2.1917808219178082E-2,2.6158138835738916,626715,6.85,0.44931506849315067,2.1917808219178082E-2,5.8409324812713912]
["2017-06-13",672900.91666666663,3.32,0.44931506849315067,2.1917808219178082E-2,2.8170562980289819,677096.5,1.93,0.44931506849315067,2.1917808219178082E-2,1.7731606744095372]
["2017-06-14",651122.5,3.51,0.44931506849315067,2.1917808219178082E-2,3.057184367906475,661157,1.84,0.44931506849315067,2.1917808219178082E-2,1.7478450655441899]
["2017-06-15",643360.75,1.76,0.44931506849315067,2.1917808219178082E-2,1.734018692460376,627813.5,3.1,0.44931506849315067,2.1917808219178082E-2,2.8441544788743163]
["2017-06-16",639936.16666666663,1.75,0.44931506849315067,2.1917808219178082E-2,1.7354860486048604,632515,2.69,0.44931506849315067,2.1917808219178082E-2,2.4989130692552743]
["2017-06-17",545979.16666666663,3.04,0.44931506849315067,2.1917808219178082E-2,3.2155082887803377,560943,3.04,0.44931506849315067,2.1917808219178082E-2,3.1297297586385784]
["2017-06-18",559143.83333333337,3.61,0.44931506849315067,2.1917808219178082E-2,3.6495071037156794,557911.5,3.34,0.44931506849315067,2.1917808219178082E-2,3.4155924231778485]
["2017-06-19",681243.83333333337,3.54,0.44931506849315067,2.1917808219178082E-2,2.9440259290357051,685086.5,3.62,0.44931506849315067,2.1917808219178082E-2,2.9859024998321377]
["2017-06-20",689071.08333333337,2.19,0.44931506849315067,2.1917808219178082E-2,1.9310056583428994,691659.5,1.93,0.44931506849315067,2.1917808219178082E-2,1.7358239597490095]
["2017-06-21",684886.08333333337,2.6,0.44931506849315067,2.1917808219178082E-2,2.2421249667827929,691988.5,3.57,0.44931506849315067,2.1917808219178082E-2,2.9199928322456459]
["2017-06-22",687830.16666666663,2.21,0.44931506849315067,2.1917808219178082E-2,1.9490281028742567,691132.5,2.5499999999999998,0.44931506849315067,2.1917808219178082E-2,2.1856895643668648]
["2017-06-23",640461.08333333337,2.0699999999999998,0.44931506849315067,2.1917808219178082E-2,1.9838834839279831,628576,6.4,0.44931506849315067,2.1917808219178082E-2,5.4656875222725656]
["2017-06-24",559856.66666666663,3.37,0.44931506849315067,2.1917808219178082E-2,3.4305188646386489,552442.5,9.52,0.44931506849315067,2.1917808219178082E-2,9.0427592398840062]
["2017-06-25",525385.41666666663,3.95,0.44931506849315067,2.1917808219178082E-2,4.2075811071880622,542919,7.1,0.44931506849315067,2.1917808219178082E-2,6.9726791657687421]
["2017-06-26",655913.83333333337,4.03,0.44931506849315067,2.1917808219178082E-2,3.4312425104510655,660219.5,1.46,0.44931506849315067,2.1917808219178082E-2,1.4625427887673805]
["2017-06-27",686968.16666666663,2.41,0.44931506849315067,2.1917808219178082E-2,2.0970409102025132,695880.5,2.09,0.44931506849315067,2.1917808219178082E-2,1.8402598149106166]
["2017-06-28",692905.91666666663,3.24,0.44931506849315067,2.1917808219178082E-2,2.6779967268287477,692186.5,2.42,0.44931506849315067,2.1917808219178082E-2,2.0884559930423325]
["2017-06-29",688593.75,2.5099999999999998,0.44931506849315067,2.1917808219178082E-2,2.1647008251596729,689244,6.06,0.44931506849315067,2.1917808219178082E-2,4.7379447626675022]
["2017-06-30",670139.33333333337,3.25,0.44931506849315067,2.1917808219178082E-2,2.7764389178961379,676705.5,2.61,0.44931506849315067,2.1917808219178082E-2,2.2766164331334435]
["2017-07-01",547260.91666666663,4.84,0.44931506849315067,2.1917808219178082E-2,4.852529231938691,556393.5,5.38,0.44931506849315067,2.1917808219178082E-2,5.2581444084587536]
["2017-07-02",539219,5.14,0.44931506849315067,2.1917808219178082E-2,5.2030807519764695,521072.5,4.71,0.44931506849315067,2.1917808219178082E-2,4.9716737802069577]
["2017-07-03",663703.33333333337,3.59,0.44931506849315067,2.1917808219178082E-2,3.0595010117477246,652034,2.41,0.44931506849315067,2.1917808219178082E-2,2.2093939886570335]
["2017-07-04",701051.25,2.48,0.44931506849315067,2.1917808219178082E-2,2.1048397334858664,692363,1.46,0.44931506849315067,2.1917808219178082E-2,1.3946441389848967]
["2017-07-05",674585.66666666663,3.62,0.44931506849315067,2.1917808219178082E-2,3.0323783772565691,677717.5,1.5,0.44931506849315067,2.1917808219178082E-2,1.4542921982299422]
["2017-07-06",680500.83333333337,3.51,0.44931506849315067,2.1917808219178082E-2,2.9251977587101265,692653.5,1.76,0.44931506849315067,2.1917808219178082E-2,1.6106165560294172]
["2017-07-07",670852.16666666663,3.58,0.44931506849315067,2.1917808219178082E-2,3.0194439310011747,677765.5,1.4,0.44931506849315067,2.1917808219178082E-2,1.3804174302045247]
["2017-07-08",588845.66666666663,5.75,0.44931506849315067,2.1917808219178082E-2,5.282535671465884,574014.5,1.29,0.44931506849315067,2.1917808219178082E-2,1.5341089241725812]
["2017-07-09",570766.75,5.79,0.44931506849315067,2.1917808219178082E-2,5.4849001431407212,569405,1.97,0.44931506849315067,2.1917808219178082E-2,2.1436411692907509]
["2017-07-10",686949.41666666663,3.58,0.44931506849315067,2.1917808219178082E-2,2.9486905141429713,685163.5,1.49,0.44931506849315067,2.1917808219178082E-2,1.4311901967995984]
["2017-07-11",718868.66666666663,1.85,{"$f":"internal_BSUoS_cost_per_year/days_per_year","v":0.44931506849315067},{"$f":"forecast_BSIS_profit_per_year/days_per_year","v":2.1917808219178082E-2},1.6144805242679821,715882,1.1399999999999999,{"$f":"internal_BSUoS_cost_per_year/days_per_year","v":0.44931506849315067},{"$f":"forecast_BSIS_profit_per_year/days_per_year","v":2.1917808219178082E-2},1.1253251234141939]
["2017-07-12",666514.66666666663,2.33,0.44931506849315067,2.1917808219178082E-2,2.1013780635094483,665772,1.18,0.44931506849315067,2.1917808219178082E-2,1.2400641661109209]
["2017-07-13",666714.66666666663,3.37,0.44931506849315067,2.1917808219178082E-2,2.880691149891633,660411,1.76,0.44931506849315067,2.1917808219178082E-2,1.6892510875803097]
["2017-07-14",640892.91666666663,3.27,0.44931506849315067,2.1917808219178082E-2,2.9187399456695577,635275,1.49,0.44931506849315067,2.1917808219178082E-2,1.5435834874660579]
["2017-07-15",581941.41666666663,4.8099999999999996,0.44931506849315067,2.1917808219178082E-2,4.5375733966158078,577115,3.4,0.44931506849315067,2.1917808219178082E-2,3.3539242611957754]
["2017-07-16",562063.41666666663,4.28,0.44931506849315067,2.1917808219178082E-2,4.2265724660758668,564068.5,4.97,0.44931506849315067,2.1917808219178082E-2,4.8231773474120141]
["2017-07-17",670541,2.2400000000000002,0.44931506849315067,2.1917808219178082E-2,2.0216511742011303,640564,2.57,0.44931506849315067,2.1917808219178082E-2,2.3738455486102872]
["2017-07-18",661363.41666666663,1.65,0.44931506849315067,2.1917808219178082E-2,1.6036579004268456,660023.5,1.25,0.44931506849315067,2.1917808219178082E-2,1.3038919796855872]
["2017-07-19",671410.5,2.17,0.44931506849315067,2.1917808219178082E-2,1.96690546759804,691055,6.28,0.44931506849315067,2.1917808219178082E-2,4.8847052694792747]
["2017-07-20",666772.66666666663,3.03,0.44931506849315067,2.1917808219178082E-2,2.6254812357428987,661255.5,1.34,0.44931506849315067,2.1917808219178082E-2,1.369514983606954]
["2017-07-21",642530.08333333337,2.97,0.44931506849315067,2.1917808219178082E-2,2.6778516178232925,640936,2.68,0.44931506849315067,2.1917808219178082E-2,2.4582797658424553]
["2017-07-22",577871.75,4.9000000000000004,{"$f":"internal_BSUoS_cost_per_year/days_per_year+black_start_contract_costs_per_day","v":0.57231506849315061},2.1917808219178082E-2,4.7538209153584186,582987.5,2.54,{"$f":"internal_BSUoS_cost_per_year/days_per_year+black_start_contract_costs_per_day","v":0.57231506849315061},2.1917808219178082E-2,2.6880484675499323]
["2017-07-23",561577.33333333337,4.6900000000000004,0.57231506849315061,2.1917808219178082E-2,{"$f":"BSUoS_per_SP(B846,C846,D846,E846)","v":4.7047866988854601},570189,1.89,0.57231506849315061,2.1917808219178082E-2,{"$f":"BSUoS_per_SP(G846,H846,I846,J846)","v":2.1784004952743738}]
["2017-07-24",663393.33333333337,1.98,0.57231506849315061,2.1917808219178082E-2,1.9401772403386832,645008,1.77,0.57231506849315061,2.1917808219178082E-2,1.8326904472502668]
["2017-07-25",663386.91666666663,1.48,0.57231506849315061,2.1917808219178082E-2,1.5633408553378345,666764.5,1.3,0.57231506849315061,2.1917808219178082E-2,1.4204426153781549]
["2017-07-26",676396.25,2.84,0.57231506849315061,2.1917808219178082E-2,2.5386016475555739,653018,2.44,0.57231506849315061,2.1917808219178082E-2,2.3232131426698803]
["2017-07-27",638297,2.73,0.57231506849315061,2.1917808219178082E-2,2.6039602254123082,632803.5,2.5499999999999998,0.57231506849315061,2.1917808219178082E-2,2.4843395427336108]
["2017-07-28",620165.5,2.0499999999999998,0.57231506849315061,2.1917808219178082E-2,2.1318485695765328,622529,3.02,0.57231506849315061,2.1917808219178082E-2,2.9028366549992048]
["2017-07-29",530267.83333333337,3.15,0.57231506849315061,2.1917808219178082E-2,3.5304789276365911,569726,3.96,0.57231506849315061,2.1917808219178082E-2,3.996833565608731]
["2017-07-30",540244.75,3.38,0.57231506849315061,2.1917808219178082E-2,3.6781460263399013,540147,2.82,0.57231506849315061,2.1917808219178082E-2,3.1604359553973267]
["2017-07-31",622140.33333333337,2.06,0.57231506849315061,2.1917808219178082E-2,2.1331211624393225,622320,1.31,0.57231506849315061,2.1917808219178082E-2,1.5299202982388482]
["2017-08-01",641551.83333333337,1.29,0.57231506849315061,2.1917808219178082E-2,1.4684702097413773,636604.5,1.49,0.57231506849315061,2.1917808219178082E-2,1.6369674083103467]
["2017-08-02",672122.41666666663,2.85,0.57231506849315061,2.1917808219178082E-2,2.5621836511823748,660309.5,2.0699999999999998,0.57231506849315061,2.1917808219178082E-2,{"$f":"BSUoS_per_SP(G856,H856,I856,J856)","v":2.0173857733488814}]
["2017-08-03",621683,1.85,0.57231506849315061,2.1917808219178082E-2,1.9657928558445383,619607,2.6,0.57231506849315061,2.1917808219178082E-2,{"$f":"BSUoS_per_SP(G857,H857,I857,J857)","v":2.5776016087616829}]
["2017-08-04",595244.33333333337,2.15,0.57231506849315061,2.1917808219178082E-2,2.3051051333570771,604959,3.28,0.57231506849315061,2.1917808219178082E-2,3.202035179243552]
["2017-08-05",536817.41666666663,2.8,0.57231506849315061,2.1917808219178082E-2,3.1614125484103521,557472.5,2.36,0.57231506849315061,2.1917808219178082E-2,2.6496398025371679]
["2017-08-06",533445.66666666663,2.91,0.57231506849315061,2.1917808219178082E-2,3.2844936507162865,536726.5,2.96,0.57231506849315061,2.1917808219178082E-2,3.3110003987136825]
["2017-08-07",668425.91666666663,1.79,0.57231506849315061,2.1917808219178082E-2,1.7834434926229681,654729.5,2.58,0.57231506849315061,2.1917808219178082E-2,2.4240526629297574]
["2017-08-08",684049.75,1.3,0.57231506849315061,2.1917808219178082E-2,1.3845479131642424,680958.5,1.58,0.57231506849315061,2.1917808219178082E-2,1.5964273861236671]
["2017-08-09",650396.91666666663,2.99,0.57231506849315061,2.1917808219178082E-2,2.7553940131950179,660911.5,1.84,0.57231506849315061,2.1917808219178082E-2,1.841546227031738]
["2017-08-10",636218.66666666663,2.06,0.57231506849315061,2.1917808219178082E-2,2.0859169562682034,643235,1.78,0.57231506849315061,2.1917808219178082E-2,1.8455152471491756]
["2017-08-11",635519.5,2.62,0.57231506849315061,2.1917808219178082E-2,2.5287953172205437,628367,4.93,0.57231506849315061,2.1917808219178082E-2,4.3956795948864276]
["2017-08-12",553707,3.07,0.57231506849315061,2.1917808219178082E-2,3.3087896667371011,572399,3.33,0.57231506849315061,2.1917808219178082E-2,3.4278536475430599]
["2017-08-13",564237.58333333337,3.16,0.57231506849315061,2.1917808219178082E-2,3.3267876321694039,553184,2.39,0.57231506849315061,2.1917808219178082E-2,2.6972942095216061]
["2017-08-14",669774.33333333337,2.06,0.57231506849315061,2.1917808219178082E-2,1.9814146264262273,658738,1.96,0.57231506849315061,2.1917808219178082E-2,1.9387070428607429]
["2017-08-15",661825.08333333337,1.41,0.57231506849315061,2.1917808219178082E-2,1.5141464888754579,645465.5,1.1000000000000001,0.57231506849315061,2.1917808219178082E-2,1.3123851604887014]
["2017-08-16",666305.19444444438,3.16,0.57231506849315061,2.1917808219178082E-2,2.6709999999999998,639257.5,3.86,0.57231506849315061,2.1917808219178082E-2,1.89]
["2017-08-17",644343.16666666663,2.0699999999999998,0.57231506849315061,2.1917808219178082E-2,2.0673771578181186,649010.5,2.71,0.57231506849315061,2.1917808219178082E-2,2.5455694057102356]
["2017-08-18",608816.91666666663,3.48,0.57231506849315061,2.1917808219178082E-2,3.3459972372650566,612458,4.0599999999999996,0.57231506849315061,2.1917808219178082E-2,3.7996074832886495]
["2017-08-19",529639.33333333337,3.05,0.57231506849315061,2.1917808219178082E-2,3.4402678050521205,525813.5,10.1,0.57231506849315061,2.1917808219178082E-2,10.169185301266227]
["2017-08-20",568364.66666666663,2.52,0.57231506849315061,2.1917808219178082E-2,2.7396127488497708,570983,3.76,0.57231506849315061,2.1917808219178082E-2,3.8128981072991666]
["2017-08-21",686301.33333333337,1.9,0.57231506849315061,2.1917808219178082E-2,1.8171327158200266,694659,1.71,0.57231506849315061,2.1917808219178082E-2,1.658511586260309]
["2017-08-22",681449.33333333337,1.37,0.57231506849315061,2.1917808219178082E-2,1.4411936916775872,695277,1.61,0.57231506849315061,2.1917808219178082E-2,1.5851236269860791]
["2017-08-23",682200.41666666663,2.5499999999999998,{"$f":"internal_BSUoS_cost_per_year/days_per_year+black_start_contract_costs_per_day","v":0.57231506849315061},2.1917808219178082E-2,2.3044561712107887,683255,2.19,{"$f":"internal_BSUoS_cost_per_year/days_per_year+black_start_contract_costs_per_day","v":0.57231506849315061},2.1917808219178082E-2,2.0374530738889578]
["2017-08-24",668060.75,2.41,0.57231506849315061,2.1917808219178082E-2,2.2484473723207912,667217,1.28,0.57231506849315061,2.1917808219178082E-2,1.4044905930154659]
["2017-08-25",668425.91666666663,3.82,0.57231506849315061,2.1917808219178082E-2,3.3019361903935511,653384.5,1.04,0.57231506849315061,2.1917808219178082E-2,1.2505662826148176]
["2017-08-26",589823,4.9400000000000004,0.57231506849315061,2.1917808219178082E-2,4.6914074222266686,583384,1.71,0.57231506849315061,2.1917808219178082E-2,1.9748570409884398]
["2017-08-27",547933,2.98,0.57231506849315061,2.1917808219178082E-2,3.2615301505841043,545395,1.6,0.57231506849315061,2.1917808219178082E-2,2.0115695963476012]
["2017-08-28",551573.16666666663,1.89,0.57231506849315061,2.1917808219178082E-2,2.251923136194121,554414.5,5.16,0.57231506849315061,2.1917808219178082E-2,5.1894432680271425]
["2017-08-29",661660.47916666674,1.45,0.57231506849315061,2.1917808219178082E-2,1.5447510806154219,680875,2.58,0.57231506849315061,2.1917808219178082E-2,2.330971176794566]
["2017-08-30",705255.91666666663,2.4900000000000002,0.57231506849315061,2.1917808219178082E-2,2.1865818936669807,695111.5,1.1000000000000001,0.57231506849315061,2.1917808219178082E-2,1.2186525336924123]
["2017-08-31",367232.58333333331,2.09,0.57231506849315061,2.1917808219178082E-2,3.6546279882254589,682802.5,1.55,0.57231506849315061,2.1917808219178082E-2,1.5701477148573086]
["2017-09-01",673060.41666666663,3.33,0.57231506849315061,2.1917808219178082E-2,2.9151932962885927,656564,1.79,0.57231506849315061,2.1917808219178082E-2,1.8156645810614045]
["2017-09-02",584403.5,4.37,0.57231506849315061,2.1917808219178082E-2,4.2472330784868007,580026.5,1.36,0.57231506849315061,2.1917808219178082E-2,1.6845796567740068]
["2017-09-03",570095.66666666663,2.68,0.57231506849315061,2.1917808219178082E-2,2.8716216216216219,579893,6.72,0.57231506849315061,2.1917808219178082E-2,6.3065082696290524]
["2017-09-04",691992.25,2.85,0.57231506849315061,2.1917808219178082E-2,2.488612585116591,702936,2.67,0.57231506849315061,2.1917808219178082E-2,2.3218329975986434]
["2017-09-05",703236.41666666663,1.72,0.57231506849315061,2.1917808219178082E-2,1.6453935805334199,705569.5,1.74,0.57231506849315061,2.1917808219178082E-2,1.6541236163669091]
["2017-09-06",676932.5,2.25,0.57231506849315061,2.1917808219178082E-2,2.1008018530664825,673368,2.09,0.57231506849315061,2.1917808219178082E-2,1.9931152059497925]
["2017-09-07",690445.75,1.83,0.57231506849315061,2.1917808219178082E-2,1.7555319315341098,688670,1.45,0.57231506849315061,2.1917808219178082E-2,1.4841651298880452]
["2017-09-08",668625.25,2.96,0.57231506849315061,2.1917808219178082E-2,2.657842587399514,670776.5,2.27,0.57231506849315061,2.1917808219178082E-2,2.1349899221200519]
["2017-09-09",590879.66666666663,4.13,0.57231506849315061,2.1917808219178082E-2,3.9975968047657728,601399.5,1.57,0.57231506849315061,2.1917808219178082E-2,1.7993016295310942]
["2017-09-10",596060,3.62,0.57231506849315061,2.1917808219178082E-2,3.5350468073683858,578580,4.3,0.57231506849315061,2.1917808219178082E-2,4.2294928964015348]
["2017-09-11",643288.91666666663,2.87,0.57231506849315061,2.1917808219178082E-2,2.6925689697787467,642319.5,4.41,0.57231506849315061,2.1917808219178082E-2,3.8954103873458714]
["2017-09-12",665071.91666666663,1.76,0.57231506849315061,2.1917808219178082E-2,1.769883561479058,665275,3.39,0.57231506849315061,2.1917808219178082E-2,2.9944008116944123]
["2017-09-13",658389.58333333337,2.31,0.57231506849315061,{"$f":"forecast_BSIS_profit_per_year/days_per_year","v":2.1917808219178082E-2},2.205531675754492,663094.5,2.27,0.57231506849315061,{"$f":"forecast_BSIS_profit_per_year/days_per_year","v":2.1917808219178082E-2},2.1597239607054202]
["2017-09-14",682740.33333333337,1.75,0.57231506849315061,2.1917808219178082E-2,1.7167589419105369,681235.5,1.54,0.57231506849315061,2.1917808219178082E-2,1.5664175116993231]
["2017-09-15",679706.83333333337,2.29,0.57231506849315061,2.1917808219178082E-2,2.1216494754357393,696399,1.84,0.57231506849315061,2.1917808219178082E-2,1.7477049794729747]
["2017-09-16",619932.83333333337,3.69,0.57231506849315061,2.1917808219178082E-2,3.455373403254868,639657,2.0499999999999998,0.57231506849315061,2.1917808219178082E-2,2.0668889733091329]
["2017-09-17",607850,4.0999999999999996,0.57231506849315061,2.1917808219178082E-2,3.8613144690301882,628127,1.78,0.57231506849315061,2.1917808219178082E-2,1.8899044301550483]
["2017-09-18",718586.08333333337,3.49,0.57231506849315061,2.1917808219178082E-2,2.8418310404043496,728686,1.26,0.57231506849315061,2.1917808219178082E-2,1.272290122219996]
["2017-09-19",720093.75,2.33,0.57231506849315061,2.1917808219178082E-2,2.0304293606112536,727048,0.55000000000000004,0.57231506849315061,2.1917808219178082E-2,0.78688064611965103]
["2017-09-20",709826.25,1.91,0.57231506849315061,2.1917808219178082E-2,1.7639534195704298,722552,1.54,0.57231506849315061,2.1917808219178082E-2,1.4768487250744584]
["2017-09-21",730044.08333333337,1.46,0.57231506849315061,2.1917808219178082E-2,1.406901501827287,727844.5,1.56,0.57231506849315061,2.1917808219178082E-2,1.4798500777639165]
["2017-09-22",682522.91666666663,1.74,0.57231506849315061,2.1917808219178082E-2,1.7099790043705487,691478,1.1100000000000001,0.57231506849315061,2.1917808219178082E-2,1.2322879397464563]
["2017-09-23",610350.91666666663,1.67,0.57231506849315061,2.1917808219178082E-2,1.8548343494153363,617078,1.68,0.57231506849315061,2.1917808219178082E-2,1.8427168040344981]
["2017-09-24",603454.33333333337,3.6,{"$f":"internal_BSUoS_cost_per_year/days_per_year+black_start_contract_costs_per_day","v":0.57231506849315061},2.1917808219178082E-2,3.4751613213268948,612340,2.92,{"$f":"internal_BSUoS_cost_per_year/days_per_year+black_start_contract_costs_per_day","v":0.57231506849315061},2.1917808219178082E-2,2.8694842734428585]
["2017-09-25",727545.75,3.38,0.57231506849315061,2.1917808219178082E-2,{"$f":"BSUoS_per_SP(B910,C910,D910,E910)","v":2.7312362379835777},691313.83333333337,1.55,0.57231506849315061,2.1917808219178082E-2,{"$f":"BSUoS_per_SP(G910,H910,I910,J910)","v":1.5508148251011842}]
["2017-09-26",728652,2.0699999999999998,0.57231506849315061,2.1917808219178082E-2,1.8281703748840323,736236,1.05,0.57231506849315061,2.1917808219178082E-2,1.1166256472109488]
["2017-09-27",705923.58333333337,1.75,0.57231506849315061,2.1917808219178082E-2,1.6603770377547724,715436,4.26,0.57231506849315061,2.1917808219178082E-2,3.3924767554330506]
["2017-09-28",717234.83333333337,1.53,0.57231506849315061,2.1917808219178082E-2,1.4808256708052452,713390,1.52,0.57231506849315061,2.1917808219178082E-2,1.4817981749113389]
["2017-09-29",702821.58333333337,1.75,0.57231506849315061,2.1917808219178082E-2,1.6677053364863366,703694,3.23,0.57231506849315061,2.1917808219178082E-2,2.7172322060441045]
["2017-09-30",629552.5,1.67,0.57231506849315061,2.1917808219178082E-2,1.7982628917071186,646845.5,1.83,0.57231506849315061,2.1917808219178082E-2,1.8738617847215566]
["2017-10-01",619407.5,3.93,0.57231506849315061,2.1917808219178082E-2,3.6520354919536073,607618.5,4.92,0.57231506849315061,2.1917808219178082E-2,4.5375548453139967]
["2017-10-02",673161.91666666663,2.4700000000000002,0.57231506849315061,2.1917808219178082E-2,2.2759751738808789,660719,7.77,0.57231506849315061,2.1917808219178082E-2,6.3296197021729359]
["2017-10-03",683908.33333333337,1.68,0.57231506849315061,2.1917808219178082E-2,1.6626505319428928,693086.5,5.03,0.57231506849315061,2.1917808219178082E-2,4.0573608469944569]
["2017-10-04",701997.91666666663,2.54,0.57231506849315061,2.1917808219178082E-2,2.2323425422864451,718104,6,0.57231506849315061,2.1917808219178082E-2,4.5913962323006139]
["2017-10-05",694724.58333333337,1.52,0.57231506849315061,2.1917808219178082E-2,1.5216092698549786,685017.5,2.83,0.57231506849315061,2.1917808219178082E-2,2.4993503820337568]
["2017-10-06",709351.91666666663,2.11,0.57231506849315061,2.1917808219178082E-2,1.906105854357216,717956.5,2.39,0.57231506849315061,2.1917808219178082E-2,2.0782610633520719]
["2017-10-07",649596.66666666663,1.78,0.57231506849315061,2.1917808219178082E-2,1.8274407055451303,636265,3.41,0.57231506849315061,2.1917808219178082E-2,3.1466448728124288]
["2017-10-08",637582.16666666663,3.48,0.57231506849315061,2.1917808219178082E-2,3.1950400105398207,653146,1.93,0.57231506849315061,2.1917808219178082E-2,1.9323397831419009]
["2017-10-09",744303.75,3.75,0.57231506849315061,2.1917808219178082E-2,2.918296824953245,749964.5,2.0099999999999998,0.57231506849315061,2.1917808219178082E-2,1.7362166717335765]
["2017-10-10",724777.75,2.5,0.57231506849315061,2.1917808219178082E-2,2.134584659026626,714024.5,2.5299999999999998,0.57231506849315061,2.1917808219178082E-2,2.1877415885180329]
["2017-10-11",728349.83333333337,3.52,0.57231506849315061,2.1917808219178082E-2,2.8243289627239649,707011,3.67,0.57231506849315061,2.1917808219178082E-2,3.0156532218027725]
["2017-10-12",715044.08333333337,1.86,0.57231506849315061,2.1917808219178082E-2,1.7161181689518408,707965.5,4,0.57231506849315061,2.1917808219178082E-2,3.2446473418215001]
["2017-10-13",717981.25,2.14,0.57231506849315061,2.1917808219178082E-2,1.9040893839809132,688669,7.29,0.57231506849315061,2.1917808219178082E-2,5.7242303632078695]
["2017-10-14",641440.16666666663,2.2400000000000002,0.57231506849315061,2.1917808219178082E-2,2.2092479421302071,633517,3.13,0.57231506849315061,2.1917808219178082E-2,2.9393054961429605]
["2017-10-15",619760.33333333337,2.89,0.57231506849315061,2.1917808219178082E-2,2.810926810378211,608783.5,5.97,0.57231506849315061,2.1917808219178082E-2,5.39123892874977]
["2017-10-16",695843.66666666663,3.15,0.57231506849315061,2.1917808219178082E-2,2.6904018716838833,708392.5,3.52,0.57231506849315061,2.1917808219178082E-2,2.9039006651684378]
["2017-10-17",719237.08333333337,2.29,0.57231506849315061,2.1917808219178082E-2,2.0050414536515779,716163,3.53,0.57231506849315061,2.1917808219178082E-2,2.8793724333706154]
["2017-10-18",761466.66666666663,3.86,0.57231506849315061,2.1917808219178082E-2,2.9247492012129217,786099,1.93,0.57231506849315061,2.1917808219178082E-2,1.6055229684810692]
["2017-10-19",754846.08333333337,2.48,0.57231506849315061,2.1917808219178082E-2,2.0363093929092821,773340,1.72,0.57231506849315061,2.1917808219178082E-2,1.4962371014042983]
["2017-10-20",731663.66666666663,3.5,0.57231506849315061,2.1917808219178082E-2,2.79786896717619,732780.5,1.3,0.57231506849315061,2.1917808219178082E-2,1.2924752313108983]
["2017-10-21",614043.25,2.5099999999999998,0.57231506849315061,2.1917808219178082E-2,2.5276731434117803,617734.5,4.22,0.57231506849315061,2.1917808219178082E-2,3.8966610223818017]
["2017-10-22",618846.91666666663,3.94,0.57231506849315061,2.1917808219178082E-2,3.6634256932650557,608012,2.86,0.57231506849315061,2.1917808219178082E-2,2.8405689361394182]
["2017-10-23",749909,3.71,0.57231506849315061,2.1917808219178082E-2,2.8698148708709992,767400,1.78,0.57231506849315061,2.1917808219178082E-2,1.5469116497263486]
["2017-10-24",753990.58333333337,3.04,0.57231506849315061,2.1917808219178082E-2,2.409975715890508,742022,1.9,0.57231506849315061,2.1917808219178082E-2,1.6806779313820883]
["2017-10-25",743383.83333333337,3.96,0.57231506849315061,2.1917808219178082E-2,3.0631544396973838,719140.5,2.97,0.57231506849315061,2.1917808219178082E-2,2.4780988402814472]
["2017-10-26",780745.41666666663,2.52,{"$f":"internal_BSUoS_cost_per_year/days_per_year+black_start_contract_costs_per_day","v":0.57231506849315061},2.1917808219178082E-2,1.9943771653997144,773216,3.11,{"$f":"internal_BSUoS_cost_per_year/days_per_year+black_start_contract_costs_per_day","v":0.57231506849315061},2.1917808219178082E-2,2.3953203244630221]
["2017-10-27",734332.75,3.55,0.57231506849315061,2.1917808219178082E-2,2.8217443584858639,730000.5,1.37,0.57231506849315061,2.1917808219178082E-2,1.3453424657534248]
["2017-10-28",644732.91666666663,3.15,0.57231506849315061,2.1917808219178082E-2,2.9036826097004496,625003,8.1,0.57231506849315061,2.1917808219178082E-2,6.9553266144322503]
["2017-10-29",659990,3.92,0.57231506849315061,2.1917808219178082E-2,3.41990030151972,646176,4.6900000000000004,0.57231506849315061,2.1917808219178082E-2,4.0888240974595158]
["2017-10-30",804163,3.77,0.57231506849315061,2.1917808219178082E-2,2.7135046004354839,801230.5,1.51,0.57231506849315061,2.1917808219178082E-2,1.3131060993722152]
["2017-10-31",797566.08333333337,3.25,0.57231506849315061,2.1917808219178082E-2,2.4099572950702512,788957.5,2.06,0.57231506849315061,2.1917808219178082E-2,1.6820920758772964]
["2017-11-01",791078.08333333337,3.64,0.57231506849315061,2.1917808219178082E-2,2.6762215609585907,782795.5,2.4700000000000002,0.57231506849315061,2.1917808219178082E-2,1.9572149065656954]
["2017-11-02",811455.83333333337,2.92,0.57231506849315061,2.1917808219178082E-2,2.1653669453426927,823504,1.81,0.57231506849315061,2.1917808219178082E-2,1.4597379004837865]
["2017-11-03",802338.08333333337,3.09,0.57231506849315061,2.1917808219178082E-2,2.2959151878634692,801219.5,0.92,0.57231506849315061,2.1917808219178082E-2,0.94493397568707727]
["2017-11-04",705749.91666666663,4.72,0.57231506849315061,2.1917808219178082E-2,3.7649309245483527,705583.5,1.5,0.57231506849315061,2.1917808219178082E-2,1.4840189119934692]
["2017-11-05",701863,3.86,0.57231506849315061,2.1917808219178082E-2,3.1731263793646338,691822,1.84,0.57231506849315061,2.1917808219178082E-2,1.759267557261839]
["2017-11-06",815498.33333333337,2.21,0.57231506849315061,2.1917808219178082E-2,1.7193175213182619,815526.5,3,0.57231506849315061,2.1917808219178082E-2,2.2036084686447763]
["2017-11-07",846471.25,2.5,0.57231506849315061,2.1917808219178082E-2,1.827705851706674,829504,2.8,0.57231506849315061,2.1917808219178082E-2,2.045921418100455]
["2017-11-08",839956.16666666663,2.76,0.57231506849315061,2.1917808219178082E-2,1.9966522055917213,839760.5,2.69,0.57231506849315061,2.1917808219178082E-2,1.9554396494236448]
["2017-11-09",824648.33333333337,2.66,0.57231506849315061,2.1917808219178082E-2,1.973084273532465,821074.5,5.95,0.57231506849315061,2.1917808219178082E-2,3.9851462840133776]
["2017-11-10",783274.33333333337,2.72,0.57231506849315061,2.1917808219178082E-2,2.1156070544917873,769636.5,5.04,0.57231506849315061,2.1917808219178082E-2,3.6603017530365003]
["2017-11-11",733230.41666666663,4.24,0.57231506849315061,2.1917808219178082E-2,3.2965099627674812,762755.5,2.06,0.57231506849315061,2.1917808219178082E-2,1.7398748747961341]
["2017-11-12",715339.75,3.84,0.57231506849315061,2.1917808219178082E-2,3.0993653367629377,701455,2.73,0.57231506849315061,2.1917808219178082E-2,2.3695033893834956]
["2017-11-13",862409.16666666663,2.4500000000000002,0.57231506849315061,2.1917808219178082E-2,1.7649398371306424,876344,1.72,0.57231506849315061,2.1917808219178082E-2,1.3203719087481629]
["2017-11-14",870987.41666666663,2.57,0.57231506849315061,2.1917808219178082E-2,1.8164450215674861,869610.5,1.3,0.57231506849315061,2.1917808219178082E-2,1.0891089108910892]
["2017-11-15",857724.25,2.5099999999999998,0.57231506849315061,2.1917808219178082E-2,1.8095564540574822,865457,2.13,0.57231506849315061,2.1917808219178082E-2,1.5738505783649563]
["2017-11-16",832000.16666666663,3.15,0.57231506849315061,{"$f":"forecast_BSIS_profit_per_year/days_per_year","v":2.1917808219178082E-2},2.2501201923076923,815690.5,3.84,0.57231506849315061,{"$f":"forecast_BSIS_profit_per_year/days_per_year","v":2.1917808219178082E-2},2.7180669126751584]
["2017-11-17",829532.5,2.16,0.57231506849315061,2.1917808219178082E-2,1.6600926787634473,828148,4.1500000000000004,0.57231506849315061,2.1917808219178082E-2,2.8643430884334689]
["2017-11-18",768075.83333333337,3.97,0.57231506849315061,2.1917808219178082E-2,2.9711903509548536,754397.5,4.83,0.57231506849315061,2.1917808219178082E-2,3.5950519487061205]
["2017-11-19",766337.25,3.03,0.57231506849315061,2.1917808219178082E-2,2.3646254846105563,770864.5,1.43,0.57231506849315061,2.1917808219178082E-2,1.3129423607795927]
["2017-11-20",856646,2,0.57231506849315061,2.1917808219178082E-2,1.5141610420173561,844530.5,1.33,0.57231506849315061,2.1917808219178082E-2,1.1392135270505488]
["2017-11-21",827914,2.0099999999999998,0.57231506849315061,2.1917808219178082E-2,1.5727478941049431,818294.5,2.11,0.57231506849315061,2.1917808219178082E-2,1.6523401124779113]
["2017-11-22",800582,2.56,0.57231506849315061,2.1917808219178082E-2,1.9699418672915454,792823,3.14,0.57231506849315061,2.1917808219178082E-2,2.3550023145140844]
["2017-11-23",788458.58333333337,3.68,0.57231506849315061,2.1917808219178082E-2,2.7104770190967447,801934.5,2.58,0.57231506849315061,2.1917808219178082E-2,1.9790905485987627]
["2017-11-24",838601.83333333337,2.87,0.57231506849315061,2.1917808219178082E-2,2.0654613273042517,853782.5,1.52,0.57231506849315061,2.1917808219178082E-2,1.2381380727164546]
["2017-11-25",769133.16666666663,4.12,0.57231506849315061,2.1917808219178082E-2,3.0646195131401202,775323,3.16,0.57231506849315061,2.1917808219178082E-2,2.4210554826827013]
["2017-11-26",764195.5,2.67,0.57231506849315061,2.1917808219178082E-2,2.1357086401917833,763754.5,2.82,0.57231506849315061,2.1917808219178082E-2,2.2351437766610713]
["2017-11-27",857735.25,1.89,{"$f":"internal_BSUoS_cost_per_year/days_per_year+black_start_contract_costs_per_day","v":0.57231506849315061},2.1917808219178082E-2,1.448116259683935,847132.5,2.0499999999999998,{"$f":"internal_BSUoS_cost_per_year/days_per_year+black_start_contract_costs_per_day","v":0.57231506849315061},2.1917808219178082E-2,1.560677674789761]
["2017-11-28",869116.16666666663,2.0699999999999998,0.57231506849315061,2.1917808219178082E-2,{"$f":"BSUoS_per_SP(B974,C974,D974,E974)","v":1.5327067963309846},878831,3,0.57231506849315061,2.1917808219178082E-2,{"$f":"BSUoS_per_SP(G974,H974,I974,J974)","v":2.0448755221424824}]
["2017-11-29",892406.58333333337,2.61,0.57231506849315061,2.1917808219178082E-2,1.7952570968179318,895142.5,3.13,0.57231506849315061,2.1917808219178082E-2,2.0802286117733275]
["2017-11-30",901036.58333333337,3.54,0.57231506849315061,2.1917808219178082E-2,2.2941344251123983,901188.5,2.79,0.57231506849315061,2.1917808219178082E-2,1.8776326360315494]
["2017-12-01",908582.75,2.91,0.57231506849315061,2.1917808219178082E-2,1.9283873900348125,911028.5,1.95,0.57231506849315061,2.1917808219178082E-2,1.3963346900424576]
["2017-12-02",822573.83333333337,2.89,0.57231506849315061,2.1917808219178082E-2,2.1178641678438659,834159.5,1.52,0.57231506849315061,2.1917808219178082E-2,1.2672628752277741]
["2017-12-03",788076.58333333337,2.2000000000000002,0.57231506849315061,2.1917808219178082E-2,1.7727963130506283,789995,2.5299999999999998,0.57231506849315061,2.1917808219178082E-2,1.9773542870524496]
["2017-12-04",888019.83333333337,2.02,0.57231506849315061,2.1917808219178082E-2,1.4719263079660367,883937.5,1.3,0.57231506849315061,2.1917808219178082E-2,1.0714552378107967]
["2017-12-05",882400,2.2999999999999998,0.57231506849315061,2.1917808219178082E-2,1.639959202175884,872727.5,3.98,0.57231506849315061,2.1917808219178082E-2,2.6206332328056394]
["2017-12-06",846243.5,2.77,0.57231506849315061,2.1917808219178082E-2,1.9877245806174106,831991.5,7.57,0.57231506849315061,2.1917808219178082E-2,4.9064173693977828]
["2017-12-07",823907.41666666663,3.79,0.57231506849315061,2.1917808219178082E-2,2.6606158219313589,819246.5,6.65,0.57231506849315061,2.1917808219178082E-2,4.4212605249216965]
["2017-12-08",867350.25,3.17,0.57231506849315061,2.1917808219178082E-2,2.1699429296131898,866755,2.97,0.57231506849315061,2.1917808219178082E-2,2.0560596708412415]
["2017-12-09",830630.25,2.89,0.57231506849315061,2.1917808219178082E-2,2.0973237181416517,863252.5,2.62,0.57231506849315061,2.1917808219178082E-2,1.8616811776862376]
["2017-12-10",864713.25,2.38,0.57231506849315061,2.1917808219178082E-2,1.7197613543453145,870020.5,2.34,0.57231506849315061,2.1917808219178082E-2,1.6862830739523229]
["2017-12-11",983481.75,1.6,0.57231506849315061,2.1917808219178082E-2,1.1155262628090805,964279.5,2.2000000000000002,0.57231506849315061,2.1917808219178082E-2,1.4488530302401794]
["2017-12-12",988270.5,2.6,0.57231506849315061,2.1917808219178082E-2,1.6160563408785049,976813,3.01,0.57231506849315061,2.1917808219178082E-2,1.8448771668681723]
["2017-12-13",948619.33333333337,3.99,0.57231506849315061,2.1917808219178082E-2,2.4162493055694649,931445,2.85,0.57231506849315061,2.1917808219178082E-2,1.8488477580533473]
["2017-12-14",930789.91666666663,3.96,0.57231506849315061,2.1917808219178082E-2,2.4464164849214107,929051.5,1.59,0.57231506849315061,2.1917808219178082E-2,1.1754993261948741]
["2017-12-15",908784.75,2.65,0.57231506849315061,2.1917808219178082E-2,1.7849106224244458,909457.5,1.59,0.57231506849315061,2.1917808219178082E-2,1.2008251068218654]
["2017-12-16",842101.75,3.03,0.57231506849315061,2.1917808219178082E-2,2.151877088523718,870077.5,2.15,0.57231506849315061,2.1917808219178082E-2,1.5769850519148858]
["2017-12-17",799847,2.2799999999999998,0.57231506849315061,2.1917808219178082E-2,1.7967186224365408,836894,2.35,0.57231506849315061,2.1917808219178082E-2,1.7590041271654475]
["2017-12-18",927993.83333333337,1.72,0.57231506849315061,2.1917808219178082E-2,1.2468830617439337,925628,1.95,0.57231506849315061,2.1917808219178082E-2,1.3743101980493244]
["2017-12-19",925720.5,3.03,0.57231506849315061,2.1917808219178082E-2,1.9575033487447608,927828.5,2.09,0.57231506849315061,2.1917808219178082E-2,1.4464965489293273]
["2017-12-20",894326.16666666663,4.17,0.57231506849315061,2.1917808219178082E-2,2.6635701075446763,891469,2.29,0.57231506849315061,2.1917808219178082E-2,1.6176670192681968]
["2017-12-21",881081.41666666663,3.4,0.57231506849315061,2.1917808219178082E-2,2.2666474478509921,875414.5,1.27,0.57231506849315061,2.1917808219178082E-2,1.0647533624091001]
["2017-12-22",809399.83333333337,2.0099999999999998,0.57231506849315061,2.1917808219178082E-2,1.6087225105016061,816786,1.21,0.57231506849315061,2.1917808219178082E-2,1.1044508598335427]
["2017-12-23",735210.91666666663,2.36,0.57231506849315061,2.1917808219178082E-2,2.0090831067543875,708862,6.32,0.57231506849315061,2.1917808219178082E-2,4.8769718224421679]
["2017-12-24",688183.75,2.5099999999999998,0.57231506849315061,2.1917808219178082E-2,2.255356125687316,666062.5,4.6399999999999997,0.57231506849315061,2.1917808219178082E-2,3.9292137969138006]
["2017-12-25",661138.25,1.87,0.57231506849315061,2.1917808219178082E-2,1.863604875230285,633327.5,2.86,0.57231506849315061,2.1917808219178082E-2,2.7270229644039108]
["2017-12-26",661138.25,3.02,0.57231506849315061,2.1917808219178082E-2,2.73331740120822,668495,2.88,0.57231506849315061,2.1917808219178082E-2,2.5985235491664112]
["2017-12-27",759969.83333333337,3.96,0.57231506849315061,2.1917808219178082E-2,2.9963024856244327,766971,2.72,0.57231506849315061,2.1917808219178082E-2,2.1605771274272429]
["2017-12-28",806502.58333333337,3.07,0.57231506849315061,2.1917808219178082E-2,2.2716592498725978,804930,1.87,0.57231506849315061,2.1917808219178082E-2,1.5306921098729083]
["2017-12-29",821354.41666666663,1.93,0.57231506849315061,2.1917808219178082E-2,1.5366090625966391,809625.5,2.2799999999999998,0.57231506849315061,2.1917808219178082E-2,1.7750171066640645]
["2017-12-30",744521.58333333337,3.15,0.57231506849315061,2.1917808219178082E-2,2.5144992357512606,731995,3.06,0.57231506849315061,2.1917808219178082E-2,2.4960553009241866]
["2017-12-31",700036.66666666663,2.96,0.57231506849315061,2.1917808219178082E-2,2.5385801036230942,673963.5,4.24,0.57231506849315061,2.1917808219178082E-2,3.5863933385165976]
["2018-01-01",700037.66666666698,2.08,0.57231506849315061,2.1917808219178082E-2,{"$f":"BSUoS_per_SP(B1008,C1008,D1008,E1008)","v":1.910039169302238},697729,4.1100000000000003,0.57231506849315061,2.1917808219178082E-2,{"$f":"BSUoS_per_SP(G1008,H1008,I1008,J1008)","v":3.371079602539095}]
["2018-01-02",855889,2.99,0.57231506849315061,2.1917808219178082E-2,2.0938462814687422,836718.5,2,0.57231506849315061,2.1917808219178082E-2,1.550223611778401]
["2018-01-03",848291.83333333337,3.86,0.57231506849315061,2.1917808219178082E-2,2.6253931429271997,827992,2.06,0.57231506849315061,2.1917808219178082E-2,1.6027932637030311]
["2018-01-04",869502.25,2.84,0.57231506849315061,2.1917808219178082E-2,1.974808568582936,873939,1.1499999999999999,0.57231506849315061,2.1917808219178082E-2,0.99789573414162769]
["2018-01-05",882554.58333333337,2.0099999999999998,0.57231506849315061,2.1917808219178082E-2,1.4753754723501651,886722,1.41,0.57231506849315061,2.1917808219178082E-2,1.1301174437986201]
["2018-01-06",806405,3.54,0.57231506849315061,2.1917808219178082E-2,2.5633521617549495,807173.5,2.0499999999999998,0.57231506849315061,2.1917808219178082E-2,1.6379368017304818]
["2018-01-07",833319.41666666663,3.39,0.57231506849315061,2.1917808219178082E-2,2.3905611176512238,801115,1.68,0.57231506849315061,2.1917808219178082E-2,1.4193967158273157]
["2018-01-08",924162.41666666663,2.78,0.57231506849315061,2.1917808219178082E-2,1.8255457376520565,930488.5,2.0299999999999998,0.57231506849315061,2.1917808219178082E-2,1.4101202809708453]
["2018-01-09",939264.5,2.5,0.57231506849315061,2.1917808219178082E-2,1.6471407399836469,940564,2.0299999999999998,0.57231506849315061,2.1917808219178082E-2,1.3950140553965493]
["2018-01-10",931830.41666666663,2.48,0.57231506849315061,2.1917808219178082E-2,1.6495498105877682,921482.5,0.74,0.57231506849315061,2.1917808219178082E-2,0.72394251868186243]
["2018-01-11",943472.16666666663,1.47,0.57231506849315061,2.1917808219178082E-2,1.0939381348890058,934085,1.37,0.57231506849315061,2.1917808219178082E-2,1.0514032448867074]
["2018-01-12",904405.25,1.63,0.57231506849315061,2.1917808219178082E-2,1.229648221759057,906038,0.84,0.57231506849315061,2.1917808219178082E-2,0.79146790752705731]
["2018-01-13",806543.16666666663,3.4,0.57231506849315061,2.1917808219178082E-2,2.4761234056956667,806210.5,1.37,0.57231506849315061,2.1917808219178082E-2,1.2181689634214412]
["2018-01-14",798668,3.23,0.57231506849315061,2.1917808219178082E-2,2.3941111951399079,789236.5,2.74,0.57231506849315061,2.1917808219178082E-2,2.1122959418982408]
["2018-01-15",868120.5,2.74,0.57231506849315061,2.1917808219178082E-2,1.9203566327235868,849970.5,3.39,0.57231506849315061,2.1917808219178082E-2,2.343729778698072]
["2018-01-16",875246.83333333337,2.25,0.57231506849315061,2.1917808219178082E-2,1.6247984854561055,869036,2.75,0.57231506849315061,2.1917808219178082E-2,1.9240859987388326]
["2018-01-17",880038.91666666663,1.95,0.57231506849315061,2.1917808219178082E-2,1.4455041197037859,884083,2.27,0.57231506849315061,2.1917808219178082E-2,1.6198705325178744]
["2018-01-18",896149.83333333337,1.41,0.57231506849315061,2.1917808219178082E-2,1.1182279752273614,895494,2.1,0.57231506849315061,2.1917808219178082E-2,1.5043093532731655]
["2018-01-19",892407.08333333337,1.44,0.57231506849315061,{"$f":"forecast_BSIS_profit_per_year/days_per_year","v":2.1917808219178082E-2},1.1397266045649574,889145.5,1.65,0.57231506849315061,{"$f":"forecast_BSIS_profit_per_year/days_per_year","v":2.1917808219178082E-2},1.2619974672326029]
["2018-01-20",864297.33333333337,3.2,0.57231506849315061,2.1917808219178082E-2,2.194963074035893,864116,1.89,0.57231506849315061,2.1917808219178082E-2,1.4374227534266233]
["2018-01-21",832171.75,3.33,0.57231506849315061,2.1917808219178082E-2,2.3578058382161382,838412,1.86,0.57231506849315061,2.1917808219178082E-2,1.4636002347294648]
["2018-01-22",885980.66666666663,3.1,0.57231506849315061,2.1917808219178082E-2,2.0848076877495116,866733.5,1.08,0.57231506849315061,2.1917808219178082E-2,0.96580957940959977]
["2018-01-23",856872.75,2.42,0.57231506849315061,2.1917808219178082E-2,1.7588370738720907,829734,3.29,0.57231506849315061,2.1917808219178082E-2,2.3406296475738007]
["2018-01-24",831946.75,1.95,0.57231506849315061,2.1917808219178082E-2,1.5290637504552573,823063.5,5.7,0.57231506849315061,2.1917808219178082E-2,3.8236394739655726]
["2018-01-25",842956.25,1.62,0.57231506849315061,2.1917808219178082E-2,1.3133544336833713,859809,2.29,0.57231506849315061,2.1917808219178082E-2,1.6772329668565926]
["2018-01-26",873239.66666666663,1.55,0.57231506849315061,2.1917808219178082E-2,1.2277266272731437,891149,0.8,0.57231506849315061,2.1917808219178082E-2,0.78224853531788741]
["2018-01-27",788397.83333333337,2.09,0.57231506849315061,2.1917808219178082E-2,1.7023127912551781,757227.5,5.69,0.57231506849315061,2.1917808219178082E-2,4.1494767758191724]
["2018-01-28",739798.25,2.63,0.57231506849315061,2.1917808219178082E-2,2.1791083511985705,707739,4.5599999999999996,0.57231506849315061,2.1917808219178082E-2,3.6413141002544722]
["2018-01-29",825434.91666666663,2.65,0.57231506849315061,2.1917808219178082E-2,1.9651456504752038,819316,3.74,0.57231506849315061,2.1917808219178082E-2,2.6450112044681173]
["2018-01-30",858825.08333333337,2.52,{"$f":"internal_BSUoS_cost_per_year/days_per_year+black_start_contract_costs_per_day","v":0.57231506849315061},2.1917808219178082E-2,1.8130585392833232,862656,3.02,{"$f":"internal_BSUoS_cost_per_year/days_per_year+black_start_contract_costs_per_day","v":0.57231506849315061},2.1917808219178082E-2,2.0948095185102753]
["2018-01-31",845807.83333333337,2.69,0.57231506849315061,2.1917808219178082E-2,1.9414571628549269,836442,3.93,0.57231506849315061,2.1917808219178082E-2,2.7044313891459302]
["2018-02-01",842281.91666666663,1.73,0.57231506849315061,2.1917808219178082E-2,1.3797041845842604,846678.5,3.97,0.57231506849315061,2.1917808219178082E-2,2.6953576211971968]
["2018-02-02",869063.58333333337,1.18,0.57231506849315061,2.1917808219178082E-2,1.0207533622379941,874006,1.99,0.57231506849315061,2.1917808219178082E-2,1.4783651370814388]
["2018-02-03",830605,2.75,0.57231506849315061,2.1917808219178082E-2,2.0131109251690034,839313.5,1.1200000000000001,0.57231506849315061,2.1917808219178082E-2,1.021191115601551]
["2018-02-04",808703.91666666663,2.71,0.57231506849315061,2.1917808219178082E-2,2.0428982668566,806230,1.34,0.57231506849315061,2.1917808219178082E-2,1.1995336318420302]
["2018-02-05",921132.5,2.56,0.57231506849315061,2.1917808219178082E-2,1.7121324630997512,933252.5,1,0.57231506849315061,2.1917808219178082E-2,0.854110143883967]
["2018-02-06",937287.75,2.77,0.57231506849315061,2.1917808219178082E-2,1.7946458292435197,945165.5,1.22,0.57231506849315061,2.1917808219178082E-2,0.95972559317622508]
["2018-02-07",940674.33333333337,3.16,0.57231506849315061,2.1917808219178082E-2,1.9954840890680512,928238,1.4,0.57231506849315061,2.1917808219178082E-2,1.0741857153014636]
["2018-02-08",938419,2.4300000000000002,0.57231506849315061,2.1917808219178082E-2,1.6113271363857724,905587,1.34,0.57231506849315061,2.1917808219178082E-2,1.0679261075965092]
["2018-02-09",873991.58333333337,1.32,0.57231506849315061,2.1917808219178082E-2,1.0950901152413295,875114,1.62,0.57231506849315061,2.1917808219178082E-2,1.2650923194006725]
["2018-02-10",802780.58333333337,2.52,0.57231506849315061,2.1917808219178082E-2,1.9396323530327699,801987,3.03,0.57231506849315061,2.1917808219178082E-2,2.2595129347483187]
["2018-02-11",784809.08333333337,2.63,0.57231506849315061,2.1917808219178082E-2,2.0541303680258509,734152.5,1.6,0.57231506849315061,2.1917808219178082E-2,1.4943771861957742]
["2018-02-12",861913.66666666663,2.2999999999999998,0.57231506849315061,2.1917808219178082E-2,1.6789378058599813,868262,1.47,0.57231506849315061,2.1917808219178082E-2,1.1886964994437164]
["2018-02-13",898724.41666666663,2.57,0.57231506849315061,2.1917808219178082E-2,1.7603847232298235,895217.5,2.98,0.57231506849315061,2.1917808219178082E-2,1.9962735333739938]
["2018-02-14",899325.58333333337,3.32,0.57231506849315061,2.1917808219178082E-2,2.1761852765293117,900604.5,3.1,0.57231506849315061,2.1917808219178082E-2,2.0509569133603671]
["2018-02-15",849363.25,2.42,0.57231506849315061,2.1917808219178082E-2,1.7743885711998286,829361.5,2.2799999999999998,0.57231506849315061,2.1917808219178082E-2,1.73277772552878]
["2018-02-16",848814.58333333337,1.52,0.57231506849315061,2.1917808219178082E-2,1.2453832696170544,843070.5,1.65,0.57231506849315061,2.1917808219178082E-2,1.3309689586867046]
["2018-02-17",787175,2.93,0.57231506849315061,2.1917808219178082E-2,2.2385111315781119,777370,1.2,0.57231506849315061,2.1917808219178082E-2,1.1540193215585886]
["2018-02-18",784796.41666666663,2.34,0.57231506849315061,2.1917808219178082E-2,1.8694030040927834,786611,0.81,0.57231506849315061,2.1917808219178082E-2,0.89256316018972537]
["2018-02-19",898518.5,1.82,0.57231506849315061,2.1917808219178082E-2,1.3434344108854803,882471,1.17,0.57231506849315061,2.1917808219178082E-2,0.99957958958424697]
["2018-02-20",841328,2.63,0.57231506849315061,2.1917808219178082E-2,1.916137344769222,830566,0.75,0.57231506849315061,2.1917808219178082E-2,0.80920721532063677]
["2018-02-21",869703.25,3.53,0.57231506849315061,2.1917808219178082E-2,2.3710393088215169,889871,1.1499999999999999,0.57231506849315061,2.1917808219178082E-2,0.98002968969659643]
["2018-02-22",873842,2.4700000000000002,0.57231506849315061,2.1917808219178082E-2,1.7532917850137668,893661,0.4,0.57231506849315061,2.1917808219178082E-2,0.55625119592328642]
["2018-02-23",866953.5,1.52,0.57231506849315061,2.1917808219178082E-2,1.2193265155936763,877353.5,1.07,0.57231506849315061,2.1917808219178082E-2,0.94841990804167997]
["2018-02-24",780864.08333333337,2.76,0.57231506849315061,2.1917808219178082E-2,2.1477491599049259,768353,0.46,0.57231506849315061,2.1917808219178082E-2,0.68601280921659713]
["2018-02-25",773235.41666666663,2.08,0.57231506849315061,2.1917808219178082E-2,1.7292285010378476,764106.5,0.56000000000000005,0.57231506849315061,2.1917808219178082E-2,0.75526170452790586]
["2018-02-26",913589.08333333337,1.84,0.57231506849315061,2.1917808219178082E-2,1.3322183169893684,929521,1.1100000000000001,0.57231506849315061,2.1917808219178082E-2,0.91670871341260718]
["2018-02-27",934197,1.99,0.57231506849315061,2.1917808219178082E-2,1.3831129836640452,958343.5,4.78,0.57231506849315061,2.1917808219178082E-2,2.803899226165135]
["2018-02-28",947292.66666666663,2.4,0.57231506849315061,2.1917808219178082E-2,1.5803980394661419,943834.5,7.39,0.57231506849315061,2.1917808219178082E-2,4.2296632670575542]
["2018-03-01",971292.58333333337,2,0.57231506849315061,2.1917808219178082E-2,1.3354363719289648,965577.5,16.760000000000002,0.57231506849315061,2.1917808219178082E-2,8.9864309253110584]
["2018-03-02",943597.83333333337,1.58,0.57231506849315061,2.1917808219178082E-2,1.1520795932166028,952612.5,4.16,0.57231506849315061,2.1917808219178082E-2,2.4953496281802034]
["2018-03-03",851738.33333333337,1.45,0.57231506849315061,2.1917808219178082E-2,1.2000169066074309,882109,3.11,0.57231506849315061,2.1917808219178082E-2,2.0996271435842964]
["2018-03-04",832684.25,1.08,0.57231506849315061,2.1917808219178082E-2,1.0053033323565723,846688,2.65,0.57231506849315061,2.1917808219178082E-2,1.9158178691560528]
["2018-03-05",916218.83333333337,1.19,0.57231506849315061,2.1917808219178082E-2,0.97367550771158418,917335,1.39,0.57231506849315061,2.1917808219178082E-2,1.0815023955261709]
["2018-03-06",897451.83333333337,2.4300000000000002,0.57231506849315061,2.1917808219178082E-2,{"$f":"BSUoS_per_SP(B1072,C1072,D1072,E1072)","v":1.6848811969888084},899044.5,2.11,0.57231506849315061,2.1917808219178082E-2,{"$f":"BSUoS_per_SP(G1072,H1072,I1072,J1072)","v":1.5039308420944915}]
["2018-03-07",885405.16666666663,3.26,0.57231506849315061,2.1917808219178082E-2,2.1765180905913111,884819,1.77,0.57231506849315061,2.1917808219178082E-2,1.3359794489042391]
["2018-03-08",888165.33333333337,5.2,0.57231506849315061,2.1917808219178082E-2,3.2618939048487614,866608,1.58,0.57231506849315061,2.1917808219178082E-2,1.2544310691800675]
["2018-03-09",879482.41666666663,2.13,0.57231506849315061,2.1917808219178082E-2,1.5487525611666868,878431,1.36,0.57231506849315061,2.1917808219178082E-2,1.1123241324588955]
["2018-03-10",747944.25,1.95,0.57231506849315061,2.1917808219178082E-2,1.7007957815023584,755293.5,1.32,0.57231506849315061,2.1917808219178082E-2,1.2671886709016622]
["2018-03-11",734981.91666666663,1.4,0.57231506849315061,2.1917808219178082E-2,1.3566318630932457,744536,0.74,0.57231506849315061,2.1917808219178082E-2,0.89599428368809564]
["2018-03-12",866046.16666666663,1.28,0.57231506849315061,2.1917808219178082E-2,1.0820441408424033,868178,1.21,0.57231506849315061,2.1917808219178082E-2,1.03907263257074]
["2018-03-13",846826.33333333337,2.66,0.57231506849315061,2.1917808219178082E-2,1.9214100653499067,857411.5,0.57999999999999996,0.57231506849315061,2.1917808219178082E-2,0.68473499321213138]
["2018-03-14",803223,3.35,0.57231506849315061,2.1917808219178082E-2,2.4552334781250038,798320,2.21,0.57231506849315061,2.1917808219178082E-2,1.7563132578414671]
["2018-03-15",813932.33333333337,5.26,0.57231506849315061,2.1917808219178082E-2,3.5962463694755824,811557,5.95,0.57231506849315061,2.1917808219178082E-2,4.0318794613317364]
["2018-03-16",774039.58333333337,2.06,0.57231506849315061,2.1917808219178082E-2,1.7145108779908016,784283,3.62,0.57231506849315061,2.1917808219178082E-2,2.6866577498173494]
["2018-03-17",745319.25,1.52,0.57231506849315061,2.1917808219178082E-2,1.4183188674916378,771093.5,3.83,0.57231506849315061,2.1917808219178082E-2,2.8687812380851101]
["2018-03-18",764646.25,1.19,0.57231506849315061,2.1917808219178082E-2,1.1666836679980017,812896,3.13,0.57231506849315061,2.1917808219178082E-2,2.2906989331968663]
["2018-03-19",868254.41666666663,1.22,0.57231506849315061,2.1917808219178082E-2,1.0447403639948678,892602.5,0.9,0.57231506849315061,2.1917808219178082E-2,0.83699117859919658]
["2018-03-20",881827.83333333337,2.06,0.57231506849315061,2.1917808219178082E-2,1.5049420068312642,906591,1.32,0.57231506849315061,2.1917808219178082E-2,1.0557131054687285]
["2018-03-21",869782.08333333337,3.13,0.57231506849315061,2.1917808219178082E-2,2.1408812782973206,845239,1.78,0.57231506849315061,2.1917808219178082E-2,1.4044548346680643]
["2018-03-22",818939.58333333337,6.17,0.57231506849315061,2.1917808219178082E-2,4.1298507827191244,828182,1.51,0.57231506849315061,2.1917808219178082E-2,1.2703729373495198]
["2018-03-23",783672.5,2.5499999999999998,0.57231506849315061,2.1917808219178082E-2,2.0060688655457897,781618.5,2.2599999999999998,0.57231506849315061,2.1917808219178082E-2,1.825827961996781]
["2018-03-24",766294.91666666663,2.1800000000000002,0.57231506849315061,{"$f":"forecast_BSIS_profit_per_year/days_per_year","v":2.1917808219178082E-2},1.8101383931775623,771776,1.01,0.57231506849315061,{"$f":"forecast_BSIS_profit_per_year/days_per_year","v":2.1917808219178082E-2},1.0392911932996103]
["2018-03-25",658258.08333333337,1.77,0.57231506849315061,2.1917808219178082E-2,1.7958004308341107,700475.5,1.26,0.57231506849315061,2.1917808219178082E-2,1.3235285719996117]
["2018-03-26",794680.58333333337,1.1499999999999999,0.57231506849315061,2.1917808219178082E-2,1.0974214810722793,801346.5,0.62,0.57231506849315061,2.1917808219178082E-2,0.75760033743227018]
["2018-03-27",797540.75,2.2000000000000002,0.57231506849315061,2.1917808219178082E-2,1.7517594706729811,null,2.5499999999999998,0.57231506849315061,2.1917808219178082E-2,0]
["2018-03-28",839287.66666666663,3.29,0.57231506849315061,2.1917808219178082E-2,2.313985187444596,null,0.81,0.57231506849315061,2.1917808219178082E-2,0]
["2018-03-29",784158.83333333337,6.45,0.57231506849315061,2.1917808219178082E-2,4.4915635732039041,null,1.33,0.57231506849315061,2.1917808219178082E-2,0]
["2018-03-30",715653.75,2.85,0.57231506849315061,2.1917808219178082E-2,2.4063304334217372,null,1.95,0.57231506849315061,2.1917808219178082E-2,0]
["2018-03-31",697170.08333333337,2.3199999999999998,0.57231506849315061,2.1917808219178082E-2,2.0900210852446319,null,2.16,0.57231506849315061,2.1917808219178082E-2,0]
["2018-04-01",700127.66666666698,1.94,0.57231506849315061,2.1917808219178082E-2,1.8098119201060376,null,0,0.57231506849315061,2.1917808219178082E-2,0]
["2018-04-02",700128.66666666698,1.03,0.57231506849315061,2.1917808219178082E-2,1.1599290987803677,null,0,0.57231506849315061,2.1917808219178082E-2,0]
["2018-04-03",700129.66666666698,1.64,0.57231506849315061,2.1917808219178082E-2,1.5955608244183224,778839.5,0,0.57231506849315061,2.1917808219178082E-2,0.38146474243747114]
["2018-04-04",700130.66666666698,1.64,{"$f":"internal_BSUoS_cost_per_year/days_per_year+black_start_contract_costs_per_day","v":0.57231506849315061},2.1917808219178082E-2,1.5955585454722045,793026,0,{"$f":"internal_BSUoS_cost_per_year/days_per_year+black_start_contract_costs_per_day","v":0.57231506849315061},2.1917808219178082E-2,0.37464093232756557]
["2018-04-05",700131.66666666698,2.59,0.57231506849315061,2.1917808219178082E-2,2.2739997600452484,755293,0,0.57231506849315061,2.1917808219178082E-2,0.39335727989005592]
["2018-04-06",700132.66666666698,2.2999999999999998,0.57231506849315061,2.1917808219178082E-2,2.0668930046148373,720601,0,0.57231506849315061,2.1917808219178082E-2,0.41229473730955135]
["2018-04-07",700133.66666666698,2.08,0.57231506849315061,2.1917808219178082E-2,1.9097772712080832,712430.5,0,0.57231506849315061,2.1917808219178082E-2,0.41702342686299004]
["2018-04-08",700134.66666666698,1.28,0.57231506849315061,2.1917808219178082E-2,1.3384561548844152,706875.5,0,0.57231506849315061,2.1917808219178082E-2,0.42030002433241476]
["2018-04-09",700135.66666666698,0.68,0.57231506849315061,2.1917808219178082E-2,0.90996606373618849,804246,0,0.57231506849315061,2.1917808219178082E-2,0.36941433342534502]
["2018-04-10",700136.66666666698,1.1100000000000001,0.57231506849315061,2.1917808219178082E-2,1.2170475206995204,800392.5,0,0.57231506849315061,2.1917808219178082E-2,0.371193115373467]
["2018-04-11",700137.66666666698,1.2,0.57231506849315061,2.1917808219178082E-2,1.2813188257172157,806684,0,0.57231506849315061,2.1917808219178082E-2,0.36829787128541042]
["2018-04-12",700138.66666666698,2.2000000000000002,0.57231506849315061,2.1917808219178082E-2,1.9954609013353064,813685.5,0,0.57231506849315061,2.1917808219178082E-2,0.36512856310665293]
["2018-04-13",700139.66666666698,1.96,0.57231506849315061,2.1917808219178082E-2,1.824063758676836,819758.5,0,0.57231506849315061,2.1917808219178082E-2,0.36242403245835969]
["2018-04-14",700140.66666666698,1.75,0.57231506849315061,2.1917808219178082E-2,1.674091361597164,670595.5,0,0.57231506849315061,2.1917808219178082E-2,0.44303872972698916]
["2018-04-15",700141.66666666698,1.1000000000000001,0.57231506849315061,2.1917808219178082E-2,1.2098974208089217,659008.5,0,0.57231506849315061,2.1917808219178082E-2,0.45082912498786054]
["2018-04-16",700142.66666666698,0.38,0.57231506849315061,2.1917808219178082E-2,0.69571501821770698,703313.5,0,0.57231506849315061,2.1917808219178082E-2,0.42242867339481371]
["2018-04-17",700143.66666666698,0.97,0.57231506849315061,2.1917808219178082E-2,1.117055919925044,693743.5,0,0.57231506849315061,2.1917808219178082E-2,0.42825595608754818]
["2018-04-18",657101,0.65,0.57231506849315061,2.1917808219178082E-2,0.94673421589679518,671071,0,0.57231506849315061,2.1917808219178082E-2,0.44272513638646288]
["2018-04-19",663262,0.71,0.57231506849315061,2.1917808219178082E-2,0.98317105457571818,687685.5,0,0.57231506849315061,2.1917808219178082E-2,0.43202857117928822]
["2018-04-20",675034.5,1.05,0.57231506849315061,2.1917808219178082E-2,1.217864581635888,672576,0,0.57231506849315061,2.1917808219178082E-2,0.44173446569607006]
["2018-04-21",596432.33333333337,0.79,0.57231506849315061,2.1917808219178082E-2,1.1604005150629075,600885,0,0.57231506849315061,2.1917808219178082E-2,0.49443737154363981]
["2018-04-22",576466,0.31,0.57231506849315061,2.1917808219178082E-2,0.7842613441209022,570079.5,0,0.57231506849315061,2.1917808219178082E-2,0.52115492562447374]
["2018-04-23",700149.66666666698,0.16,0.57231506849315061,2.1917808219178082E-2,0.53859887167035636,648710.5,0,0.57231506849315061,2.1917808219178082E-2,0.45798584883846405]
["2018-04-24",700150.66666666698,0.64,0.57231506849315061,2.1917808219178082E-2,0.88138130203341858,719486,0,0.57231506849315061,2.1917808219178082E-2,0.41293367765321354]
["2018-04-25",700151.66666666698,0.2,0.57231506849315061,2.1917808219178082E-2,0.56716255898719137,675361,0,0.57231506849315061,2.1917808219178082E-2,0.43991287622471542]
["2018-04-26",700152.66666666698,0.33,0.57231506849315061,2.1917808219178082E-2,0.65999860030593316,665945.5,0,0.57231506849315061,2.1917808219178082E-2,0.44613226898277042]
["2018-04-27",700153.66666666698,0.49,0.57231506849315061,2.1917808219178082E-2,0.77425823461695575,768776,0,0.57231506849315061,2.1917808219178082E-2,0.38645847424997659]
["2018-04-28",700154.66666666698,0.54,0.57231506849315061,2.1917808219178082E-2,0.80996350808035367,693649,0,0.57231506849315061,2.1917808219178082E-2,0.42831460868537258]
["2018-04-29",649538,0,0.57231506849315061,2.1917808219178082E-2,0.45740203036619875,null,0,0.57231506849315061,2.1917808219178082E-2,0]
["2018-04-30",742666.16666666663,0,0.57231506849315061,2.1917808219178082E-2,0.40004524241045103,null,0,0.57231506849315061,2.1917808219178082E-2,0]
["2018-05-01",744455.41666666663,0,0.57231506849315061,2.1917808219178082E-2,0.39908389358658347,702100.5,0,0.57231506849315061,2.1917808219178082E-2,0.42315909414613306]
["2018-05-02",735574.41666666663,0,0.57231506849315061,2.1917808219178082E-2,0.40390225864426965,711853.5,0,0.57231506849315061,2.1917808219178082E-2,0.41736086332309719]
["2018-05-03",717547.08333333337,0,0.57231506849315061,2.1917808219178082E-2,0.41404953264385469,709644.5,0,0.57231506849315061,2.1917808219178082E-2,0.41866062420030326]
["2018-05-04",700160.66666666698,0,0.57231506849315061,2.1917808219178082E-2,0.42433097530425146,699366.5,0,0.57231506849315061,2.1917808219178082E-2,0.4248133309311577]
["2018-05-05",700161.66666666698,0,0.57231506849315061,2.1917808219178082E-2,0.42433036925740047,573432,0,0.57231506849315061,2.1917808219178082E-2,0.51810851155847604]
["2018-05-06",700162.66666666698,0,0.57231506849315061,2.1917808219178082E-2,0.42432976321228061,541675.5,0,0.57231506849315061,2.1917808219178082E-2,0.54848285691077325]
["2018-05-07",700163.66666666698,0,0.57231506849315061,2.1917808219178082E-2,0.42432915716889186,574133,0,0.57231506849315061,2.1917808219178082E-2,0.51747591585921726]
["2018-05-08",700164.66666666698,0,0.57231506849315061,2.1917808219178082E-2,0.42432855112723433,662744,0,0.57231506849315061,2.1917808219178082E-2,0.44828772497374553]
["2018-05-09",700165.66666666698,0,0.57231506849315061,2.1917808219178082E-2,{"$f":"BSUoS_per_SP(B1136,C1136,D1136,E1136)","v":0.42432794508730787},666391.5,0,0.57231506849315061,2.1917808219178082E-2,{"$f":"BSUoS_per_SP(G1136,H1136,I1136,J1136)","v":0.44583368347759278}]
["2018-05-10",700166.66666666698,0,0.57231506849315061,2.1917808219178082E-2,0.42432733904911257,651993,0,0.57231506849315061,2.1917808219178082E-2,0.45567973889290225]
["2018-05-11",700167.66666666698,0,0.57231506849315061,2.1917808219178082E-2,0.42432673301264839,639878.5,0,0.57231506849315061,2.1917808219178082E-2,0.46430725857116517]
["2018-05-12",700168.66666666698,0,0.57231506849315061,2.1917808219178082E-2,0.42432612697791533,627895.5,0,0.57231506849315061,2.1917808219178082E-2,0.47316753092868885]
["2018-05-13",700169.66666666698,0,0.57231506849315061,2.1917808219178082E-2,0.42432552094491338,580509.5,0,0.57231506849315061,2.1917808219178082E-2,0.51179135587672908]
["2018-05-14",700170.66666666698,0,0.57231506849315061,2.1917808219178082E-2,0.42432491491364255,645430.5,0,0.57231506849315061,2.1917808219178082E-2,0.46031327951908035]
["2018-05-15",700171.66666666698,0,0.57231506849315061,2.1917808219178082E-2,0.42432430888410277,656159,0,0.57231506849315061,2.1917808219178082E-2,0.45278659593177878]
["2018-05-16",682232.25,0,0.57231506849315061,2.1917808219178082E-2,0.435482357907574,675198.5,0,0.57231506849315061,2.1917808219178082E-2,0.44001907588588829]
["2018-05-17",649931,0,0.57231506849315061,2.1917808219178082E-2,0.45712544870147759,661251.5,0,0.57231506849315061,2.1917808219178082E-2,0.44929920816874658]
["2018-05-18",667959.33333333337,0,0.57231506849315061,2.1917808219178082E-2,0.44478777889062054,661001.5,0,0.57231506849315061,2.1917808219178082E-2,0.44946913927643184]
["2018-05-19",564274.08333333337,0,0.57231506849315061,2.1917808219178082E-2,0.52651725934563709,560684.5,0,0.57231506849315061,2.1917808219178082E-2,0.52988849334027721]
["2018-05-20",535436.83333333337,0,0.57231506849315061,2.1917808219178082E-2,0.55487386938145855,535724.5,0,0.57231506849315061,2.1917808219178082E-2,0.55457661034413241]
["2018-05-21",642757.16666666663,0,0.57231506849315061,2.1917808219178082E-2,0.46222756033773266,654515.5,0,0.57231506849315061,2.1917808219178082E-2,0.45392320432197231]
["2018-05-22",647886.5,0,0.57231506849315061,2.1917808219178082E-2,0.45856832837875799,623804,0,0.57231506849315061,2.1917808219178082E-2,0.4762713929375253]
["2018-05-23",653552.33333333337,0,0.57231506849315061,2.1917808219178082E-2,0.45459274854946508,642349,0,0.57231506849315061,2.1917808219178082E-2,0.46252115283124906]
["2018-05-24",668097.25,0,0.57231506849315061,2.1917808219178082E-2,0.4446959049359599,681239.5,0,0.57231506849315061,2.1917808219178082E-2,0.43611649345311493]
["2018-05-25",700181.66666666698,0,0.57231506849315061,2.1917808219178082E-2,0.42431824868391366,676571,0,0.57231506849315061,2.1917808219178082E-2,0.43912612275725682]
["2018-05-26",700182.66666666698,0,0.57231506849315061,2.1917808219178082E-2,0.42431764267341537,544632,0,0.57231506849315061,2.1917808219178082E-2,0.54550595631545706]
["2018-05-27",700183.66666666698,0,0.57231506849315061,{"$f":"forecast_BSIS_profit_per_year/days_per_year","v":2.1917808219178082E-2},0.42431703666464815,532637,0,0.57231506849315061,{"$f":"forecast_BSIS_profit_per_year/days_per_year","v":2.1917808219178082E-2},0.5577907655682951]
["2018-05-28",700184.66666666698,0,0.57231506849315061,2.1917808219178082E-2,0.42431643065761193,574508.5,0,0.57231506849315061,2.1917808219178082E-2,0.51713814254979917]
["2018-05-29",700185.66666666698,0,0.57231506849315061,2.1917808219178082E-2,0.42431582465230672,655351.5,0,0.57231506849315061,2.1917808219178082E-2,0.45334415703316694]
["2018-05-30",700186.66666666698,0,0.57231506849315061,2.1917808219178082E-2,0.42431521864873245,695912,0,0.57231506849315061,2.1917808219178082E-2,0.42692179470967595]
["2018-05-31",700187.66666666698,0,0.57231506849315061,2.1917808219178082E-2,0.42431461264688913,693152,0,0.57231506849315061,2.1917808219178082E-2,0.42862171644891744]
["2018-06-01",670017.83333333337,0,0.57231506849315061,2.1917808219178082E-2,0.4434209230199786,null,0,0.57231506849315061,2.1917808219178082E-2,0]
["2018-06-02",583619.83333333337,0,0.57231506849315061,2.1917808219178082E-2,0.50906411706247223,null,0,0.57231506849315061,2.1917808219178082E-2,0]
["2018-06-03",585620.83333333337,0,0.57231506849315061,2.1917808219178082E-2,0.50732470317833556,null,0,0.57231506849315061,2.1917808219178082E-2,0]
["2018-06-04",677971.41666666663,0,0.57231506849315061,2.1917808219178082E-2,0.43821933386531287,null,0,0.57231506849315061,2.1917808219178082E-2,0]
["2018-06-05",678063,0,0.57231506849315061,2.1917808219178082E-2,0.43815987599972278,null,0,0.57231506849315061,2.1917808219178082E-2,0]
["2018-06-06",700193.66666666698,0,0.57231506849315061,2.1917808219178082E-2,0.42431097667217943,null,0,0.57231506849315061,2.1917808219178082E-2,0]
["2018-06-07",700194.66666666698,0,{"$f":"internal_BSUoS_cost_per_year/days_per_year+black_start_contract_costs_per_day","v":0.57231506849315061},2.1917808219178082E-2,0.42431037068245275,null,0,{"$f":"internal_BSUoS_cost_per_year/days_per_year+black_start_contract_costs_per_day","v":0.57231506849315061},2.1917808219178082E-2,0]
["2018-06-08",700195.66666666698,0,0.57231506849315061,2.1917808219178082E-2,0.42430976469445703,null,0,0.57231506849315061,2.1917808219178082E-2,0]
["2018-06-09",700196.66666666698,0,0.57231506849315061,2.1917808219178082E-2,0.42430915870819214,null,0,0.57231506849315061,2.1917808219178082E-2,0]
["2018-06-10",700197.66666666698,0,0.57231506849315061,2.1917808219178082E-2,0.42430855272365819,null,0,0.57231506849315061,2.1917808219178082E-2,0]
["2018-06-11",700198.66666666698,0,0.57231506849315061,2.1917808219178082E-2,0.42430794674085515,null,0,0.57231506849315061,2.1917808219178082E-2,0]
["2018-06-12",700199.66666666698,0,0.57231506849315061,2.1917808219178082E-2,0.42430734075978294,null,0,0.57231506849315061,2.1917808219178082E-2,0]
["2018-06-13",700200.66666666698,0,0.57231506849315061,2.1917808219178082E-2,0.42430673478044162,null,0,0.57231506849315061,2.1917808219178082E-2,0]
["2018-06-14",700201.66666666698,0,0.57231506849315061,2.1917808219178082E-2,0.4243061288028312,null,0,0.57231506849315061,2.1917808219178082E-2,0]
["2018-06-15",700202.66666666698,0,0.57231506849315061,2.1917808219178082E-2,0.42430552282695161,null,0,0.57231506849315061,2.1917808219178082E-2,0]
["2018-06-16",700203.66666666698,0,0.57231506849315061,2.1917808219178082E-2,0.42430491685280292,null,0,0.57231506849315061,2.1917808219178082E-2,0]
["2018-06-17",700204.66666666698,0,0.57231506849315061,2.1917808219178082E-2,0.42430431088038506,null,0,0.57231506849315061,2.1917808219178082E-2,0]
["2018-06-18",700205.66666666698,0,0.57231506849315061,2.1917808219178082E-2,0.42430370490969804,null,0,0.57231506849315061,2.1917808219178082E-2,0]
["2018-06-19",700206.66666666698,0,0.57231506849315061,2.1917808219178082E-2,0.42430309894074181,null,0,0.57231506849315061,2.1917808219178082E-2,0]
["2018-06-20",700207.66666666698,null,0.57231506849315061,2.1917808219178082E-2,0.42430249297351647,null,0,0.57231506849315061,2.1917808219178082E-2,0]
["2018-06-21",700208.66666666698,null,0.57231506849315061,2.1917808219178082E-2,0.42430188700802191,null,0,0.57231506849315061,2.1917808219178082E-2,0]
["2018-06-22",700209.66666666698,null,0.57231506849315061,2.1917808219178082E-2,0.42430128104425818,null,0,0.57231506849315061,2.1917808219178082E-2,0]
["2018-06-23",700210.66666666698,null,0.57231506849315061,2.1917808219178082E-2,0.42430067508222524,null,0,0.57231506849315061,2.1917808219178082E-2,0]
["2018-06-24",700211.66666666698,null,0.57231506849315061,2.1917808219178082E-2,0.42430006912192308,null,0,0.57231506849315061,2.1917808219178082E-2,0]
["2018-06-25",700212.66666666698,null,0.57231506849315061,2.1917808219178082E-2,0.42429946316335176,null,0,0.57231506849315061,2.1917808219178082E-2,0]
["2018-06-26",700213.66666666698,null,0.57231506849315061,2.1917808219178082E-2,0.42429885720651117,null,0,0.57231506849315061,2.1917808219178082E-2,0]
["2018-06-27",700214.66666666698,null,0.57231506849315061,2.1917808219178082E-2,0.42429825125140136,null,0,0.57231506849315061,2.1917808219178082E-2,0]
["2018-06-28",700215.66666666698,null,0.57231506849315061,2.1917808219178082E-2,0.42429764529802233,null,0,0.57231506849315061,2.1917808219178082E-2,0]
["2018-06-29",700216.66666666698,null,0.57231506849315061,2.1917808219178082E-2,0.42429703934637408,null,0,0.57231506849315061,2.1917808219178082E-2,0]
["2018-06-30",700217.66666666698,null,0.57231506849315061,2.1917808219178082E-2,0.42429643339645656,null,0,0.57231506849315061,2.1917808219178082E-2,0]
["2018-07-01",700218.66666666698,null,0.57231506849315061,2.1917808219178082E-2,0.42429582744826977,null,0,0.57231506849315061,2.1917808219178082E-2,0]
["2018-07-02",700219.66666666698,null,0.57231506849315061,2.1917808219178082E-2,0.42429522150181376,null,0,0.57231506849315061,2.1917808219178082E-2,0]
["2018-07-03",700220.66666666698,null,0.57231506849315061,2.1917808219178082E-2,0.42429461555708842,null,0,0.57231506849315061,2.1917808219178082E-2,0]
["2018-07-04",700221.66666666698,null,0.57231506849315061,2.1917808219178082E-2,0.42429400961409386,null,0,0.57231506849315061,2.1917808219178082E-2,0]
["2018-07-05",700222.66666666698,null,0.57231506849315061,2.1917808219178082E-2,0.42429340367282997,null,0,0.57231506849315061,2.1917808219178082E-2,0]
["2018-07-06",700223.66666666698,null,0.57231506849315061,2.1917808219178082E-2,0.42429279773329681,null,0,0.57231506849315061,2.1917808219178082E-2,0]
["2018-07-07",700224.66666666698,null,0.57231506849315061,2.1917808219178082E-2,0.42429219179549432,null,0,0.57231506849315061,2.1917808219178082E-2,0]
["2018-07-08",700225.66666666698,null,0.57231506849315061,2.1917808219178082E-2,0.42429158585942256,null,0,0.57231506849315061,2.1917808219178082E-2,0]
["2018-07-09",700226.66666666698,null,0.57231506849315061,2.1917808219178082E-2,0.42429097992508147,null,0,0.57231506849315061,2.1917808219178082E-2,0]
["2018-07-10",700227.66666666698,null,0.57231506849315061,2.1917808219178082E-2,0.42429037399247105,null,0,0.57231506849315061,2.1917808219178082E-2,0]
["2018-07-11",700228.66666666698,null,0.57231506849315061,2.1917808219178082E-2,0.4242897680615913,null,0,0.57231506849315061,2.1917808219178082E-2,0]
["2018-07-12",700229.66666666698,null,0.57231506849315061,2.1917808219178082E-2,{"$f":"BSUoS_per_SP(B1200,C1200,D1200,E1200)","v":0.42428916213244222},null,0,0.57231506849315061,2.1917808219178082E-2,{"$f":"BSUoS_per_SP(G1200,H1200,I1200,J1200)","v":0}]
["2018-07-13",700230.66666666698,null,0.57231506849315061,2.1917808219178082E-2,0.42428855620502381,null,0,0.57231506849315061,2.1917808219178082E-2,0]
["2018-07-14",700231.66666666698,null,0.57231506849315061,2.1917808219178082E-2,0.42428795027933602,null,0,0.57231506849315061,2.1917808219178082E-2,0]
["2018-07-15",700232.66666666698,null,0.57231506849315061,2.1917808219178082E-2,0.42428734435537885,null,0,0.57231506849315061,2.1917808219178082E-2,0]
["2018-07-16",700233.66666666698,null,0.57231506849315061,2.1917808219178082E-2,0.42428673843315234,null,0,0.57231506849315061,2.1917808219178082E-2,0]
["2018-07-17",700234.66666666698,null,0.57231506849315061,2.1917808219178082E-2,0.42428613251265651,null,0,0.57231506849315061,2.1917808219178082E-2,0]
["2018-07-18",700235.66666666698,null,0.57231506849315061,2.1917808219178082E-2,0.42428552659389124,null,0,0.57231506849315061,2.1917808219178082E-2,0]
["2018-07-19",700236.66666666698,null,0.57231506849315061,2.1917808219178082E-2,0.42428492067685658,null,0,0.57231506849315061,2.1917808219178082E-2,0]
["2018-07-20",700237.66666666698,null,0.57231506849315061,2.1917808219178082E-2,0.42428431476155254,null,0,0.57231506849315061,2.1917808219178082E-2,0]
["2018-07-21",700238.66666666698,null,0.57231506849315061,2.1917808219178082E-2,0.42428370884797906,null,0,0.57231506849315061,2.1917808219178082E-2,0]
["2018-07-22",700239.66666666698,null,0.57231506849315061,2.1917808219178082E-2,0.42428310293613619,null,0,0.57231506849315061,2.1917808219178082E-2,0]
["2018-07-23",700240.66666666698,null,0.57231506849315061,2.1917808219178082E-2,0.42428249702602394,null,0,0.57231506849315061,2.1917808219178082E-2,0]
["2018-07-24",700241.66666666698,null,0.57231506849315061,2.1917808219178082E-2,0.4242818911176422,null,0,0.57231506849315061,2.1917808219178082E-2,0]
["2018-07-25",700242.66666666698,null,0.57231506849315061,2.1917808219178082E-2,0.42428128521099107,null,0,0.57231506849315061,2.1917808219178082E-2,0]
["2018-07-26",700243.66666666698,null,0.57231506849315061,2.1917808219178082E-2,0.4242806793060705,null,0,0.57231506849315061,2.1917808219178082E-2,0]
["2018-07-27",700244.66666666698,null,0.57231506849315061,2.1917808219178082E-2,0.42428007340288043,null,0,0.57231506849315061,2.1917808219178082E-2,0]
["2018-07-28",700245.66666666698,null,0.57231506849315061,2.1917808219178082E-2,0.42427946750142093,null,0,0.57231506849315061,2.1917808219178082E-2,0]
["2018-07-29",700246.66666666698,null,0.57231506849315061,2.1917808219178082E-2,0.42427886160169198,null,0,0.57231506849315061,2.1917808219178082E-2,0]
["2018-07-30",700247.66666666698,null,0.57231506849315061,{"$f":"forecast_BSIS_profit_per_year/days_per_year","v":2.1917808219178082E-2},0.4242782557036936,null,0,0.57231506849315061,{"$f":"forecast_BSIS_profit_per_year/days_per_year","v":2.1917808219178082E-2},0]
["2018-07-31",700248.66666666698,null,0.57231506849315061,2.1917808219178082E-2,0.42427764980742566,null,0,0.57231506849315061,2.1917808219178082E-2,0]
["2018-08-01",700249.66666666698,null,0.57231506849315061,2.1917808219178082E-2,0.42427704391288829,null,0,0.57231506849315061,2.1917808219178082E-2,0]
["2018-08-02",700250.66666666698,null,0.57231506849315061,2.1917808219178082E-2,0.42427643802008141,null,0,0.57231506849315061,2.1917808219178082E-2,0]
["2018-08-03",700251.66666666698,null,0.57231506849315061,2.1917808219178082E-2,0.42427583212900499,null,0,0.57231506849315061,2.1917808219178082E-2,0]
["2018-08-04",700252.66666666698,null,0.57231506849315061,2.1917808219178082E-2,0.42427522623965913,null,0,0.57231506849315061,2.1917808219178082E-2,0]
["2018-08-05",700253.66666666698,null,0.57231506849315061,2.1917808219178082E-2,0.42427462035204372,null,0,0.57231506849315061,2.1917808219178082E-2,0]
["2018-08-06",700254.66666666698,null,0.57231506849315061,2.1917808219178082E-2,0.42427401446615876,null,0,0.57231506849315061,2.1917808219178082E-2,0]
["2018-08-07",700255.66666666698,null,0.57231506849315061,2.1917808219178082E-2,0.4242734085820043,null,0,0.57231506849315061,2.1917808219178082E-2,0]
["2018-08-08",700256.66666666698,null,0.57231506849315061,2.1917808219178082E-2,0.42427280269958034,null,0,0.57231506849315061,2.1917808219178082E-2,0]
["2018-08-09",700257.66666666698,null,0.57231506849315061,2.1917808219178082E-2,0.42427219681888678,null,0,0.57231506849315061,2.1917808219178082E-2,0]
["2018-08-10",700258.66666666698,null,{"$f":"internal_BSUoS_cost_per_year/days_per_year+black_start_contract_costs_per_day","v":0.57231506849315061},2.1917808219178082E-2,0.42427159093992367,null,0,{"$f":"internal_BSUoS_cost_per_year/days_per_year+black_start_contract_costs_per_day","v":0.57231506849315061},2.1917808219178082E-2,0]
["2018-08-11",700259.66666666698,null,0.57231506849315061,2.1917808219178082E-2,0.42427098506269101,null,0,0.57231506849315061,2.1917808219178082E-2,0]
["2018-08-12",700260.66666666698,null,0.57231506849315061,2.1917808219178082E-2,0.4242703791871888,null,0,0.57231506849315061,2.1917808219178082E-2,0]
["2018-08-13",700261.66666666698,null,0.57231506849315061,2.1917808219178082E-2,0.42426977331341698,null,0,0.57231506849315061,2.1917808219178082E-2,0]
["2018-08-14",700262.66666666698,null,0.57231506849315061,2.1917808219178082E-2,0.42426916744137561,null,0,0.57231506849315061,2.1917808219178082E-2,0]
["2018-08-15",700263.66666666698,null,0.57231506849315061,2.1917808219178082E-2,0.42426856157106463,null,0,0.57231506849315061,2.1917808219178082E-2,0]
["2018-08-16",700264.66666666698,null,0.57231506849315061,2.1917808219178082E-2,0.4242679557024841,null,0,0.57231506849315061,2.1917808219178082E-2,0]
["2018-08-17",700265.66666666698,null,0.57231506849315061,2.1917808219178082E-2,0.42426734983563391,null,0,0.57231506849315061,2.1917808219178082E-2,0]
["2018-08-18",700266.66666666698,null,0.57231506849315061,2.1917808219178082E-2,0.42426674397051412,null,0,0.57231506849315061,2.1917808219178082E-2,0]
["2018-08-19",700267.66666666698,null,0.57231506849315061,2.1917808219178082E-2,0.42426613810712471,null,0,0.57231506849315061,2.1917808219178082E-2,0]
["2018-08-20",700268.66666666698,null,0.57231506849315061,2.1917808219178082E-2,0.4242655322454657,null,0,0.57231506849315061,2.1917808219178082E-2,0]
["2018-08-21",700269.66666666698,null,0.57231506849315061,2.1917808219178082E-2,0.42426492638553703,null,0,0.57231506849315061,2.1917808219178082E-2,0]
["2018-08-22",700270.66666666698,null,0.57231506849315061,2.1917808219178082E-2,0.4242643205273387,null,0,0.57231506849315061,2.1917808219178082E-2,0]
["2018-08-23",700271.66666666698,null,0.57231506849315061,2.1917808219178082E-2,0.42426371467087076,null,0,0.57231506849315061,2.1917808219178082E-2,0]
["2018-08-24",700272.66666666698,null,0.57231506849315061,2.1917808219178082E-2,0.42426310881613316,null,0,0.57231506849315061,2.1917808219178082E-2,0]
["2018-08-25",700273.66666666698,null,0.57231506849315061,2.1917808219178082E-2,0.4242625029631259,null,0,0.57231506849315061,2.1917808219178082E-2,0]
["2018-08-26",700274.66666666698,null,0.57231506849315061,2.1917808219178082E-2,0.42426189711184892,null,0,0.57231506849315061,2.1917808219178082E-2,0]
["2018-08-27",700275.66666666698,null,0.57231506849315061,2.1917808219178082E-2,0.42426129126230233,null,0,0.57231506849315061,2.1917808219178082E-2,0]
["2018-08-28",700276.66666666698,null,0.57231506849315061,2.1917808219178082E-2,0.42426068541448603,null,0,0.57231506849315061,2.1917808219178082E-2,0]
["2018-08-29",700277.66666666698,null,0.57231506849315061,2.1917808219178082E-2,0.42426007956840001,null,0,0.57231506849315061,2.1917808219178082E-2,0]
["2018-08-30",700278.66666666698,null,0.57231506849315061,2.1917808219178082E-2,0.42425947372404432,null,0,0.57231506849315061,2.1917808219178082E-2,0]
["2018-08-31",700279.66666666698,null,0.57231506849315061,2.1917808219178082E-2,0.42425886788141887,null,0,0.57231506849315061,2.1917808219178082E-2,0]
["2018-09-01",700280.66666666698,null,0.57231506849315061,2.1917808219178082E-2,0.42425826204052375,null,0,0.57231506849315061,2.1917808219178082E-2,0]
["2018-09-02",700281.66666666698,null,0.57231506849315061,2.1917808219178082E-2,0.42425765620135891,null,0,0.57231506849315061,2.1917808219178082E-2,0]
["2018-09-03",700282.66666666698,null,0.57231506849315061,2.1917808219178082E-2,0.4242570503639243,null,0,0.57231506849315061,2.1917808219178082E-2,0]
["2018-09-04",700283.66666666698,null,0.57231506849315061,2.1917808219178082E-2,0.42425644452821998,null,0,0.57231506849315061,2.1917808219178082E-2,0]
["2018-09-05",700284.66666666698,null,0.57231506849315061,2.1917808219178082E-2,0.42425583869424593,null,0,0.57231506849315061,2.1917808219178082E-2,0]
["2018-09-06",700285.66666666698,null,0.57231506849315061,2.1917808219178082E-2,0.42425523286200212,null,0,0.57231506849315061,2.1917808219178082E-2,0]
["2018-09-07",700286.66666666698,null,0.57231506849315061,2.1917808219178082E-2,0.42425462703148853,null,0,0.57231506849315061,2.1917808219178082E-2,0]
["2018-09-08",700287.66666666698,null,0.57231506849315061,2.1917808219178082E-2,0.42425402120270517,null,0,0.57231506849315061,2.1917808219178082E-2,0]
["2018-09-09",700288.66666666698,null,0.57231506849315061,2.1917808219178082E-2,0.42425341537565209,null,0,0.57231506849315061,2.1917808219178082E-2,0]
["2018-09-10",700289.66666666698,null,0.57231506849315061,2.1917808219178082E-2,0.42425280955032918,null,0,0.57231506849315061,2.1917808219178082E-2,0]
["2018-09-11",700290.66666666698,null,0.57231506849315061,2.1917808219178082E-2,0.4242522037267365,null,0,0.57231506849315061,2.1917808219178082E-2,0]
["2018-09-12",700291.66666666698,null,0.57231506849315061,2.1917808219178082E-2,0.42425159790487399,null,0,0.57231506849315061,2.1917808219178082E-2,0]
["2018-09-13",700292.66666666698,null,0.57231506849315061,2.1917808219178082E-2,0.42425099208474171,null,0,0.57231506849315061,2.1917808219178082E-2,0]
["2018-09-14",700293.66666666698,null,0.57231506849315061,2.1917808219178082E-2,{"$f":"BSUoS_per_SP(B1264,C1264,D1264,E1264)","v":0.4242503862663396},null,0,0.57231506849315061,2.1917808219178082E-2,{"$f":"BSUoS_per_SP(G1264,H1264,I1264,J1264)","v":0}]
["2018-09-15",700294.66666666698,null,0.57231506849315061,2.1917808219178082E-2,0.42424978044966766,null,0,0.57231506849315061,2.1917808219178082E-2,0]
["2018-09-16",700295.66666666698,null,0.57231506849315061,2.1917808219178082E-2,0.42424917463472589,null,0,0.57231506849315061,2.1917808219178082E-2,0]
["2018-09-17",700296.66666666698,null,0.57231506849315061,2.1917808219178082E-2,0.42424856882151435,null,0,0.57231506849315061,2.1917808219178082E-2,0]
["2018-09-18",700297.66666666698,null,0.57231506849315061,2.1917808219178082E-2,0.42424796301003287,null,0,0.57231506849315061,2.1917808219178082E-2,0]
["2018-09-19",700298.66666666698,null,0.57231506849315061,2.1917808219178082E-2,0.42424735720028162,null,0,0.57231506849315061,2.1917808219178082E-2,0]
["2018-09-20",700299.66666666698,null,0.57231506849315061,2.1917808219178082E-2,0.42424675139226048,null,0,0.57231506849315061,2.1917808219178082E-2,0]
["2018-09-21",700300.66666666698,null,0.57231506849315061,2.1917808219178082E-2,0.42424614558596946,null,0,0.57231506849315061,2.1917808219178082E-2,0]
["2018-09-22",700301.66666666698,null,0.57231506849315061,2.1917808219178082E-2,0.42424553978140861,null,0,0.57231506849315061,2.1917808219178082E-2,0]
["2018-09-23",700302.66666666698,null,0.57231506849315061,2.1917808219178082E-2,0.42424493397857788,null,0,0.57231506849315061,2.1917808219178082E-2,0]
["2018-09-24",700303.66666666698,null,0.57231506849315061,2.1917808219178082E-2,0.42424432817747726,null,0,0.57231506849315061,2.1917808219178082E-2,0]
["2018-09-25",700304.66666666698,null,0.57231506849315061,2.1917808219178082E-2,0.4242437223781067,null,0,0.57231506849315061,2.1917808219178082E-2,0]
["2018-09-26",700305.66666666698,null,0.57231506849315061,2.1917808219178082E-2,0.42424311658046626,null,0,0.57231506849315061,2.1917808219178082E-2,0]
["2018-09-27",700306.66666666698,null,0.57231506849315061,2.1917808219178082E-2,0.42424251078455594,null,0,0.57231506849315061,2.1917808219178082E-2,0]
["2018-09-28",700307.66666666698,null,0.57231506849315061,2.1917808219178082E-2,0.42424190499037567,null,0,0.57231506849315061,2.1917808219178082E-2,0]
["2018-09-29",700308.66666666698,null,0.57231506849315061,2.1917808219178082E-2,0.42424129919792553,null,0,0.57231506849315061,2.1917808219178082E-2,0]
["2018-09-30",700309.66666666698,null,0.57231506849315061,2.1917808219178082E-2,0.42424069340720538,null,0,0.57231506849315061,2.1917808219178082E-2,0]
["2018-10-01",700310.66666666698,null,0.57231506849315061,2.1917808219178082E-2,0.42424008761821536,null,0,0.57231506849315061,2.1917808219178082E-2,0]
["2018-10-02",700311.66666666698,null,0.57231506849315061,{"$f":"forecast_BSIS_profit_per_year/days_per_year","v":2.1917808219178082E-2},0.42423948183095539,null,0,0.57231506849315061,{"$f":"forecast_BSIS_profit_per_year/days_per_year","v":2.1917808219178082E-2},0]
["2018-10-03",700312.66666666698,null,0.57231506849315061,2.1917808219178082E-2,0.42423887604542543,null,0,0.57231506849315061,2.1917808219178082E-2,0]

{"sheet":"Constants","index":3,"n_rows":36,"n_cols":7,"rows_kept":36,"cut":false,"hidden":false,"merged":[]}
[null,"Constants:"]
[]
[null,"Constant","Value","Comment"]
[null,null,null,null,null,null,{"$f":"IF(B4=\"\",\"\",B4&\" = Range(\"&B4&\")\")","v":""}]
[null,"internal_BSUoS_cost_per_year",164,"£, millions"]
[null,"forecast_BSIS_profit_per_year",8,"£, millions"]
[null,"black_start_contract_costs_per_day",0.123,"£, millions"]
[null,"days_per_year",365]
[null,"hours_per_SP",0.5]
[]
[null,"DA_report_dir","S:\\OandT\\OptRisk\\Balancing Services\\Commercial Strategy - Prompt\\Commercial Strategy Report (Day Ahead)\\"]
[]
[null,"forecast_values_wkst","F-Values","Name of worksheet"]
[null,"forecast_values_date_col",1,"Date is in column XX"]
[null,"forecast_values_totals_col",30,"\"Overall\" cost for each day is in column XX"]
[]
[null,"outturn_values_wkst","O-Values","Name of worksheet"]
[null,"outturn_values_date_col",1,"Date is in column XX"]
[null,"outturn_values_totals_col",30,"\"Overall\" cost for each day is in column XX"]
[]
[null,"inputs_wkst","Inputs","Name of worksheet"]
[]
[null,"report_wkst","Report","Name of worksheet"]
[]
[null,"data_wkst","Data","Name of worksheet"]
[null,"data_date_col",1]
[null,"data_forecast_demand_col",2]
[null,"data_forecast_ext_col",3]
[null,"data_forecast_int_col",4]
[null,"data_forecast_BSIS_col",5]
[null,"data_forecast_BSUoS_col",6]
[null,"data_outturn_demand_col",7]
[null,"data_outturn_ext_col",8]
[null,"data_outturn_int_col",9]
[null,"data_outturn_BSIS_col",10]
[null,"data_outturn_BSUoS_col",11]

{"sheet":"Version Control","index":4,"n_rows":5,"n_cols":6,"rows_kept":5,"cut":false,"hidden":false,"merged":[]}
[null,"Version Control:"]
[]
[null,"Version","Date Implemented ","Change","Implementor","Trading Database Change & Failure Risk Register Updated "]
[null,1,"2015-05-12","Created","Robert Westmancoat","Yes"]
[null,2.1,"2017-08-23","BSUoS Internal and BSIS updated on the \"Constants\" sheet to current data, black start costs included ","Zoe Carlin","No"]